{"id":10995,"date":"2025-09-17T11:08:09","date_gmt":"2025-09-17T10:08:09","guid":{"rendered":"https:\/\/annexeromainville.com\/?page_id=10995"},"modified":"2025-09-17T11:10:13","modified_gmt":"2025-09-17T10:10:13","slug":"concert-spectacle","status":"publish","type":"page","link":"https:\/\/annexeromainville.com\/index.php\/concert-spectacle\/","title":{"rendered":"SOIR\u00c9E DE RENTR\u00c9E"},"content":{"rendered":"<h1 style=\"text-align: center;\"><strong>CONCERT, SPECTACLE<\/strong><\/h1>\n<p><a href=\"https:\/\/annexeromainville.com\/wp-content\/uploads\/2024\/10\/cie-sotto-voce.jpg\"><img loading=\"lazy\" class=\"aligncenter wp-image-10813 size-large\" src=\"https:\/\/annexeromainville.com\/wp-content\/uploads\/2024\/10\/cie-sotto-voce-1024x576.jpg\" alt=\"\" width=\"730\" height=\"411\" srcset=\"https:\/\/annexeromainville.com\/wp-content\/uploads\/2024\/10\/cie-sotto-voce-1024x576.jpg 1024w, https:\/\/annexeromainville.com\/wp-content\/uploads\/2024\/10\/cie-sotto-voce-300x169.jpg 300w, https:\/\/annexeromainville.com\/wp-content\/uploads\/2024\/10\/cie-sotto-voce-768x432.jpg 768w, https:\/\/annexeromainville.com\/wp-content\/uploads\/2024\/10\/cie-sotto-voce-1536x864.jpg 1536w, https:\/\/annexeromainville.com\/wp-content\/uploads\/2024\/10\/cie-sotto-voce.jpg 1920w\" sizes=\"(max-width: 730px) 100vw, 730px\" \/><\/a><\/p>\n<p>&nbsp;<\/p>\n<p>Participez \u00e0 notre grande soir\u00e9e de lancement de saison, plac\u00e9e sous le signe des rencontres et de la d\u00e9couverte.<\/p>\n<p>Ce moment sera l&#8217;occasion de partager un temps convivial autour d&#8217;un verre, de rencontrer les artistes accompagn\u00e9s par L&#8217;Annexe, les intervenant.es qui animent les ateliers tout au long de l&#8217;ann\u00e9e, ainsi que l&#8217;\u00e9quipe qui fait vivre le lieu au quotidien.<\/p>\n<p>La compagnie SOTTO VOCE, vous pr\u00e9sentera son spectacle : Avez-vous un ruisseau dans votre c\u0153ur ?<\/p>\n<p>&nbsp;<\/p>\n<p><strong>Dates :<\/strong><br \/>\n<strong>20 Septembre \u00e0 19h30<\/strong><\/p>\n<p><strong>Gratuit, sur R\u00e9servation<\/strong><\/p>\n<p>&nbsp;<\/p>\n<p><a href=\"https:\/\/www.helloasso.com\/associations\/jetzt\/evenements\/soiree-de-rentree-saison-25-26\" target=\"_blank\" rel=\"noopener\"><img loading=\"lazy\" class=\"size-medium wp-image-10389 aligncenter\" src=\"https:\/\/annexeromainville.com\/wp-content\/uploads\/2024\/10\/bandeaux6-300x39.png\" alt=\"\" width=\"300\" height=\"39\" srcset=\"https:\/\/annexeromainville.com\/wp-content\/uploads\/2024\/10\/bandeaux6-300x39.png 300w, https:\/\/annexeromainville.com\/wp-content\/uploads\/2024\/10\/bandeaux6-1024x133.png 1024w, https:\/\/annexeromainville.com\/wp-content\/uploads\/2024\/10\/bandeaux6-768x100.png 768w, https:\/\/annexeromainville.com\/wp-content\/uploads\/2024\/10\/bandeaux6-1536x200.png 1536w, https:\/\/annexeromainville.com\/wp-content\/uploads\/2024\/10\/bandeaux6.png 1920w\" sizes=\"(max-width: 300px) 100vw, 300px\" \/><\/a><\/p>\n","protected":false},"excerpt":{"rendered":"<p>CONCERT, SPECTACLE &nbsp; Participez \u00e0 notre grande soir\u00e9e de lancement de saison, plac\u00e9e sous le signe des rencontres et de la d\u00e9couverte. Ce moment sera l&#8217;occasion de partager un temps<span class=\"read-more-wrap\"><a class=\"moretag\" href=\"https:\/\/annexeromainville.com\/index.php\/concert-spectacle\/\">Lire la suite<span class=\"screen-reader-text\">SOIR\u00c9E DE RENTR\u00c9E<\/span><\/a><\/span><\/p>\n","protected":false},"author":2,"featured_media":10803,"parent":0,"menu_order":0,"comment_status":"closed","ping_status":"closed","template":"","meta":{"_bbp_topic_count":0,"_bbp_reply_count":0,"_bbp_total_topic_count":0,"_bbp_total_reply_count":0,"_bbp_voice_count":0,"_bbp_anonymous_reply_count":0,"_bbp_topic_count_hidden":0,"_bbp_reply_count_hidden":0,"_bbp_forum_subforum_count":0,"ngg_post_thumbnail":0},"_links":{"self":[{"href":"https:\/\/annexeromainville.com\/index.php\/wp-json\/wp\/v2\/pages\/10995"}],"collection":[{"href":"https:\/\/annexeromainville.com\/index.php\/wp-json\/wp\/v2\/pages"}],"about":[{"href":"https:\/\/annexeromainville.com\/index.php\/wp-json\/wp\/v2\/types\/page"}],"author":[{"embeddable":true,"href":"https:\/\/annexeromainville.com\/index.php\/wp-json\/wp\/v2\/users\/2"}],"replies":[{"embeddable":true,"href":"https:\/\/annexeromainville.com\/index.php\/wp-json\/wp\/v2\/comments?post=10995"}],"version-history":[{"count":5,"href":"https:\/\/annexeromainville.com\/index.php\/wp-json\/wp\/v2\/pages\/10995\/revisions"}],"predecessor-version":[{"id":11001,"href":"https:\/\/annexeromainville.com\/index.php\/wp-json\/wp\/v2\/pages\/10995\/revisions\/11001"}],"wp:featuredmedia":[{"embeddable":true,"href":"https:\/\/annexeromainville.com\/index.php\/wp-json\/wp\/v2\/media\/10803"}],"wp:attachment":[{"href":"https:\/\/annexeromainville.com\/index.php\/wp-json\/wp\/v2\/media?parent=10995"}],"curies":[{"name":"wp","href":"https:\/\/api.w.org\/{rel}","templated":true}]}}

SOIRÉE DE RENTRÉE

<h1 style="text-align: center;"><strong>CONCERT, SPECTACLE</strong></h1>
<p><a href="https://annexeromainville.com/wp-content/uploads/2024/10/cie-sotto-voce.jpg"><img loading="lazy" class="aligncenter wp-image-10813 size-large" src="https://annexeromainville.com/wp-content/uploads/2024/10/cie-sotto-voce-1024x576.jpg" alt="" width="730" height="411" srcset="https://annexeromainville.com/wp-content/uploads/2024/10/cie-sotto-voce-1024x576.jpg 1024w, https://annexeromainville.com/wp-content/uploads/2024/10/cie-sotto-voce-300x169.jpg 300w, https://annexeromainville.com/wp-content/uploads/2024/10/cie-sotto-voce-768x432.jpg 768w, https://annexeromainville.com/wp-content/uploads/2024/10/cie-sotto-voce-1536x864.jpg 1536w, https://annexeromainville.com/wp-content/uploads/2024/10/cie-sotto-voce.jpg 1920w" sizes="(max-width: 730px) 100vw, 730px" /></a></p>
<p>&nbsp;</p>
<p>Participez à notre grande soirée de lancement de saison, placée sous le signe des rencontres et de la découverte.</p>
<p>Ce moment sera l&#8217;occasion de partager un temps convivial autour d&#8217;un verre, de rencontrer les artistes accompagnés par L&#8217;Annexe, les intervenant.es qui animent les ateliers tout au long de l&#8217;année, ainsi que l&#8217;équipe qui fait vivre le lieu au quotidien.</p>
<p>La compagnie SOTTO VOCE, vous présentera son spectacle : Avez-vous un ruisseau dans votre cœur ?</p>
<p>&nbsp;</p>
<p><strong>Dates :</strong><br />
<strong>20 Septembre à 19h30</strong></p>
<p><strong>Gratuit, sur Réservation</strong></p>
<p>&nbsp;</p>
<p><a href="https://www.helloasso.com/associations/jetzt/evenements/soiree-de-rentree-saison-25-26" target="_blank" rel="noopener"><img loading="lazy" class="size-medium wp-image-10389 aligncenter" src="https://annexeromainville.com/wp-content/uploads/2024/10/bandeaux6-300x39.png" alt="" width="300" height="39" srcset="https://annexeromainville.com/wp-content/uploads/2024/10/bandeaux6-300x39.png 300w, https://annexeromainville.com/wp-content/uploads/2024/10/bandeaux6-1024x133.png 1024w, https://annexeromainville.com/wp-content/uploads/2024/10/bandeaux6-768x100.png 768w, https://annexeromainville.com/wp-content/uploads/2024/10/bandeaux6-1536x200.png 1536w, https://annexeromainville.com/wp-content/uploads/2024/10/bandeaux6.png 1920w" sizes="(max-width: 300px) 100vw, 300px" /></a></p>

<p>CONCERT, SPECTACLE &nbsp; Participez à notre grande soirée de lancement de saison, placée sous le signe des rencontres et de la découverte. Ce moment sera l&#8217;occasion de partager un temps<span class="read-more-wrap"><a class="moretag" href="https://annexeromainville.com/index.php/concert-spectacle/">Lire la suite<span class="screen-reader-text">SOIRÉE DE RENTRÉE</span></a></span></p>
