{"id":11007,"date":"2025-09-17T11:21:59","date_gmt":"2025-09-17T10:21:59","guid":{"rendered":"https:\/\/annexeromainville.com\/?page_id=11007"},"modified":"2025-11-07T15:19:03","modified_gmt":"2025-11-07T14:19:03","slug":"nuit-dete","status":"publish","type":"page","link":"https:\/\/annexeromainville.com\/index.php\/nuit-dete\/","title":{"rendered":"NUIT D\u2019\u00c9T\u00c9"},"content":{"rendered":"<h1 style=\"text-align: center;\"><strong>TH\u00c9\u00c2TRE CONTEMPORAIN, MUSIQUE<\/strong><\/h1>\n<p><a href=\"https:\/\/annexeromainville.com\/wp-content\/uploads\/2024\/10\/OMH_Nuit-DT_Gina-Dorville-2.jpg\"><img loading=\"lazy\" class=\"aligncenter wp-image-10820 size-large\" src=\"https:\/\/annexeromainville.com\/wp-content\/uploads\/2024\/10\/OMH_Nuit-DT_Gina-Dorville-2-1024x575.jpg\" alt=\"\" width=\"730\" height=\"410\" srcset=\"https:\/\/annexeromainville.com\/wp-content\/uploads\/2024\/10\/OMH_Nuit-DT_Gina-Dorville-2-1024x575.jpg 1024w, https:\/\/annexeromainville.com\/wp-content\/uploads\/2024\/10\/OMH_Nuit-DT_Gina-Dorville-2-300x168.jpg 300w, https:\/\/annexeromainville.com\/wp-content\/uploads\/2024\/10\/OMH_Nuit-DT_Gina-Dorville-2-768x431.jpg 768w, https:\/\/annexeromainville.com\/wp-content\/uploads\/2024\/10\/OMH_Nuit-DT_Gina-Dorville-2.jpg 1284w\" sizes=\"(max-width: 730px) 100vw, 730px\" \/><\/a><\/p>\n<p>&nbsp;<\/p>\n<p>C&#8217;est ce soir ! C&#8217;est ce soir que la temp\u00eate arrive, mais Clarisse n&#8217;a pas du tout peur. Elle a h\u00e2te que \u00e7a commence. Le vent va souffler tr\u00e8s fort ! Clarisse se demande si le vent va d\u00e9raciner la maison. En tout cas, ce qui est bien, c&#8217;est la maison qu&#8217;ils improvisent, ses parents et elle, dans&#8230; son lit !<\/p>\n<p><em>Le spectacle &#8220;Nuit d&#8217;\u00e9t\u00e9&#8221;, est plus qu&#8217;une adaptation de &#8220;la temp\u00eate&#8221; de F. Seyvos et C. Ponti. C&#8217;est une invitation \u00e0 ressentir et vivre une histoire de mani\u00e8re sensorielle.<\/em><\/p>\n<p>Lien vid\u00e9o trailer :&nbsp;<a href=\"https:\/\/youtu.be\/PRAZEDQufnQ\">https:\/\/youtu.be\/PRAZEDQufnQ<\/a><\/p>\n<p>&nbsp;<\/p>\n<p><i>Compagnie Les Oiseaux Mal Habill\u00e9s<\/i><\/p>\n<p><strong>Auteur<\/strong> : F. Seyvos &amp; C. Ponti<\/p>\n<p><strong>Mise en<\/strong> <strong>sc\u00e8ne<\/strong> : Rozenn Biardeau<\/p>\n<p><strong>Avec<\/strong> : Rozenn Biardeau, Junie Monnier, Julien Onyx<\/p>\n<p><strong>Compositeur<\/strong> : Julien Onyx<\/p>\n<p>&nbsp;<\/p>\n<p><strong>Dates :<\/strong><br \/>\n<strong>14 novembre<\/strong>&nbsp;\u00e0 <strong>19H<\/strong><br \/>\n<strong>15 novembre<\/strong> \u00e0 <strong>15H et 18H<\/strong><br \/>\n<strong>Dur\u00e9e :<\/strong> 50min<br \/>\nTout public, \u00e0 partir de 5 ans<\/p>\n<p>&nbsp;<\/p>\n<p>&nbsp;<\/p>\n<p><a href=\"https:\/\/annexeromainville.com\/wp-content\/uploads\/2024\/10\/bandeaux6.png\"><img loading=\"lazy\" class=\"size-medium wp-image-10389 aligncenter\" src=\"https:\/\/annexeromainville.com\/wp-content\/uploads\/2024\/10\/bandeaux6-300x39.png\" alt=\"\" width=\"300\" height=\"39\" srcset=\"https:\/\/annexeromainville.com\/wp-content\/uploads\/2024\/10\/bandeaux6-300x39.png 300w, https:\/\/annexeromainville.com\/wp-content\/uploads\/2024\/10\/bandeaux6-1024x133.png 1024w, https:\/\/annexeromainville.com\/wp-content\/uploads\/2024\/10\/bandeaux6-768x100.png 768w, https:\/\/annexeromainville.com\/wp-content\/uploads\/2024\/10\/bandeaux6-1536x200.png 1536w, https:\/\/annexeromainville.com\/wp-content\/uploads\/2024\/10\/bandeaux6.png 1920w\" sizes=\"(max-width: 300px) 100vw, 300px\" \/><\/a><\/p>\n<p><a href=\"https:\/\/www.helloasso.com\/associations\/jetzt\/evenements\/spectacle-nuit-d-ete?_gl=1%2a1hpxr96%2a_gcl_au%2aMTMzOTk3MjAwLjE3NTMxMTIwNTU.\" target=\"_blank\" rel=\"noopener\"><img loading=\"lazy\" class=\"size-medium wp-image-10824 aligncenter\" src=\"https:\/\/annexeromainville.com\/wp-content\/uploads\/2024\/10\/B_14_Nov_19H-300x75.png\" alt=\"\" width=\"300\" height=\"75\" srcset=\"https:\/\/annexeromainville.com\/wp-content\/uploads\/2024\/10\/B_14_Nov_19H-300x75.png 300w, https:\/\/annexeromainville.com\/wp-content\/uploads\/2024\/10\/B_14_Nov_19H-1024x256.png 1024w, https:\/\/annexeromainville.com\/wp-content\/uploads\/2024\/10\/B_14_Nov_19H-768x192.png 768w, https:\/\/annexeromainville.com\/wp-content\/uploads\/2024\/10\/B_14_Nov_19H-1536x384.png 1536w, https:\/\/annexeromainville.com\/wp-content\/uploads\/2024\/10\/B_14_Nov_19H.png 1584w\" sizes=\"(max-width: 300px) 100vw, 300px\" \/><\/a><\/p>\n<p><a href=\"https:\/\/www.helloasso.com\/associations\/jetzt\/evenements\/spectacle-nuit-d-ete-15-novembre-15h?_gl=1%2a12yz3a5%2a_gcl_au%2aMTMzOTk3MjAwLjE3NTMxMTIwNTU.\" target=\"_blank\" rel=\"noopener\"><img loading=\"lazy\" class=\"size-medium wp-image-10822 aligncenter\" src=\"https:\/\/annexeromainville.com\/wp-content\/uploads\/2024\/10\/15_Nov_15H-300x75.png\" alt=\"\" width=\"300\" height=\"75\" srcset=\"https:\/\/annexeromainville.com\/wp-content\/uploads\/2024\/10\/15_Nov_15H-300x75.png 300w, https:\/\/annexeromainville.com\/wp-content\/uploads\/2024\/10\/15_Nov_15H-1024x256.png 1024w, https:\/\/annexeromainville.com\/wp-content\/uploads\/2024\/10\/15_Nov_15H-768x192.png 768w, https:\/\/annexeromainville.com\/wp-content\/uploads\/2024\/10\/15_Nov_15H-1536x384.png 1536w, https:\/\/annexeromainville.com\/wp-content\/uploads\/2024\/10\/15_Nov_15H.png 1584w\" sizes=\"(max-width: 300px) 100vw, 300px\" \/><\/a><\/p>\n<p><a href=\"https:\/\/www.helloasso.com\/associations\/jetzt\/evenements\/spectacle-nuit-d-ete-15-novembre-18h?_gl=1%2a12yz3a5%2a_gcl_au%2aMTMzOTk3MjAwLjE3NTMxMTIwNTU.\" target=\"_blank\" rel=\"noopener\"><img loading=\"lazy\" class=\"size-medium wp-image-10823 aligncenter\" src=\"https:\/\/annexeromainville.com\/wp-content\/uploads\/2024\/10\/15_Nov_18H-300x75.png\" alt=\"\" width=\"300\" height=\"75\" srcset=\"https:\/\/annexeromainville.com\/wp-content\/uploads\/2024\/10\/15_Nov_18H-300x75.png 300w, https:\/\/annexeromainville.com\/wp-content\/uploads\/2024\/10\/15_Nov_18H-1024x256.png 1024w, https:\/\/annexeromainville.com\/wp-content\/uploads\/2024\/10\/15_Nov_18H-768x192.png 768w, https:\/\/annexeromainville.com\/wp-content\/uploads\/2024\/10\/15_Nov_18H-1536x384.png 1536w, https:\/\/annexeromainville.com\/wp-content\/uploads\/2024\/10\/15_Nov_18H.png 1584w\" sizes=\"(max-width: 300px) 100vw, 300px\" \/><\/a><\/p>\n","protected":false},"excerpt":{"rendered":"<p>TH\u00c9\u00c2TRE CONTEMPORAIN, MUSIQUE &nbsp; C&#8217;est ce soir ! C&#8217;est ce soir que la temp\u00eate arrive, mais Clarisse n&#8217;a pas du tout peur. Elle a h\u00e2te que \u00e7a commence. Le vent<span class=\"read-more-wrap\"><a class=\"moretag\" href=\"https:\/\/annexeromainville.com\/index.php\/nuit-dete\/\">Lire la suite<span class=\"screen-reader-text\">NUIT D\u2019\u00c9T\u00c9<\/span><\/a><\/span><\/p>\n","protected":false},"author":2,"featured_media":0,"parent":0,"menu_order":0,"comment_status":"closed","ping_status":"closed","template":"","meta":{"_bbp_topic_count":0,"_bbp_reply_count":0,"_bbp_total_topic_count":0,"_bbp_total_reply_count":0,"_bbp_voice_count":0,"_bbp_anonymous_reply_count":0,"_bbp_topic_count_hidden":0,"_bbp_reply_count_hidden":0,"_bbp_forum_subforum_count":0,"ngg_post_thumbnail":0},"_links":{"self":[{"href":"https:\/\/annexeromainville.com\/index.php\/wp-json\/wp\/v2\/pages\/11007"}],"collection":[{"href":"https:\/\/annexeromainville.com\/index.php\/wp-json\/wp\/v2\/pages"}],"about":[{"href":"https:\/\/annexeromainville.com\/index.php\/wp-json\/wp\/v2\/types\/page"}],"author":[{"embeddable":true,"href":"https:\/\/annexeromainville.com\/index.php\/wp-json\/wp\/v2\/users\/2"}],"replies":[{"embeddable":true,"href":"https:\/\/annexeromainville.com\/index.php\/wp-json\/wp\/v2\/comments?post=11007"}],"version-history":[{"count":5,"href":"https:\/\/annexeromainville.com\/index.php\/wp-json\/wp\/v2\/pages\/11007\/revisions"}],"predecessor-version":[{"id":11194,"href":"https:\/\/annexeromainville.com\/index.php\/wp-json\/wp\/v2\/pages\/11007\/revisions\/11194"}],"wp:attachment":[{"href":"https:\/\/annexeromainville.com\/index.php\/wp-json\/wp\/v2\/media?parent=11007"}],"curies":[{"name":"wp","href":"https:\/\/api.w.org\/{rel}","templated":true}]}}

NUIT D’ÉTÉ

<h1 style="text-align: center;"><strong>THÉÂTRE CONTEMPORAIN, MUSIQUE</strong></h1>
<p><a href="https://annexeromainville.com/wp-content/uploads/2024/10/OMH_Nuit-DT_Gina-Dorville-2.jpg"><img loading="lazy" class="aligncenter wp-image-10820 size-large" src="https://annexeromainville.com/wp-content/uploads/2024/10/OMH_Nuit-DT_Gina-Dorville-2-1024x575.jpg" alt="" width="730" height="410" srcset="https://annexeromainville.com/wp-content/uploads/2024/10/OMH_Nuit-DT_Gina-Dorville-2-1024x575.jpg 1024w, https://annexeromainville.com/wp-content/uploads/2024/10/OMH_Nuit-DT_Gina-Dorville-2-300x168.jpg 300w, https://annexeromainville.com/wp-content/uploads/2024/10/OMH_Nuit-DT_Gina-Dorville-2-768x431.jpg 768w, https://annexeromainville.com/wp-content/uploads/2024/10/OMH_Nuit-DT_Gina-Dorville-2.jpg 1284w" sizes="(max-width: 730px) 100vw, 730px" /></a></p>
<p>&nbsp;</p>
<p>C&#8217;est ce soir ! C&#8217;est ce soir que la tempête arrive, mais Clarisse n&#8217;a pas du tout peur. Elle a hâte que ça commence. Le vent va souffler très fort ! Clarisse se demande si le vent va déraciner la maison. En tout cas, ce qui est bien, c&#8217;est la maison qu&#8217;ils improvisent, ses parents et elle, dans&#8230; son lit !</p>
<p><em>Le spectacle &#8220;Nuit d&#8217;été&#8221;, est plus qu&#8217;une adaptation de &#8220;la tempête&#8221; de F. Seyvos et C. Ponti. C&#8217;est une invitation à ressentir et vivre une histoire de manière sensorielle.</em></p>
<p>Lien vidéo trailer :&nbsp;<a href="https://youtu.be/PRAZEDQufnQ">https://youtu.be/PRAZEDQufnQ</a></p>
<p>&nbsp;</p>
<p><i>Compagnie Les Oiseaux Mal Habillés</i></p>
<p><strong>Auteur</strong> : F. Seyvos &amp; C. Ponti</p>
<p><strong>Mise en</strong> <strong>scène</strong> : Rozenn Biardeau</p>
<p><strong>Avec</strong> : Rozenn Biardeau, Junie Monnier, Julien Onyx</p>
<p><strong>Compositeur</strong> : Julien Onyx</p>
<p>&nbsp;</p>
<p><strong>Dates :</strong><br />
<strong>14 novembre</strong>&nbsp;à <strong>19H</strong><br />
<strong>15 novembre</strong> à <strong>15H et 18H</strong><br />
<strong>Durée :</strong> 50min<br />
Tout public, à partir de 5 ans</p>
<p>&nbsp;</p>
<p>&nbsp;</p>
<p><a href="https://annexeromainville.com/wp-content/uploads/2024/10/bandeaux6.png"><img loading="lazy" class="size-medium wp-image-10389 aligncenter" src="https://annexeromainville.com/wp-content/uploads/2024/10/bandeaux6-300x39.png" alt="" width="300" height="39" srcset="https://annexeromainville.com/wp-content/uploads/2024/10/bandeaux6-300x39.png 300w, https://annexeromainville.com/wp-content/uploads/2024/10/bandeaux6-1024x133.png 1024w, https://annexeromainville.com/wp-content/uploads/2024/10/bandeaux6-768x100.png 768w, https://annexeromainville.com/wp-content/uploads/2024/10/bandeaux6-1536x200.png 1536w, https://annexeromainville.com/wp-content/uploads/2024/10/bandeaux6.png 1920w" sizes="(max-width: 300px) 100vw, 300px" /></a></p>
<p><a href="https://www.helloasso.com/associations/jetzt/evenements/spectacle-nuit-d-ete?_gl=1%2a1hpxr96%2a_gcl_au%2aMTMzOTk3MjAwLjE3NTMxMTIwNTU." target="_blank" rel="noopener"><img loading="lazy" class="size-medium wp-image-10824 aligncenter" src="https://annexeromainville.com/wp-content/uploads/2024/10/B_14_Nov_19H-300x75.png" alt="" width="300" height="75" srcset="https://annexeromainville.com/wp-content/uploads/2024/10/B_14_Nov_19H-300x75.png 300w, https://annexeromainville.com/wp-content/uploads/2024/10/B_14_Nov_19H-1024x256.png 1024w, https://annexeromainville.com/wp-content/uploads/2024/10/B_14_Nov_19H-768x192.png 768w, https://annexeromainville.com/wp-content/uploads/2024/10/B_14_Nov_19H-1536x384.png 1536w, https://annexeromainville.com/wp-content/uploads/2024/10/B_14_Nov_19H.png 1584w" sizes="(max-width: 300px) 100vw, 300px" /></a></p>
<p><a href="https://www.helloasso.com/associations/jetzt/evenements/spectacle-nuit-d-ete-15-novembre-15h?_gl=1%2a12yz3a5%2a_gcl_au%2aMTMzOTk3MjAwLjE3NTMxMTIwNTU." target="_blank" rel="noopener"><img loading="lazy" class="size-medium wp-image-10822 aligncenter" src="https://annexeromainville.com/wp-content/uploads/2024/10/15_Nov_15H-300x75.png" alt="" width="300" height="75" srcset="https://annexeromainville.com/wp-content/uploads/2024/10/15_Nov_15H-300x75.png 300w, https://annexeromainville.com/wp-content/uploads/2024/10/15_Nov_15H-1024x256.png 1024w, https://annexeromainville.com/wp-content/uploads/2024/10/15_Nov_15H-768x192.png 768w, https://annexeromainville.com/wp-content/uploads/2024/10/15_Nov_15H-1536x384.png 1536w, https://annexeromainville.com/wp-content/uploads/2024/10/15_Nov_15H.png 1584w" sizes="(max-width: 300px) 100vw, 300px" /></a></p>
<p><a href="https://www.helloasso.com/associations/jetzt/evenements/spectacle-nuit-d-ete-15-novembre-18h?_gl=1%2a12yz3a5%2a_gcl_au%2aMTMzOTk3MjAwLjE3NTMxMTIwNTU." target="_blank" rel="noopener"><img loading="lazy" class="size-medium wp-image-10823 aligncenter" src="https://annexeromainville.com/wp-content/uploads/2024/10/15_Nov_18H-300x75.png" alt="" width="300" height="75" srcset="https://annexeromainville.com/wp-content/uploads/2024/10/15_Nov_18H-300x75.png 300w, https://annexeromainville.com/wp-content/uploads/2024/10/15_Nov_18H-1024x256.png 1024w, https://annexeromainville.com/wp-content/uploads/2024/10/15_Nov_18H-768x192.png 768w, https://annexeromainville.com/wp-content/uploads/2024/10/15_Nov_18H-1536x384.png 1536w, https://annexeromainville.com/wp-content/uploads/2024/10/15_Nov_18H.png 1584w" sizes="(max-width: 300px) 100vw, 300px" /></a></p>

<p>THÉÂTRE CONTEMPORAIN, MUSIQUE &nbsp; C&#8217;est ce soir ! C&#8217;est ce soir que la tempête arrive, mais Clarisse n&#8217;a pas du tout peur. Elle a hâte que ça commence. Le vent<span class="read-more-wrap"><a class="moretag" href="https://annexeromainville.com/index.php/nuit-dete/">Lire la suite<span class="screen-reader-text">NUIT D’ÉTÉ</span></a></span></p>
