{"id":11062,"date":"2026-02-11T11:24:05","date_gmt":"2026-02-11T10:24:05","guid":{"rendered":"https:\/\/annexeromainville.com\/?page_id=11062"},"modified":"2026-02-11T12:51:03","modified_gmt":"2026-02-11T11:51:03","slug":"prise-de-parole-en-public","status":"publish","type":"page","link":"https:\/\/annexeromainville.com\/index.php\/stage-professionnel\/prise-de-parole-en-public\/","title":{"rendered":"PRISE DE PAROLE EN PUBLIC"},"content":{"rendered":"<p><img loading=\"lazy\" class=\"size-medium wp-image-11307 aligncenter\" src=\"https:\/\/annexeromainville.com\/wp-content\/uploads\/2025\/09\/2-300x300.png\" alt=\"\" width=\"300\" height=\"300\" srcset=\"https:\/\/annexeromainville.com\/wp-content\/uploads\/2025\/09\/2-300x300.png 300w, https:\/\/annexeromainville.com\/wp-content\/uploads\/2025\/09\/2-1024x1024.png 1024w, https:\/\/annexeromainville.com\/wp-content\/uploads\/2025\/09\/2-150x150.png 150w, https:\/\/annexeromainville.com\/wp-content\/uploads\/2025\/09\/2-768x768.png 768w, https:\/\/annexeromainville.com\/wp-content\/uploads\/2025\/09\/2.png 1080w\" sizes=\"(max-width: 300px) 100vw, 300px\" \/><\/p>\n<p>&nbsp;<\/p>\n<p><b><span data-contrast=\"none\">PR<span class=\"BxUVEf ILfuVd\" lang=\"fr\"><span class=\"hgKElc pOOWX\">\u00c9<\/span><\/span>SENTATION<\/span><\/b><span data-ccp-props=\"{}\">&nbsp;<\/span><\/p>\n<p><span data-contrast=\"auto\">Il s&#8217;agit lors de ce stage d\u2019apprendre, via l&#8217;\u00e9tude de l\u2019art oratoire, \u00e0 manier la langue, la corporalit\u00e9 mais \u00e9galement d\u2019apprendre \u00e0 mieux se connaitre pour gagner en confiance en soi et se sentir plus l\u00e9gitime devant un auditoire.&nbsp;<\/span><span data-ccp-props=\"{&quot;201341983&quot;:0,&quot;335551550&quot;:6,&quot;335551620&quot;:6,&quot;335559731&quot;:0,&quot;335559740&quot;:240}\">&nbsp;<\/span><\/p>\n<p><span data-ccp-props=\"{}\">&nbsp;<\/span><\/p>\n<p><b><span data-contrast=\"none\">LES ENJEUX P<span class=\"BxUVEf ILfuVd\" lang=\"fr\"><span class=\"hgKElc pOOWX\">\u00c9<\/span><\/span>DAGOGIQUES<\/span><\/b><span data-ccp-props=\"{}\">&nbsp;<\/span><\/p>\n<p><span data-contrast=\"auto\">Les participant.e.s, par un entra\u00eenement concret et sensible, vont explorer trois points primordiaux de la communication\u202f:<\/span><span data-ccp-props=\"{&quot;201341983&quot;:0,&quot;335551550&quot;:6,&quot;335551620&quot;:6,&quot;335559731&quot;:0,&quot;335559740&quot;:240}\">&nbsp;<\/span><\/p>\n<ul>\n<li aria-setsize=\"-1\" data-leveltext=\"\uf0b7\" data-font=\"Symbol\" data-listid=\"5\" data-list-defn-props=\"{&quot;335552541&quot;:1,&quot;335559685&quot;:720,&quot;335559991&quot;:360,&quot;469769226&quot;:&quot;Symbol&quot;,&quot;469769242&quot;:[8226],&quot;469777803&quot;:&quot;left&quot;,&quot;469777804&quot;:&quot;\uf0b7&quot;,&quot;469777815&quot;:&quot;hybridMultilevel&quot;}\" data-aria-posinset=\"1\" data-aria-level=\"1\"><b><span data-contrast=\"auto\">L\u2019intention\u202f:<\/span><\/b><span data-contrast=\"auto\"> la fa\u00e7on dont on souligne son discours par des mouvements du corps, la gestion de l\u2019espace et l\u2019intonation.<\/span><span data-ccp-props=\"{&quot;201341983&quot;:0,&quot;335551550&quot;:6,&quot;335551620&quot;:6,&quot;335559740&quot;:240}\">&nbsp;<\/span><\/li>\n<\/ul>\n<ul>\n<li aria-setsize=\"-1\" data-leveltext=\"\uf0b7\" data-font=\"Symbol\" data-listid=\"5\" data-list-defn-props=\"{&quot;335552541&quot;:1,&quot;335559685&quot;:720,&quot;335559991&quot;:360,&quot;469769226&quot;:&quot;Symbol&quot;,&quot;469769242&quot;:[8226],&quot;469777803&quot;:&quot;left&quot;,&quot;469777804&quot;:&quot;\uf0b7&quot;,&quot;469777815&quot;:&quot;hybridMultilevel&quot;}\" data-aria-posinset=\"2\" data-aria-level=\"1\"><b><span data-contrast=\"auto\">Les objectifs\u202f:<\/span><\/b><span data-contrast=\"auto\"> la communication se caract\u00e9rise par un but pr\u00e9cis \u00e0 atteindre par le locuteur, objectif diff\u00e9rent selon la s\u00e9quence, qui n\u00e9cessite une compr\u00e9hension des diff\u00e9rents proc\u00e9d\u00e9s argumentatifs possibles.<\/span><span data-ccp-props=\"{&quot;201341983&quot;:0,&quot;335551550&quot;:6,&quot;335551620&quot;:6,&quot;335559740&quot;:240}\">&nbsp;<\/span><\/li>\n<\/ul>\n<ul>\n<li aria-setsize=\"-1\" data-leveltext=\"\uf0b7\" data-font=\"Symbol\" data-listid=\"5\" data-list-defn-props=\"{&quot;335552541&quot;:1,&quot;335559685&quot;:720,&quot;335559991&quot;:360,&quot;469769226&quot;:&quot;Symbol&quot;,&quot;469769242&quot;:[8226],&quot;469777803&quot;:&quot;left&quot;,&quot;469777804&quot;:&quot;\uf0b7&quot;,&quot;469777815&quot;:&quot;hybridMultilevel&quot;}\" data-aria-posinset=\"3\" data-aria-level=\"1\"><b><span data-contrast=\"auto\">L\u2019invention\u202f:<\/span><\/b><span data-contrast=\"auto\"> d\u00e9veloppement de la capacit\u00e9 d\u2019adaptation dans le discours (r\u00e9activit\u00e9, cr\u00e9ativit\u00e9, assimilation du discours de l\u2019autre pour y r\u00e9pondre\u2026)<\/span><span data-ccp-props=\"{&quot;201341983&quot;:0,&quot;335551550&quot;:6,&quot;335551620&quot;:6,&quot;335559740&quot;:240}\">&nbsp;<\/span><\/li>\n<\/ul>\n<p><span data-ccp-props=\"{&quot;201341983&quot;:0,&quot;335551550&quot;:6,&quot;335551620&quot;:6,&quot;335559740&quot;:240}\">&nbsp;<\/span><\/p>\n<p><b><span data-contrast=\"none\">LE CONTENU<\/span><\/b><span data-ccp-props=\"{&quot;201341983&quot;:0,&quot;335551550&quot;:6,&quot;335551620&quot;:6,&quot;335559740&quot;:240}\">&nbsp;<\/span><\/p>\n<p><span data-contrast=\"none\">Le stage alternera entre introduction technique et mise en pratique. Apr\u00e8s un diagnostic individuel, les apprenants d\u00e9couvriront diff\u00e9rents outils adapt\u00e9s \u00e0 leur besoin.<\/span><span data-contrast=\"none\">\u202f<\/span><span data-contrast=\"auto\">&nbsp;<\/span><span data-ccp-props=\"{&quot;201341983&quot;:0,&quot;335551550&quot;:6,&quot;335551620&quot;:6,&quot;335559739&quot;:160,&quot;335559740&quot;:259}\">&nbsp;<\/span><\/p>\n<p><span data-contrast=\"auto\">Nous ferons pour cela des exercices de travail du corps dans l\u2019espace, de la relaxation, de l\u2019\u00e9coute, mais aussi des mises en situation, de petites sc\u00e8nes th\u00e9\u00e2trales et de l\u2019improvisation. Ces proc\u00e9d\u00e9s permettent d\u2019acqu\u00e9rir aisance et libert\u00e9 dans son expression, et sont adaptables \u00e0 de nombreuses situations sociales.<\/span><span data-ccp-props=\"{&quot;201341983&quot;:0,&quot;335551550&quot;:6,&quot;335551620&quot;:6,&quot;335559740&quot;:240}\">&nbsp;<\/span><\/p>\n<p>&nbsp;<\/p>\n<p><b><span data-contrast=\"none\">PR\u00c9-REQUIS<\/span><\/b><span data-ccp-props=\"{&quot;134245417&quot;:true,&quot;134245418&quot;:true,&quot;134245529&quot;:true,&quot;201341983&quot;:0,&quot;335551550&quot;:1,&quot;335551620&quot;:1,&quot;335557856&quot;:4278190080,&quot;335559685&quot;:0,&quot;335559731&quot;:0,&quot;335559737&quot;:0,&quot;335559738&quot;:0,&quot;335559739&quot;:0,&quot;335559740&quot;:240}\">&nbsp;<\/span><\/p>\n<p><span data-contrast=\"auto\">Ce stage est ouvert \u00e0 tous, artistes d\u00e9butants\/confirm\u00e9s ou non-artiste.&nbsp;<\/span><span data-ccp-props=\"{&quot;134233117&quot;:false,&quot;134233118&quot;:false,&quot;134245418&quot;:true,&quot;134245529&quot;:true,&quot;201341983&quot;:0,&quot;335551550&quot;:6,&quot;335551620&quot;:6,&quot;335559685&quot;:0,&quot;335559737&quot;:0,&quot;335559738&quot;:0,&quot;335559739&quot;:0,&quot;335559740&quot;:240}\">&nbsp;<\/span><\/p>\n<p><span data-contrast=\"auto\">Ce stage est \u00e9galement con\u00e7u pour les salari\u00e9s dans une optique d\u2019am\u00e9lioration professionnelle.<\/span><span data-ccp-props=\"{&quot;134233117&quot;:false,&quot;134233118&quot;:false,&quot;134245418&quot;:true,&quot;134245529&quot;:true,&quot;201341983&quot;:0,&quot;335551550&quot;:6,&quot;335551620&quot;:6,&quot;335559685&quot;:0,&quot;335559737&quot;:0,&quot;335559738&quot;:0,&quot;335559739&quot;:0,&quot;335559740&quot;:240}\">&nbsp;<\/span><\/p>\n<p>&nbsp;<\/p>\n<p style=\"text-align: center;\"><strong><em>PROCHAINES DATES<\/em><\/strong><\/p>\n<p style=\"text-align: center;\">&#8211; \u00c0 venir &#8211;<\/p>\n","protected":false},"excerpt":{"rendered":"<p>&nbsp; PR\u00c9SENTATION&nbsp; Il s&#8217;agit lors de ce stage d\u2019apprendre, via l&#8217;\u00e9tude de l\u2019art oratoire, \u00e0 manier la langue, la corporalit\u00e9 mais \u00e9galement d\u2019apprendre \u00e0 mieux se connaitre pour gagner en<span class=\"read-more-wrap\"><a class=\"moretag\" href=\"https:\/\/annexeromainville.com\/index.php\/stage-professionnel\/prise-de-parole-en-public\/\">Lire la suite<span class=\"screen-reader-text\">PRISE DE PAROLE EN PUBLIC<\/span><\/a><\/span><\/p>\n","protected":false},"author":2,"featured_media":0,"parent":9192,"menu_order":0,"comment_status":"closed","ping_status":"closed","template":"","meta":{"_bbp_topic_count":0,"_bbp_reply_count":0,"_bbp_total_topic_count":0,"_bbp_total_reply_count":0,"_bbp_voice_count":0,"_bbp_anonymous_reply_count":0,"_bbp_topic_count_hidden":0,"_bbp_reply_count_hidden":0,"_bbp_forum_subforum_count":0,"ngg_post_thumbnail":0},"_links":{"self":[{"href":"https:\/\/annexeromainville.com\/index.php\/wp-json\/wp\/v2\/pages\/11062"}],"collection":[{"href":"https:\/\/annexeromainville.com\/index.php\/wp-json\/wp\/v2\/pages"}],"about":[{"href":"https:\/\/annexeromainville.com\/index.php\/wp-json\/wp\/v2\/types\/page"}],"author":[{"embeddable":true,"href":"https:\/\/annexeromainville.com\/index.php\/wp-json\/wp\/v2\/users\/2"}],"replies":[{"embeddable":true,"href":"https:\/\/annexeromainville.com\/index.php\/wp-json\/wp\/v2\/comments?post=11062"}],"version-history":[{"count":4,"href":"https:\/\/annexeromainville.com\/index.php\/wp-json\/wp\/v2\/pages\/11062\/revisions"}],"predecessor-version":[{"id":11326,"href":"https:\/\/annexeromainville.com\/index.php\/wp-json\/wp\/v2\/pages\/11062\/revisions\/11326"}],"up":[{"embeddable":true,"href":"https:\/\/annexeromainville.com\/index.php\/wp-json\/wp\/v2\/pages\/9192"}],"wp:attachment":[{"href":"https:\/\/annexeromainville.com\/index.php\/wp-json\/wp\/v2\/media?parent=11062"}],"curies":[{"name":"wp","href":"https:\/\/api.w.org\/{rel}","templated":true}]}}

<p><img loading="lazy" class="size-medium wp-image-11307 aligncenter" src="https://annexeromainville.com/wp-content/uploads/2025/09/2-300x300.png" alt="" width="300" height="300" srcset="https://annexeromainville.com/wp-content/uploads/2025/09/2-300x300.png 300w, https://annexeromainville.com/wp-content/uploads/2025/09/2-1024x1024.png 1024w, https://annexeromainville.com/wp-content/uploads/2025/09/2-150x150.png 150w, https://annexeromainville.com/wp-content/uploads/2025/09/2-768x768.png 768w, https://annexeromainville.com/wp-content/uploads/2025/09/2.png 1080w" sizes="(max-width: 300px) 100vw, 300px" /></p>
<p>&nbsp;</p>
<p><b><span data-contrast="none">PR<span class="BxUVEf ILfuVd" lang="fr"><span class="hgKElc pOOWX">É</span></span>SENTATION</span></b><span data-ccp-props="{}">&nbsp;</span></p>
<p><span data-contrast="auto">Il s&#8217;agit lors de ce stage d’apprendre, via l&#8217;étude de l’art oratoire, à manier la langue, la corporalité mais également d’apprendre à mieux se connaitre pour gagner en confiance en soi et se sentir plus légitime devant un auditoire.&nbsp;</span><span data-ccp-props="{&quot;201341983&quot;:0,&quot;335551550&quot;:6,&quot;335551620&quot;:6,&quot;335559731&quot;:0,&quot;335559740&quot;:240}">&nbsp;</span></p>
<p><span data-ccp-props="{}">&nbsp;</span></p>
<p><b><span data-contrast="none">LES ENJEUX P<span class="BxUVEf ILfuVd" lang="fr"><span class="hgKElc pOOWX">É</span></span>DAGOGIQUES</span></b><span data-ccp-props="{}">&nbsp;</span></p>
<p><span data-contrast="auto">Les participant.e.s, par un entraînement concret et sensible, vont explorer trois points primordiaux de la communication :</span><span data-ccp-props="{&quot;201341983&quot;:0,&quot;335551550&quot;:6,&quot;335551620&quot;:6,&quot;335559731&quot;:0,&quot;335559740&quot;:240}">&nbsp;</span></p>
<ul>
<li aria-setsize="-1" data-leveltext="" data-font="Symbol" data-listid="5" data-list-defn-props="{&quot;335552541&quot;:1,&quot;335559685&quot;:720,&quot;335559991&quot;:360,&quot;469769226&quot;:&quot;Symbol&quot;,&quot;469769242&quot;:[8226],&quot;469777803&quot;:&quot;left&quot;,&quot;469777804&quot;:&quot;&quot;,&quot;469777815&quot;:&quot;hybridMultilevel&quot;}" data-aria-posinset="1" data-aria-level="1"><b><span data-contrast="auto">L’intention :</span></b><span data-contrast="auto"> la façon dont on souligne son discours par des mouvements du corps, la gestion de l’espace et l’intonation.</span><span data-ccp-props="{&quot;201341983&quot;:0,&quot;335551550&quot;:6,&quot;335551620&quot;:6,&quot;335559740&quot;:240}">&nbsp;</span></li>
</ul>
<ul>
<li aria-setsize="-1" data-leveltext="" data-font="Symbol" data-listid="5" data-list-defn-props="{&quot;335552541&quot;:1,&quot;335559685&quot;:720,&quot;335559991&quot;:360,&quot;469769226&quot;:&quot;Symbol&quot;,&quot;469769242&quot;:[8226],&quot;469777803&quot;:&quot;left&quot;,&quot;469777804&quot;:&quot;&quot;,&quot;469777815&quot;:&quot;hybridMultilevel&quot;}" data-aria-posinset="2" data-aria-level="1"><b><span data-contrast="auto">Les objectifs :</span></b><span data-contrast="auto"> la communication se caractérise par un but précis à atteindre par le locuteur, objectif différent selon la séquence, qui nécessite une compréhension des différents procédés argumentatifs possibles.</span><span data-ccp-props="{&quot;201341983&quot;:0,&quot;335551550&quot;:6,&quot;335551620&quot;:6,&quot;335559740&quot;:240}">&nbsp;</span></li>
</ul>
<ul>
<li aria-setsize="-1" data-leveltext="" data-font="Symbol" data-listid="5" data-list-defn-props="{&quot;335552541&quot;:1,&quot;335559685&quot;:720,&quot;335559991&quot;:360,&quot;469769226&quot;:&quot;Symbol&quot;,&quot;469769242&quot;:[8226],&quot;469777803&quot;:&quot;left&quot;,&quot;469777804&quot;:&quot;&quot;,&quot;469777815&quot;:&quot;hybridMultilevel&quot;}" data-aria-posinset="3" data-aria-level="1"><b><span data-contrast="auto">L’invention :</span></b><span data-contrast="auto"> développement de la capacité d’adaptation dans le discours (réactivité, créativité, assimilation du discours de l’autre pour y répondre…)</span><span data-ccp-props="{&quot;201341983&quot;:0,&quot;335551550&quot;:6,&quot;335551620&quot;:6,&quot;335559740&quot;:240}">&nbsp;</span></li>
</ul>
<p><span data-ccp-props="{&quot;201341983&quot;:0,&quot;335551550&quot;:6,&quot;335551620&quot;:6,&quot;335559740&quot;:240}">&nbsp;</span></p>
<p><b><span data-contrast="none">LE CONTENU</span></b><span data-ccp-props="{&quot;201341983&quot;:0,&quot;335551550&quot;:6,&quot;335551620&quot;:6,&quot;335559740&quot;:240}">&nbsp;</span></p>
<p><span data-contrast="none">Le stage alternera entre introduction technique et mise en pratique. Après un diagnostic individuel, les apprenants découvriront différents outils adaptés à leur besoin.</span><span data-contrast="none"> </span><span data-contrast="auto">&nbsp;</span><span data-ccp-props="{&quot;201341983&quot;:0,&quot;335551550&quot;:6,&quot;335551620&quot;:6,&quot;335559739&quot;:160,&quot;335559740&quot;:259}">&nbsp;</span></p>
<p><span data-contrast="auto">Nous ferons pour cela des exercices de travail du corps dans l’espace, de la relaxation, de l’écoute, mais aussi des mises en situation, de petites scènes théâtrales et de l’improvisation. Ces procédés permettent d’acquérir aisance et liberté dans son expression, et sont adaptables à de nombreuses situations sociales.</span><span data-ccp-props="{&quot;201341983&quot;:0,&quot;335551550&quot;:6,&quot;335551620&quot;:6,&quot;335559740&quot;:240}">&nbsp;</span></p>
<p>&nbsp;</p>
<p><b><span data-contrast="none">PRÉ-REQUIS</span></b><span data-ccp-props="{&quot;134245417&quot;:true,&quot;134245418&quot;:true,&quot;134245529&quot;:true,&quot;201341983&quot;:0,&quot;335551550&quot;:1,&quot;335551620&quot;:1,&quot;335557856&quot;:4278190080,&quot;335559685&quot;:0,&quot;335559731&quot;:0,&quot;335559737&quot;:0,&quot;335559738&quot;:0,&quot;335559739&quot;:0,&quot;335559740&quot;:240}">&nbsp;</span></p>
<p><span data-contrast="auto">Ce stage est ouvert à tous, artistes débutants/confirmés ou non-artiste.&nbsp;</span><span data-ccp-props="{&quot;134233117&quot;:false,&quot;134233118&quot;:false,&quot;134245418&quot;:true,&quot;134245529&quot;:true,&quot;201341983&quot;:0,&quot;335551550&quot;:6,&quot;335551620&quot;:6,&quot;335559685&quot;:0,&quot;335559737&quot;:0,&quot;335559738&quot;:0,&quot;335559739&quot;:0,&quot;335559740&quot;:240}">&nbsp;</span></p>
<p><span data-contrast="auto">Ce stage est également conçu pour les salariés dans une optique d’amélioration professionnelle.</span><span data-ccp-props="{&quot;134233117&quot;:false,&quot;134233118&quot;:false,&quot;134245418&quot;:true,&quot;134245529&quot;:true,&quot;201341983&quot;:0,&quot;335551550&quot;:6,&quot;335551620&quot;:6,&quot;335559685&quot;:0,&quot;335559737&quot;:0,&quot;335559738&quot;:0,&quot;335559739&quot;:0,&quot;335559740&quot;:240}">&nbsp;</span></p>
<p>&nbsp;</p>
<p style="text-align: center;"><strong><em>PROCHAINES DATES</em></strong></p>
<p style="text-align: center;">&#8211; À venir &#8211;</p>

<p>&nbsp; PRÉSENTATION&nbsp; Il s&#8217;agit lors de ce stage d’apprendre, via l&#8217;étude de l’art oratoire, à manier la langue, la corporalité mais également d’apprendre à mieux se connaitre pour gagner en<span class="read-more-wrap"><a class="moretag" href="https://annexeromainville.com/index.php/stage-professionnel/prise-de-parole-en-public/">Lire la suite<span class="screen-reader-text">PRISE DE PAROLE EN PUBLIC</span></a></span></p>
