{"id":11300,"date":"2026-02-11T11:27:11","date_gmt":"2026-02-11T10:27:11","guid":{"rendered":"https:\/\/annexeromainville.com\/?page_id=11300"},"modified":"2026-02-11T12:49:36","modified_gmt":"2026-02-11T11:49:36","slug":"reussir-son-entretien","status":"publish","type":"page","link":"https:\/\/annexeromainville.com\/index.php\/stage-professionnel\/reussir-son-entretien\/","title":{"rendered":"R\u00c9USSIR SON ENTRETIEN"},"content":{"rendered":"<h3><img loading=\"lazy\" class=\"size-medium wp-image-11309 aligncenter\" src=\"https:\/\/annexeromainville.com\/wp-content\/uploads\/2025\/09\/6-300x300.png\" alt=\"\" width=\"300\" height=\"300\" srcset=\"https:\/\/annexeromainville.com\/wp-content\/uploads\/2025\/09\/6-300x300.png 300w, https:\/\/annexeromainville.com\/wp-content\/uploads\/2025\/09\/6-1024x1024.png 1024w, https:\/\/annexeromainville.com\/wp-content\/uploads\/2025\/09\/6-150x150.png 150w, https:\/\/annexeromainville.com\/wp-content\/uploads\/2025\/09\/6-768x768.png 768w, https:\/\/annexeromainville.com\/wp-content\/uploads\/2025\/09\/6.png 1080w\" sizes=\"(max-width: 300px) 100vw, 300px\" \/><\/h3>\n<p>&nbsp;<\/p>\n<h3><b><span data-contrast=\"none\">PR\u00c9SENTATION<\/span><\/b>&nbsp;<br \/>\n<span data-ccp-props=\"{&quot;134245418&quot;:true,&quot;134245529&quot;:true,&quot;201341983&quot;:0,&quot;335551550&quot;:1,&quot;335551620&quot;:1,&quot;335559738&quot;:240,&quot;335559739&quot;:0,&quot;335559740&quot;:240}\">&nbsp;<\/span><\/h3>\n<p><span data-contrast=\"auto\">\u00c0 travers les outils pratiques et concrets du th\u00e9\u00e2tre, qui proposent un engagement du corps et de l&#8217;esprit permettant un apprentissage global stimulant et cr\u00e9atif, nous pratiquerons des mises en situations \u00e0 l\u2019entretien d\u2019embauche gr\u00e2ce \u00e0 des exercices pratiques de th\u00e9\u00e2tre autour du corps, de la voix de la relaxation \u2013 des jeux d&#8217;improvisations, des mises en situation d&#8217;entretien d&#8217;embauche.<\/span><span data-ccp-props=\"{&quot;201341983&quot;:0,&quot;335551550&quot;:6,&quot;335551620&quot;:6,&quot;335559731&quot;:0,&quot;335559740&quot;:240}\">&nbsp;<\/span><\/p>\n<h3><span data-ccp-props=\"{&quot;201341983&quot;:0,&quot;335551550&quot;:1,&quot;335551620&quot;:1,&quot;335559731&quot;:708,&quot;335559740&quot;:240}\">&nbsp;<\/span><\/h3>\n<h3><b><span data-contrast=\"none\">LES ENJEUX P\u00c9DAGOGIQUES<\/span><\/b>&nbsp;<\/h3>\n<ul>\n<li aria-setsize=\"-1\" data-leveltext=\"\uf0b7\" data-font=\"Symbol\" data-listid=\"5\" data-list-defn-props=\"{&quot;335552541&quot;:1,&quot;335559685&quot;:720,&quot;335559991&quot;:360,&quot;469769226&quot;:&quot;Symbol&quot;,&quot;469769242&quot;:[8226],&quot;469777803&quot;:&quot;left&quot;,&quot;469777804&quot;:&quot;\uf0b7&quot;,&quot;469777815&quot;:&quot;hybridMultilevel&quot;}\" data-aria-posinset=\"1\" data-aria-level=\"1\"><b><span data-contrast=\"auto\">D\u00e9veloppement de la communication verbale et non verbale<\/span><\/b><span data-contrast=\"auto\"> : Le stage vise \u00e0 am\u00e9liorer l&#8217;expression orale (clart\u00e9, articulation, argumentation) et l\u2019aisance corporelle (posture, gestuelle, regard), comp\u00e9tences essentielles pour r\u00e9ussir un entretien d\u2019embauche.<\/span><span data-ccp-props=\"{&quot;134233117&quot;:false,&quot;134233118&quot;:false,&quot;201341983&quot;:0,&quot;335551550&quot;:6,&quot;335551620&quot;:6,&quot;335559738&quot;:240,&quot;335559739&quot;:240,&quot;335559740&quot;:240}\">&nbsp;<\/span><\/li>\n<\/ul>\n<ul>\n<li aria-setsize=\"-1\" data-leveltext=\"\uf0b7\" data-font=\"Symbol\" data-listid=\"5\" data-list-defn-props=\"{&quot;335552541&quot;:1,&quot;335559685&quot;:720,&quot;335559991&quot;:360,&quot;469769226&quot;:&quot;Symbol&quot;,&quot;469769242&quot;:[8226],&quot;469777803&quot;:&quot;left&quot;,&quot;469777804&quot;:&quot;\uf0b7&quot;,&quot;469777815&quot;:&quot;hybridMultilevel&quot;}\" data-aria-posinset=\"2\" data-aria-level=\"1\"><b><span data-contrast=\"auto\">Renforcement de la confiance en soi par la mise en situation<\/span><\/b><span data-contrast=\"auto\"> : En jouant \u00e0 tour de r\u00f4le les deux positions (employeur et candidat), les participants prennent conscience de leurs capacit\u00e9s, apprennent \u00e0 g\u00e9rer le stress et gagnent en assurance.<\/span><span data-ccp-props=\"{&quot;134233117&quot;:false,&quot;134233118&quot;:false,&quot;201341983&quot;:0,&quot;335551550&quot;:6,&quot;335551620&quot;:6,&quot;335559685&quot;:720,&quot;335559737&quot;:0,&quot;335559738&quot;:240,&quot;335559739&quot;:240,&quot;335559740&quot;:240,&quot;335559991&quot;:360}\">&nbsp;<\/span><\/li>\n<\/ul>\n<ul>\n<li aria-setsize=\"-1\" data-leveltext=\"\uf0b7\" data-font=\"Symbol\" data-listid=\"5\" data-list-defn-props=\"{&quot;335552541&quot;:1,&quot;335559685&quot;:720,&quot;335559991&quot;:360,&quot;469769226&quot;:&quot;Symbol&quot;,&quot;469769242&quot;:[8226],&quot;469777803&quot;:&quot;left&quot;,&quot;469777804&quot;:&quot;\uf0b7&quot;,&quot;469777815&quot;:&quot;hybridMultilevel&quot;}\" data-aria-posinset=\"3\" data-aria-level=\"1\"><b><span data-contrast=\"auto\">Compr\u00e9hension des codes et attentes d\u2019un entretien professionnel : <\/span><\/b><span data-contrast=\"auto\">L\u2019alternance des r\u00f4les et le d\u00e9briefing final permettent d\u2019identifier les attentes sp\u00e9cifiques de chaque partie prenante et de mieux adapter son comportement et son discours aux r\u00e9alit\u00e9s du monde professionnel.<\/span>&nbsp;<br \/>\n<span data-ccp-props=\"{&quot;134233117&quot;:false,&quot;134233118&quot;:false,&quot;201341983&quot;:0,&quot;335551550&quot;:6,&quot;335551620&quot;:6,&quot;335559738&quot;:240,&quot;335559739&quot;:240,&quot;335559740&quot;:240}\">&nbsp;<\/span><\/li>\n<\/ul>\n<h3><b><span data-contrast=\"none\">LE CONTENU<\/span><\/b>&nbsp;<\/h3>\n<p><span data-contrast=\"auto\">Ce stage est compos\u00e9 d\u2019un enchainement de plusieurs exercices : le corps dans l\u2019espace, la voix, la relaxation et l\u2019\u00e9coute, des mises en situation de l\u2019entretien d\u2019embauche, propos\u00e9s sous forme de \u00ab petites sc\u00e8nes \u00bb improvis\u00e9es &#8211; s\u00e9lectionner une annonce &#8211; r\u00e9pondre et se pr\u00e9senter au t\u00e9l\u00e9phone.<\/span>&nbsp;<\/p>\n<p>&nbsp;<\/p>\n<h3><b><span data-contrast=\"none\">PR\u00c9-REQUIS<\/span><\/b><span data-ccp-props=\"{&quot;134245417&quot;:true,&quot;134245418&quot;:true,&quot;134245529&quot;:true,&quot;201341983&quot;:0,&quot;335551550&quot;:1,&quot;335551620&quot;:1,&quot;335557856&quot;:4278190080,&quot;335559685&quot;:0,&quot;335559731&quot;:0,&quot;335559737&quot;:0,&quot;335559738&quot;:0,&quot;335559739&quot;:0,&quot;335559740&quot;:240}\">&nbsp;<\/span><\/h3>\n<p><span data-contrast=\"auto\">Ce stage est ouvert \u00e0 tous, artistes d\u00e9butants\/confirm\u00e9s ou non-artiste.&nbsp;<\/span><span data-ccp-props=\"{&quot;134233117&quot;:false,&quot;134233118&quot;:false,&quot;134245418&quot;:true,&quot;134245529&quot;:true,&quot;201341983&quot;:0,&quot;335551550&quot;:6,&quot;335551620&quot;:6,&quot;335559685&quot;:0,&quot;335559737&quot;:0,&quot;335559738&quot;:0,&quot;335559739&quot;:0,&quot;335559740&quot;:240}\">&nbsp;<\/span><\/p>\n<p><span data-contrast=\"auto\">Ce stage est \u00e9galement con\u00e7u pour les salari\u00e9s dans une optique d\u2019am\u00e9lioration professionnelle.<\/span><span data-ccp-props=\"{&quot;134233117&quot;:false,&quot;134233118&quot;:false,&quot;134245418&quot;:true,&quot;134245529&quot;:true,&quot;201341983&quot;:0,&quot;335551550&quot;:6,&quot;335551620&quot;:6,&quot;335559685&quot;:0,&quot;335559737&quot;:0,&quot;335559738&quot;:0,&quot;335559739&quot;:0,&quot;335559740&quot;:240}\">&nbsp;<\/span><\/p>\n<p>&nbsp;<\/p>\n<h3 style=\"text-align: center;\"><strong><em>PROCHAINES DATES<\/em><\/strong><\/h3>\n<p style=\"text-align: center;\">&#8211; \u00c0 venir &#8211;<\/p>\n","protected":false},"excerpt":{"rendered":"<p>&nbsp; PR\u00c9SENTATION&nbsp; &nbsp; \u00c0 travers les outils pratiques et concrets du th\u00e9\u00e2tre, qui proposent un engagement du corps et de l&#8217;esprit permettant un apprentissage global stimulant et cr\u00e9atif, nous pratiquerons<span class=\"read-more-wrap\"><a class=\"moretag\" href=\"https:\/\/annexeromainville.com\/index.php\/stage-professionnel\/reussir-son-entretien\/\">Lire la suite<span class=\"screen-reader-text\">R\u00c9USSIR SON ENTRETIEN<\/span><\/a><\/span><\/p>\n","protected":false},"author":5,"featured_media":0,"parent":9192,"menu_order":0,"comment_status":"closed","ping_status":"closed","template":"","meta":{"_bbp_topic_count":0,"_bbp_reply_count":0,"_bbp_total_topic_count":0,"_bbp_total_reply_count":0,"_bbp_voice_count":0,"_bbp_anonymous_reply_count":0,"_bbp_topic_count_hidden":0,"_bbp_reply_count_hidden":0,"_bbp_forum_subforum_count":0,"ngg_post_thumbnail":0},"_links":{"self":[{"href":"https:\/\/annexeromainville.com\/index.php\/wp-json\/wp\/v2\/pages\/11300"}],"collection":[{"href":"https:\/\/annexeromainville.com\/index.php\/wp-json\/wp\/v2\/pages"}],"about":[{"href":"https:\/\/annexeromainville.com\/index.php\/wp-json\/wp\/v2\/types\/page"}],"author":[{"embeddable":true,"href":"https:\/\/annexeromainville.com\/index.php\/wp-json\/wp\/v2\/users\/5"}],"replies":[{"embeddable":true,"href":"https:\/\/annexeromainville.com\/index.php\/wp-json\/wp\/v2\/comments?post=11300"}],"version-history":[{"count":4,"href":"https:\/\/annexeromainville.com\/index.php\/wp-json\/wp\/v2\/pages\/11300\/revisions"}],"predecessor-version":[{"id":11324,"href":"https:\/\/annexeromainville.com\/index.php\/wp-json\/wp\/v2\/pages\/11300\/revisions\/11324"}],"up":[{"embeddable":true,"href":"https:\/\/annexeromainville.com\/index.php\/wp-json\/wp\/v2\/pages\/9192"}],"wp:attachment":[{"href":"https:\/\/annexeromainville.com\/index.php\/wp-json\/wp\/v2\/media?parent=11300"}],"curies":[{"name":"wp","href":"https:\/\/api.w.org\/{rel}","templated":true}]}}

RÉUSSIR SON ENTRETIEN

<h3><img loading="lazy" class="size-medium wp-image-11309 aligncenter" src="https://annexeromainville.com/wp-content/uploads/2025/09/6-300x300.png" alt="" width="300" height="300" srcset="https://annexeromainville.com/wp-content/uploads/2025/09/6-300x300.png 300w, https://annexeromainville.com/wp-content/uploads/2025/09/6-1024x1024.png 1024w, https://annexeromainville.com/wp-content/uploads/2025/09/6-150x150.png 150w, https://annexeromainville.com/wp-content/uploads/2025/09/6-768x768.png 768w, https://annexeromainville.com/wp-content/uploads/2025/09/6.png 1080w" sizes="(max-width: 300px) 100vw, 300px" /></h3>
<p>&nbsp;</p>
<h3><b><span data-contrast="none">PRÉSENTATION</span></b>&nbsp;<br />
<span data-ccp-props="{&quot;134245418&quot;:true,&quot;134245529&quot;:true,&quot;201341983&quot;:0,&quot;335551550&quot;:1,&quot;335551620&quot;:1,&quot;335559738&quot;:240,&quot;335559739&quot;:0,&quot;335559740&quot;:240}">&nbsp;</span></h3>
<p><span data-contrast="auto">À travers les outils pratiques et concrets du théâtre, qui proposent un engagement du corps et de l&#8217;esprit permettant un apprentissage global stimulant et créatif, nous pratiquerons des mises en situations à l’entretien d’embauche grâce à des exercices pratiques de théâtre autour du corps, de la voix de la relaxation – des jeux d&#8217;improvisations, des mises en situation d&#8217;entretien d&#8217;embauche.</span><span data-ccp-props="{&quot;201341983&quot;:0,&quot;335551550&quot;:6,&quot;335551620&quot;:6,&quot;335559731&quot;:0,&quot;335559740&quot;:240}">&nbsp;</span></p>
<h3><span data-ccp-props="{&quot;201341983&quot;:0,&quot;335551550&quot;:1,&quot;335551620&quot;:1,&quot;335559731&quot;:708,&quot;335559740&quot;:240}">&nbsp;</span></h3>
<h3><b><span data-contrast="none">LES ENJEUX PÉDAGOGIQUES</span></b>&nbsp;</h3>
<ul>
<li aria-setsize="-1" data-leveltext="" data-font="Symbol" data-listid="5" data-list-defn-props="{&quot;335552541&quot;:1,&quot;335559685&quot;:720,&quot;335559991&quot;:360,&quot;469769226&quot;:&quot;Symbol&quot;,&quot;469769242&quot;:[8226],&quot;469777803&quot;:&quot;left&quot;,&quot;469777804&quot;:&quot;&quot;,&quot;469777815&quot;:&quot;hybridMultilevel&quot;}" data-aria-posinset="1" data-aria-level="1"><b><span data-contrast="auto">Développement de la communication verbale et non verbale</span></b><span data-contrast="auto"> : Le stage vise à améliorer l&#8217;expression orale (clarté, articulation, argumentation) et l’aisance corporelle (posture, gestuelle, regard), compétences essentielles pour réussir un entretien d’embauche.</span><span data-ccp-props="{&quot;134233117&quot;:false,&quot;134233118&quot;:false,&quot;201341983&quot;:0,&quot;335551550&quot;:6,&quot;335551620&quot;:6,&quot;335559738&quot;:240,&quot;335559739&quot;:240,&quot;335559740&quot;:240}">&nbsp;</span></li>
</ul>
<ul>
<li aria-setsize="-1" data-leveltext="" data-font="Symbol" data-listid="5" data-list-defn-props="{&quot;335552541&quot;:1,&quot;335559685&quot;:720,&quot;335559991&quot;:360,&quot;469769226&quot;:&quot;Symbol&quot;,&quot;469769242&quot;:[8226],&quot;469777803&quot;:&quot;left&quot;,&quot;469777804&quot;:&quot;&quot;,&quot;469777815&quot;:&quot;hybridMultilevel&quot;}" data-aria-posinset="2" data-aria-level="1"><b><span data-contrast="auto">Renforcement de la confiance en soi par la mise en situation</span></b><span data-contrast="auto"> : En jouant à tour de rôle les deux positions (employeur et candidat), les participants prennent conscience de leurs capacités, apprennent à gérer le stress et gagnent en assurance.</span><span data-ccp-props="{&quot;134233117&quot;:false,&quot;134233118&quot;:false,&quot;201341983&quot;:0,&quot;335551550&quot;:6,&quot;335551620&quot;:6,&quot;335559685&quot;:720,&quot;335559737&quot;:0,&quot;335559738&quot;:240,&quot;335559739&quot;:240,&quot;335559740&quot;:240,&quot;335559991&quot;:360}">&nbsp;</span></li>
</ul>
<ul>
<li aria-setsize="-1" data-leveltext="" data-font="Symbol" data-listid="5" data-list-defn-props="{&quot;335552541&quot;:1,&quot;335559685&quot;:720,&quot;335559991&quot;:360,&quot;469769226&quot;:&quot;Symbol&quot;,&quot;469769242&quot;:[8226],&quot;469777803&quot;:&quot;left&quot;,&quot;469777804&quot;:&quot;&quot;,&quot;469777815&quot;:&quot;hybridMultilevel&quot;}" data-aria-posinset="3" data-aria-level="1"><b><span data-contrast="auto">Compréhension des codes et attentes d’un entretien professionnel : </span></b><span data-contrast="auto">L’alternance des rôles et le débriefing final permettent d’identifier les attentes spécifiques de chaque partie prenante et de mieux adapter son comportement et son discours aux réalités du monde professionnel.</span>&nbsp;<br />
<span data-ccp-props="{&quot;134233117&quot;:false,&quot;134233118&quot;:false,&quot;201341983&quot;:0,&quot;335551550&quot;:6,&quot;335551620&quot;:6,&quot;335559738&quot;:240,&quot;335559739&quot;:240,&quot;335559740&quot;:240}">&nbsp;</span></li>
</ul>
<h3><b><span data-contrast="none">LE CONTENU</span></b>&nbsp;</h3>
<p><span data-contrast="auto">Ce stage est composé d’un enchainement de plusieurs exercices : le corps dans l’espace, la voix, la relaxation et l’écoute, des mises en situation de l’entretien d’embauche, proposés sous forme de « petites scènes » improvisées &#8211; sélectionner une annonce &#8211; répondre et se présenter au téléphone.</span>&nbsp;</p>
<p>&nbsp;</p>
<h3><b><span data-contrast="none">PRÉ-REQUIS</span></b><span data-ccp-props="{&quot;134245417&quot;:true,&quot;134245418&quot;:true,&quot;134245529&quot;:true,&quot;201341983&quot;:0,&quot;335551550&quot;:1,&quot;335551620&quot;:1,&quot;335557856&quot;:4278190080,&quot;335559685&quot;:0,&quot;335559731&quot;:0,&quot;335559737&quot;:0,&quot;335559738&quot;:0,&quot;335559739&quot;:0,&quot;335559740&quot;:240}">&nbsp;</span></h3>
<p><span data-contrast="auto">Ce stage est ouvert à tous, artistes débutants/confirmés ou non-artiste.&nbsp;</span><span data-ccp-props="{&quot;134233117&quot;:false,&quot;134233118&quot;:false,&quot;134245418&quot;:true,&quot;134245529&quot;:true,&quot;201341983&quot;:0,&quot;335551550&quot;:6,&quot;335551620&quot;:6,&quot;335559685&quot;:0,&quot;335559737&quot;:0,&quot;335559738&quot;:0,&quot;335559739&quot;:0,&quot;335559740&quot;:240}">&nbsp;</span></p>
<p><span data-contrast="auto">Ce stage est également conçu pour les salariés dans une optique d’amélioration professionnelle.</span><span data-ccp-props="{&quot;134233117&quot;:false,&quot;134233118&quot;:false,&quot;134245418&quot;:true,&quot;134245529&quot;:true,&quot;201341983&quot;:0,&quot;335551550&quot;:6,&quot;335551620&quot;:6,&quot;335559685&quot;:0,&quot;335559737&quot;:0,&quot;335559738&quot;:0,&quot;335559739&quot;:0,&quot;335559740&quot;:240}">&nbsp;</span></p>
<p>&nbsp;</p>
<h3 style="text-align: center;"><strong><em>PROCHAINES DATES</em></strong></h3>
<p style="text-align: center;">&#8211; À venir &#8211;</p>

<p>&nbsp; PRÉSENTATION&nbsp; &nbsp; À travers les outils pratiques et concrets du théâtre, qui proposent un engagement du corps et de l&#8217;esprit permettant un apprentissage global stimulant et créatif, nous pratiquerons<span class="read-more-wrap"><a class="moretag" href="https://annexeromainville.com/index.php/stage-professionnel/reussir-son-entretien/">Lire la suite<span class="screen-reader-text">RÉUSSIR SON ENTRETIEN</span></a></span></p>
