{"id":1188,"date":"2017-08-29T16:31:11","date_gmt":"2017-08-29T15:31:11","guid":{"rendered":"http:\/\/annexedutraindevie.com\/?page_id=1188"},"modified":"2017-09-07T12:51:03","modified_gmt":"2017-09-07T11:51:03","slug":"les-tribulations-du-chat-moussik-et-de-son-maitre-nicolas","status":"publish","type":"page","link":"https:\/\/annexeromainville.com\/index.php\/les-tribulations-du-chat-moussik-et-de-son-maitre-nicolas\/","title":{"rendered":"Les Tribulations du chat Moussik et de son maitre Nicolas"},"content":{"rendered":"<div id=\"pl-1188\"  class=\"panel-layout\" ><div id=\"pg-1188-0\"  class=\"panel-grid panel-no-style\" ><div id=\"pgc-1188-0-0\"  class=\"panel-grid-cell\" ><div id=\"panel-1188-0-0-0\" class=\"so-panel widget widget_sow-editor panel-first-child panel-last-child\" data-index=\"0\" ><div\n\t\t\t\n\t\t\tclass=\"so-widget-sow-editor so-widget-sow-editor-base\"\n\t\t\t\n\t\t>\n<div class=\"siteorigin-widget-tinymce textwidget\">\n\t<h2><a href=\"http:\/\/annexedutraindevie.com\/wp-content\/uploads\/2017\/07\/Affiche-Chat-Moussik.png\"><img loading=\"lazy\" class=\"aligncenter wp-image-1118\" src=\"http:\/\/annexedutraindevie.com\/wp-content\/uploads\/2017\/07\/Affiche-Chat-Moussik.png\" alt=\"\" width=\"371\" height=\"423\"><\/a><\/h2>\n<h2 style=\"text-align: center;\"><em><span style=\"color: #000000;\">Les Tribulations du chat Moussik et de son maitre Nicolas<\/span><\/em><\/h2>\n<h4 style=\"text-align: center;\"><span style=\"color: #000000;\"> Samedi 14 octobre 2017 \u00e0 20h<\/span><br \/> <span style=\"color: #000000;\"> Dimanche 15 octobre 2017 \u00e0 15h30<\/span><\/h4>\n<p style=\"text-align: center;\"><span style=\"color: #000000;\">Spectacle musicale pour tous \u00e0 partir de 5 ans<\/span><\/p>\n<p>&nbsp;<\/p>\n<p><span style=\"color: #000000;\">Texte de <strong>Corinne LAPORTE<\/strong><\/span><br \/> <span style=\"color: #000000;\"> Avec : <strong>Marie CHABRUN<\/strong> (\u00e0 la guitare) et <strong>Corinne LAPORTE<\/strong> (au chant, Soprano)<\/span><\/p>\n<p><span style=\"color: #000000;\">Marie Chabrun et sa comparse, Corinne Laporte cr\u00e9\u00e9e \u00e0 L'Annexe un spectacle musical tout en d\u00e9licatesse pour les petits et les grands.<\/span><br \/> <span style=\"color: #000000;\"> Le Chat Moussik a toujours des id\u00e9es farfelues : il veut que son ma\u00eetre Nicolas, guitariste et compositeur, lui apprenne la musique ! Nicolas se fait prier\u2026 Mais comme il passe tous ses caprices \u00e0 son chat, il va l\u2019initier peu \u00e0 peu au monde merveilleux des notes, des rythmes, de l\u2019apprentissage d\u2019un instrument et de l\u2019\u00e9criture musicale.<\/span><br \/> <span style=\"color: #000000;\"> Ensemble, ils voyageront avec leurs guitares et leurs chansons, dans toutes sortes de pays lointains\u2026<\/span><\/p>\n<hr>\n<p style=\"text-align: justify;\"><span style=\"color: #000000;\"><a href=\"http:\/\/annexedutraindevie.com\/wp-content\/uploads\/2017\/08\/Marie-Chabrun-et-Corinne-Laporte.jpg\"><img loading=\"lazy\" class=\"wp-image-1139 alignleft\" src=\"http:\/\/annexedutraindevie.com\/wp-content\/uploads\/2017\/08\/Marie-Chabrun-et-Corinne-Laporte.jpg\" alt=\"\" width=\"257\" height=\"250\" srcset=\"https:\/\/annexeromainville.com\/wp-content\/uploads\/2017\/08\/Marie-Chabrun-et-Corinne-Laporte.jpg 1258w, https:\/\/annexeromainville.com\/wp-content\/uploads\/2017\/08\/Marie-Chabrun-et-Corinne-Laporte-300x291.jpg 300w, https:\/\/annexeromainville.com\/wp-content\/uploads\/2017\/08\/Marie-Chabrun-et-Corinne-Laporte-768x746.jpg 768w, https:\/\/annexeromainville.com\/wp-content\/uploads\/2017\/08\/Marie-Chabrun-et-Corinne-Laporte-1024x995.jpg 1024w\" sizes=\"(max-width: 257px) 100vw, 257px\" \/><\/a>Corinne Laporte et Marie Chabrun se sont connues, il y a plus de vingt ans, \u00e0 l\u2019\u00c9cole Nationale de Musique de Romainville o\u00f9 elles \u00e9taient professeurs, l\u2019une, de chant lyrique, l\u2019autre, de guitare. Elles avaient toutes deux une formation universitaire (Lettres classiques et Sciences Po, pour Corinne et Langues Orientales, pour Marie).<br \/> A l\u2019\u00c9cole Normale de Musique de Paris-Alfred Cortot, Marie a obtenu la Licence d\u2019Enseignement (classe d\u2019Alberto Ponce, guitare) et Corinne, le Dipl\u00f4me Sup\u00e9rieur d\u2019Ex\u00e9cution, (classe de Genevi\u00e8ve Touraine, chant).<br \/> Tr\u00e8s rapidement, leur go\u00fbt commun pour la musique de chambre et les spectacles m\u00ealant musique et po\u00e9sie les a rapproch\u00e9es.<br \/> Au fil des ann\u00e9es, elles ont pr\u00e9sent\u00e9 trois programmes tr\u00e8s divers :<br \/> \u2022 \u00ab <em>Deux petites anglaises<\/em> \u00bb (d\u2019apr\u00e8s <em>Alice au Pays des Merveilles<\/em>) spectacle pour enfants ;<br \/> \u2022 \u00ab <em>La rosa y el abanico<\/em> \u00bb (musique espagnole) ;<br \/> \u2022 \u00ab <em>Luz de tierra<\/em> \u00bb (musique d\u2019Am\u00e9rique latine) concert en trio avec V\u00e9ronique Bayer au piano.<\/span><\/p>\n<\/div>\n<\/div><\/div><\/div><\/div><div id=\"pg-1188-1\"  class=\"panel-grid panel-no-style\" ><div id=\"pgc-1188-1-0\"  class=\"panel-grid-cell\" ><div id=\"panel-1188-1-0-0\" class=\"so-panel widget widget_sow-button panel-first-child panel-last-child\" data-index=\"1\" ><div\n\t\t\t\n\t\t\tclass=\"so-widget-sow-button so-widget-sow-button-atom-857739567c6a-1188\"\n\t\t\t\n\t\t><div class=\"ow-button-base ow-button-align-center\"\n>\n\t\t\t<a\n\t\t\t\t\thref=\"http:\/\/annexedutraindevie.com\/index.php\/reservation\/\"\n\t\t\t\t\tclass=\"sowb-button ow-icon-placement-left ow-button-hover\" \t>\n\t\t<span>\n\t\t\t<span class=\"sow-icon-fontawesome sow-far\" data-sow-icon=\"&#xf274;\"\n\t\tstyle=\"color: #eac035\" \n\t\taria-hidden=\"true\"><\/span>\n\t\t\tR\u00e9server\t\t<\/span>\n\t\t\t<\/a>\n\t<\/div>\n<\/div><\/div><\/div><\/div><\/div>","protected":false},"excerpt":{"rendered":"<p>Les Tribulations du chat Moussik et de son maitre Nicolas Samedi 14 octobre 2017 \u00e0 20h Dimanche 15 octobre 2017 \u00e0 15h30Spectacle musicale pour tous \u00e0 partir de 5 ans&nbsp;Texte<span class=\"read-more-wrap\"><a class=\"moretag\" href=\"https:\/\/annexeromainville.com\/index.php\/les-tribulations-du-chat-moussik-et-de-son-maitre-nicolas\/\">Lire la suite<span class=\"screen-reader-text\">Les Tribulations du chat Moussik et de son maitre Nicolas<\/span><\/a><\/span><\/p>\n","protected":false},"author":2,"featured_media":0,"parent":0,"menu_order":0,"comment_status":"closed","ping_status":"closed","template":"","meta":{"_bbp_topic_count":0,"_bbp_reply_count":0,"_bbp_total_topic_count":0,"_bbp_total_reply_count":0,"_bbp_voice_count":0,"_bbp_anonymous_reply_count":0,"_bbp_topic_count_hidden":0,"_bbp_reply_count_hidden":0,"_bbp_forum_subforum_count":0,"ngg_post_thumbnail":0},"_links":{"self":[{"href":"https:\/\/annexeromainville.com\/index.php\/wp-json\/wp\/v2\/pages\/1188"}],"collection":[{"href":"https:\/\/annexeromainville.com\/index.php\/wp-json\/wp\/v2\/pages"}],"about":[{"href":"https:\/\/annexeromainville.com\/index.php\/wp-json\/wp\/v2\/types\/page"}],"author":[{"embeddable":true,"href":"https:\/\/annexeromainville.com\/index.php\/wp-json\/wp\/v2\/users\/2"}],"replies":[{"embeddable":true,"href":"https:\/\/annexeromainville.com\/index.php\/wp-json\/wp\/v2\/comments?post=1188"}],"version-history":[{"count":2,"href":"https:\/\/annexeromainville.com\/index.php\/wp-json\/wp\/v2\/pages\/1188\/revisions"}],"predecessor-version":[{"id":1225,"href":"https:\/\/annexeromainville.com\/index.php\/wp-json\/wp\/v2\/pages\/1188\/revisions\/1225"}],"wp:attachment":[{"href":"https:\/\/annexeromainville.com\/index.php\/wp-json\/wp\/v2\/media?parent=1188"}],"curies":[{"name":"wp","href":"https:\/\/api.w.org\/{rel}","templated":true}]}}