{"id":1231,"date":"2017-09-07T13:43:51","date_gmt":"2017-09-07T12:43:51","guid":{"rendered":"http:\/\/annexedutraindevie.com\/?page_id=1231"},"modified":"2017-09-07T13:45:09","modified_gmt":"2017-09-07T12:45:09","slug":"une-proposition","status":"publish","type":"page","link":"https:\/\/annexeromainville.com\/index.php\/une-proposition\/","title":{"rendered":"Une Proposition"},"content":{"rendered":"<div id=\"pl-1231\"  class=\"panel-layout\" ><div id=\"pg-1231-0\"  class=\"panel-grid panel-no-style\" ><div id=\"pgc-1231-0-0\"  class=\"panel-grid-cell\" ><div id=\"panel-1231-0-0-0\" class=\"so-panel widget widget_sow-editor panel-first-child panel-last-child\" data-index=\"0\" ><div\n\t\t\t\n\t\t\tclass=\"so-widget-sow-editor so-widget-sow-editor-base\"\n\t\t\t\n\t\t>\n<div class=\"siteorigin-widget-tinymce textwidget\">\n\t<h2 style=\"text-align: center;\"><a href=\"http:\/\/annexedutraindevie.com\/wp-content\/uploads\/2017\/07\/Affiche-une-proposition.png\"><img loading=\"lazy\" class=\"aligncenter wp-image-1120\" src=\"http:\/\/annexedutraindevie.com\/wp-content\/uploads\/2017\/07\/Affiche-une-proposition.png\" alt=\"\" width=\"321\" height=\"366\"\/><\/a><\/h2>\n<h2 style=\"text-align: center;\">&nbsp;<span style=\"color: #000000;\">Une proposition<\/span><\/h2>\n<h3 style=\"text-align: center;\"><span style=\"color: #000000;\">Vendredi 8 d\u00e9cembre \u00e0 21h00<\/span><br \/> <span style=\"color: #000000;\"> Samedi 9 d\u00e9cembre \u00e0 21h00<\/span><br \/> <span style=\"color: #000000;\"> Th\u00e9\u00e2tre - Adaptation<\/span><\/h3>\n<p style=\"text-align: center;\"><span style=\"color: #000000;\">D\u2019apr\u00e8s les sc\u00e9narios de Sleuth : \u00ab Le Limier \u00bb d\u2019Anthony Shaffer et d\u2019Harold Pinter,<br \/> Cr\u00e9ation Collective de Juste Avant la Compagnie<\/span><\/p>\n<p><span style=\"color: #000000;\"> Mise en sc\u00e8ne par Baptiste DEZERCES<\/span><br \/> <span style=\"color: #000000;\"> Avec Baptiste DEZERCES et Simon REMBARDO<\/span><\/p>\n<p><span style=\"color: #000000;\"><em> Une proposition<\/em> est une adaptation th\u00e9\u00e2trale d\u2019un film de Joseph Mankiewicz de 1972 intitul\u00e9 <em>Sleuth (Le Limier)<\/em>, ainsi que de son remake de 2007 r\u00e9alis\u00e9 par Kenneth Branagh. Ces deux films ont eu de prestigieux sc\u00e9naristes : pour le film original Anthony Shaffer adapte sa propre pi\u00e8ce de th\u00e9\u00e2tre. Puis, pour le remake c\u2019est le dramaturge britannique Harold Pinter qui joue de sa plume acerbe pour s\u2019approprier le sc\u00e9nario.<\/span><\/p>\n<p><span style=\"color: #000000;\">Mathias invite Milo, l\u2019amant de sa femme afin d\u2019\u00e9tablir un complot. L\u2019un aura l\u2019argent, et l\u2019autre la femme. Mais qui obtiendra quoi ? Entre retournements de situation et second degr\u00e9, le suspense reste entier.<\/span><\/p>\n<\/div>\n<\/div><\/div><\/div><\/div><div id=\"pg-1231-1\"  class=\"panel-grid panel-no-style\" ><div id=\"pgc-1231-1-0\"  class=\"panel-grid-cell\" ><div id=\"panel-1231-1-0-0\" class=\"so-panel widget widget_sow-editor panel-first-child panel-last-child\" data-index=\"1\" ><div\n\t\t\t\n\t\t\tclass=\"so-widget-sow-editor so-widget-sow-editor-base\"\n\t\t\t\n\t\t>\n<div class=\"siteorigin-widget-tinymce textwidget\">\n\t<p style=\"text-align: justify;\"><span style=\"color: #000000;\"><a href=\"http:\/\/annexedutraindevie.com\/wp-content\/uploads\/2017\/09\/Baptiste-DEZERCES.jpg\"><img loading=\"lazy\" class=\"wp-image-1234 alignright\" src=\"http:\/\/annexedutraindevie.com\/wp-content\/uploads\/2017\/09\/Baptiste-DEZERCES.jpg\" alt=\"\" width=\"143\" height=\"211\" srcset=\"https:\/\/annexeromainville.com\/wp-content\/uploads\/2017\/09\/Baptiste-DEZERCES.jpg 363w, https:\/\/annexeromainville.com\/wp-content\/uploads\/2017\/09\/Baptiste-DEZERCES-203x300.jpg 203w\" sizes=\"(max-width: 143px) 100vw, 143px\" \/><\/a>Entre 2012 et 2015, Baptiste Dezerces se forme \u00e0 l\u2019\u00c9cole du Nord (direction Stuart Seide, puis Christophe Rauck).<\/span><br \/> <span style=\"color: #000000;\"> En 2013, il joue et met en sc\u00e8ne <em>Richard III<\/em> de William Shakespeare traduit et adapt\u00e9 par Cl\u00e9ment Camar-Mercier.<\/span><br \/> <span style=\"color: #000000;\"> En 2015, il incarne Aumerle, dans <em>Richard II<\/em> mis en sc\u00e8ne par Guillaume S\u00e9verac- Schmitz, une cr\u00e9ation du Collectif Eudaimonia. Le spectacle est cr\u00e9\u00e9 au Th\u00e9\u00e2tre de l\u2019Archipel-Sc\u00e8ne Nationale de Perpignan le 3 novembre 2015 et part en tourn\u00e9e dans toute la France jusqu\u2019en 2018.<\/span><\/p>\n<\/div>\n<\/div><\/div><\/div><div id=\"pgc-1231-1-1\"  class=\"panel-grid-cell\" ><div id=\"panel-1231-1-1-0\" class=\"so-panel widget widget_sow-editor panel-first-child panel-last-child\" data-index=\"2\" ><div\n\t\t\t\n\t\t\tclass=\"so-widget-sow-editor so-widget-sow-editor-base\"\n\t\t\t\n\t\t>\n<div class=\"siteorigin-widget-tinymce textwidget\">\n\t<p style=\"text-align: justify;\"><span style=\"color: #000000;\"><a href=\"http:\/\/annexedutraindevie.com\/wp-content\/uploads\/2017\/09\/Simon-REMBARDO.jpg\"><img loading=\"lazy\" class=\"wp-image-1235 alignleft\" src=\"http:\/\/annexedutraindevie.com\/wp-content\/uploads\/2017\/09\/Simon-REMBARDO.jpg\" alt=\"\" width=\"155\" height=\"210\" srcset=\"https:\/\/annexeromainville.com\/wp-content\/uploads\/2017\/09\/Simon-REMBARDO.jpg 415w, https:\/\/annexeromainville.com\/wp-content\/uploads\/2017\/09\/Simon-REMBARDO-221x300.jpg 221w\" sizes=\"(max-width: 155px) 100vw, 155px\" \/><\/a>Simon Rembado est dipl\u00f4m\u00e9 du CNSAD en 2016.<\/span><br \/>\n<span style=\"color: #000000;\"> Il a notamment jou\u00e9 L\u00e9lio dans <em>La Fausse Suivante<\/em> de Marivaux, mise en sc\u00e8ne de J\u00e9r\u00e9my Ridel, programm\u00e9 en 2015 aux festivals Pr\u00e9liminaires et Impatience. En 2016-2017, il a jou\u00e9 au Nouveau Th\u00e9\u00e2tre de Montreuil dans<em> Das ist die Galerie<\/em>, mise en sc\u00e8ne de Linda Du\u0161kov\u00e1, d\u2019apr\u00e8s <em>Paysage sous surveillance<\/em> de Heiner M\u00fcller, ainsi qu\u2019au th\u00e9\u00e2tre de Vanves dans <em>Casimir et Caroline<\/em> d\u2019\u00d6d\u00f6n von Horv\u00e1th, mise en sc\u00e8ne de J\u00e9r\u00e9my Ridel (r\u00f4le de Sch\u00fcrzinger).<\/span><br \/>\n<span style=\"color: #000000;\"> Avec Baptiste Dezerces, il a jou\u00e9 Edouard IV, Catesby et Ely dans <em>Richard III<\/em> de William Shakespeare.<\/span><\/p>\n<\/div>\n<\/div><\/div><\/div><\/div><div id=\"pg-1231-2\"  class=\"panel-grid panel-no-style\" ><div id=\"pgc-1231-2-0\"  class=\"panel-grid-cell\" ><div id=\"panel-1231-2-0-0\" class=\"so-panel widget widget_sow-button panel-first-child panel-last-child\" data-index=\"3\" ><div\n\t\t\t\n\t\t\tclass=\"so-widget-sow-button so-widget-sow-button-atom-857739567c6a-1231\"\n\t\t\t\n\t\t><div class=\"ow-button-base ow-button-align-center\"\n>\n\t\t\t<a\n\t\t\t\t\thref=\"http:\/\/annexedutraindevie.com\/index.php\/reservation\/\"\n\t\t\t\t\tclass=\"sowb-button ow-icon-placement-left ow-button-hover\" \t>\n\t\t<span>\n\t\t\t<span class=\"sow-icon-fontawesome sow-far\" data-sow-icon=\"&#xf274;\"\n\t\tstyle=\"color: #eac035\" \n\t\taria-hidden=\"true\"><\/span>\n\t\t\tR\u00e9server\t\t<\/span>\n\t\t\t<\/a>\n\t<\/div>\n<\/div><\/div><\/div><\/div><\/div>","protected":false},"excerpt":{"rendered":"<p>&nbsp;Une propositionVendredi 8 d\u00e9cembre \u00e0 21h00 Samedi 9 d\u00e9cembre \u00e0 21h00 Th\u00e9\u00e2tre &#8211; AdaptationD\u2019apr\u00e8s les sc\u00e9narios de Sleuth : \u00ab Le Limier \u00bb d\u2019Anthony Shaffer et d\u2019Harold Pinter, Cr\u00e9ation Collective<span class=\"read-more-wrap\"><a class=\"moretag\" href=\"https:\/\/annexeromainville.com\/index.php\/une-proposition\/\">Lire la suite<span class=\"screen-reader-text\">Une Proposition<\/span><\/a><\/span><\/p>\n","protected":false},"author":2,"featured_media":0,"parent":0,"menu_order":0,"comment_status":"closed","ping_status":"closed","template":"","meta":{"_bbp_topic_count":0,"_bbp_reply_count":0,"_bbp_total_topic_count":0,"_bbp_total_reply_count":0,"_bbp_voice_count":0,"_bbp_anonymous_reply_count":0,"_bbp_topic_count_hidden":0,"_bbp_reply_count_hidden":0,"_bbp_forum_subforum_count":0,"ngg_post_thumbnail":0},"_links":{"self":[{"href":"https:\/\/annexeromainville.com\/index.php\/wp-json\/wp\/v2\/pages\/1231"}],"collection":[{"href":"https:\/\/annexeromainville.com\/index.php\/wp-json\/wp\/v2\/pages"}],"about":[{"href":"https:\/\/annexeromainville.com\/index.php\/wp-json\/wp\/v2\/types\/page"}],"author":[{"embeddable":true,"href":"https:\/\/annexeromainville.com\/index.php\/wp-json\/wp\/v2\/users\/2"}],"replies":[{"embeddable":true,"href":"https:\/\/annexeromainville.com\/index.php\/wp-json\/wp\/v2\/comments?post=1231"}],"version-history":[{"count":6,"href":"https:\/\/annexeromainville.com\/index.php\/wp-json\/wp\/v2\/pages\/1231\/revisions"}],"predecessor-version":[{"id":1241,"href":"https:\/\/annexeromainville.com\/index.php\/wp-json\/wp\/v2\/pages\/1231\/revisions\/1241"}],"wp:attachment":[{"href":"https:\/\/annexeromainville.com\/index.php\/wp-json\/wp\/v2\/media?parent=1231"}],"curies":[{"name":"wp","href":"https:\/\/api.w.org\/{rel}","templated":true}]}}

<div id="pl-1231"  class="panel-layout" ><div id="pg-1231-0"  class="panel-grid panel-no-style" ><div id="pgc-1231-0-0"  class="panel-grid-cell" ><div id="panel-1231-0-0-0" class="so-panel widget widget_sow-editor panel-first-child panel-last-child" data-index="0" ><div
			
			class="so-widget-sow-editor so-widget-sow-editor-base"
			
		>
<div class="siteorigin-widget-tinymce textwidget">
	<h2 style="text-align: center;"><a href="http://annexedutraindevie.com/wp-content/uploads/2017/07/Affiche-une-proposition.png"><img loading="lazy" class="aligncenter wp-image-1120" src="http://annexedutraindevie.com/wp-content/uploads/2017/07/Affiche-une-proposition.png" alt="" width="321" height="366"/></a></h2>
<h2 style="text-align: center;">&nbsp;<span style="color: #000000;">Une proposition</span></h2>
<h3 style="text-align: center;"><span style="color: #000000;">Vendredi 8 décembre à 21h00</span><br /> <span style="color: #000000;"> Samedi 9 décembre à 21h00</span><br /> <span style="color: #000000;"> Théâtre - Adaptation</span></h3>
<p style="text-align: center;"><span style="color: #000000;">D’après les scénarios de Sleuth : « Le Limier » d’Anthony Shaffer et d’Harold Pinter,<br /> Création Collective de Juste Avant la Compagnie</span></p>
<p><span style="color: #000000;"> Mise en scène par Baptiste DEZERCES</span><br /> <span style="color: #000000;"> Avec Baptiste DEZERCES et Simon REMBARDO</span></p>
<p><span style="color: #000000;"><em> Une proposition</em> est une adaptation théâtrale d’un film de Joseph Mankiewicz de 1972 intitulé <em>Sleuth (Le Limier)</em>, ainsi que de son remake de 2007 réalisé par Kenneth Branagh. Ces deux films ont eu de prestigieux scénaristes : pour le film original Anthony Shaffer adapte sa propre pièce de théâtre. Puis, pour le remake c’est le dramaturge britannique Harold Pinter qui joue de sa plume acerbe pour s’approprier le scénario.</span></p>
<p><span style="color: #000000;">Mathias invite Milo, l’amant de sa femme afin d’établir un complot. L’un aura l’argent, et l’autre la femme. Mais qui obtiendra quoi ? Entre retournements de situation et second degré, le suspense reste entier.</span></p>
</div>
</div></div></div></div><div id="pg-1231-1"  class="panel-grid panel-no-style" ><div id="pgc-1231-1-0"  class="panel-grid-cell" ><div id="panel-1231-1-0-0" class="so-panel widget widget_sow-editor panel-first-child panel-last-child" data-index="1" ><div
			
			class="so-widget-sow-editor so-widget-sow-editor-base"
			
		>
<div class="siteorigin-widget-tinymce textwidget">
	<p style="text-align: justify;"><span style="color: #000000;"><a href="http://annexedutraindevie.com/wp-content/uploads/2017/09/Baptiste-DEZERCES.jpg"><img loading="lazy" class="wp-image-1234 alignright" src="http://annexedutraindevie.com/wp-content/uploads/2017/09/Baptiste-DEZERCES.jpg" alt="" width="143" height="211" srcset="https://annexeromainville.com/wp-content/uploads/2017/09/Baptiste-DEZERCES.jpg 363w, https://annexeromainville.com/wp-content/uploads/2017/09/Baptiste-DEZERCES-203x300.jpg 203w" sizes="(max-width: 143px) 100vw, 143px" /></a>Entre 2012 et 2015, Baptiste Dezerces se forme à l’École du Nord (direction Stuart Seide, puis Christophe Rauck).</span><br /> <span style="color: #000000;"> En 2013, il joue et met en scène <em>Richard III</em> de William Shakespeare traduit et adapté par Clément Camar-Mercier.</span><br /> <span style="color: #000000;"> En 2015, il incarne Aumerle, dans <em>Richard II</em> mis en scène par Guillaume Séverac- Schmitz, une création du Collectif Eudaimonia. Le spectacle est créé au Théâtre de l’Archipel-Scène Nationale de Perpignan le 3 novembre 2015 et part en tournée dans toute la France jusqu’en 2018.</span></p>
</div>
</div></div></div><div id="pgc-1231-1-1"  class="panel-grid-cell" ><div id="panel-1231-1-1-0" class="so-panel widget widget_sow-editor panel-first-child panel-last-child" data-index="2" ><div
			
			class="so-widget-sow-editor so-widget-sow-editor-base"
			
		>
<div class="siteorigin-widget-tinymce textwidget">
	<p style="text-align: justify;"><span style="color: #000000;"><a href="http://annexedutraindevie.com/wp-content/uploads/2017/09/Simon-REMBARDO.jpg"><img loading="lazy" class="wp-image-1235 alignleft" src="http://annexedutraindevie.com/wp-content/uploads/2017/09/Simon-REMBARDO.jpg" alt="" width="155" height="210" srcset="https://annexeromainville.com/wp-content/uploads/2017/09/Simon-REMBARDO.jpg 415w, https://annexeromainville.com/wp-content/uploads/2017/09/Simon-REMBARDO-221x300.jpg 221w" sizes="(max-width: 155px) 100vw, 155px" /></a>Simon Rembado est diplômé du CNSAD en 2016.</span><br />
<span style="color: #000000;"> Il a notamment joué Lélio dans <em>La Fausse Suivante</em> de Marivaux, mise en scène de Jérémy Ridel, programmé en 2015 aux festivals Préliminaires et Impatience. En 2016-2017, il a joué au Nouveau Théâtre de Montreuil dans<em> Das ist die Galerie</em>, mise en scène de Linda Dušková, d’après <em>Paysage sous surveillance</em> de Heiner Müller, ainsi qu’au théâtre de Vanves dans <em>Casimir et Caroline</em> d’Ödön von Horváth, mise en scène de Jérémy Ridel (rôle de Schürzinger).</span><br />
<span style="color: #000000;"> Avec Baptiste Dezerces, il a joué Edouard IV, Catesby et Ely dans <em>Richard III</em> de William Shakespeare.</span></p>
</div>
</div></div></div></div><div id="pg-1231-2"  class="panel-grid panel-no-style" ><div id="pgc-1231-2-0"  class="panel-grid-cell" ><div id="panel-1231-2-0-0" class="so-panel widget widget_sow-button panel-first-child panel-last-child" data-index="3" ><div
			
			class="so-widget-sow-button so-widget-sow-button-atom-857739567c6a-1231"
			
		><div class="ow-button-base ow-button-align-center"
>
			<a
					href="http://annexedutraindevie.com/index.php/reservation/"
					class="sowb-button ow-icon-placement-left ow-button-hover" 	>
		<span>
			<span class="sow-icon-fontawesome sow-far" data-sow-icon="&#xf274;"
		style="color: #eac035" 
		aria-hidden="true"></span>
			Réserver		</span>
			</a>
	</div>
</div></div></div></div></div>

<p>&nbsp;Une propositionVendredi 8 décembre à 21h00 Samedi 9 décembre à 21h00 Théâtre &#8211; AdaptationD’après les scénarios de Sleuth : « Le Limier » d’Anthony Shaffer et d’Harold Pinter, Création Collective<span class="read-more-wrap"><a class="moretag" href="https://annexeromainville.com/index.php/une-proposition/">Lire la suite<span class="screen-reader-text">Une Proposition</span></a></span></p>
