{"id":1278,"date":"2017-09-15T14:28:38","date_gmt":"2017-09-15T13:28:38","guid":{"rendered":"http:\/\/annexedutraindevie.com\/?page_id=1278"},"modified":"2017-09-15T14:28:39","modified_gmt":"2017-09-15T13:28:39","slug":"diptyque-sur-leurope-sweet-home-europa-goodbye-europa-lost-words","status":"publish","type":"page","link":"https:\/\/annexeromainville.com\/index.php\/diptyque-sur-leurope-sweet-home-europa-goodbye-europa-lost-words\/","title":{"rendered":"Diptyque sur l&#8217;Europe : Sweet Home Europa \/ Goodbye Europa, Lost Words"},"content":{"rendered":"<div id=\"pl-1278\"  class=\"panel-layout\" ><div id=\"pg-1278-0\"  class=\"panel-grid panel-no-style\" ><div id=\"pgc-1278-0-0\"  class=\"panel-grid-cell\" ><div id=\"panel-1278-0-0-0\" class=\"so-panel widget widget_sow-editor panel-first-child panel-last-child\" data-index=\"0\" ><div\n\t\t\t\n\t\t\tclass=\"so-widget-sow-editor so-widget-sow-editor-base\"\n\t\t\t\n\t\t>\n<div class=\"siteorigin-widget-tinymce textwidget\">\n\t<h3 style=\"text-align: center;\"><span style=\"color: #000000;\"><a href=\"http:\/\/annexedutraindevie.com\/wp-content\/uploads\/2017\/07\/goodbye-europa.jpg\"><img loading=\"lazy\" class=\"aligncenter  wp-image-1275\" src=\"http:\/\/annexedutraindevie.com\/wp-content\/uploads\/2017\/07\/goodbye-europa.jpg\" alt=\"\" width=\"336\" height=\"383\" srcset=\"https:\/\/annexeromainville.com\/wp-content\/uploads\/2017\/07\/goodbye-europa.jpg 1241w, https:\/\/annexeromainville.com\/wp-content\/uploads\/2017\/07\/goodbye-europa-263x300.jpg 263w, https:\/\/annexeromainville.com\/wp-content\/uploads\/2017\/07\/goodbye-europa-768x875.jpg 768w, https:\/\/annexeromainville.com\/wp-content\/uploads\/2017\/07\/goodbye-europa-899x1024.jpg 899w\" sizes=\"(max-width: 336px) 100vw, 336px\" \/><\/a>Diptyque sur L'Europe<\/span><\/h3>\n<h3 style=\"text-align: center;\"><span style=\"color: #000000;\">Partie 1 : <em>Sweet Home Europa<\/em><\/span><br \/><span style=\"color: #000000;\"> Partie 2 : <em>Goodbye Europa, Lost words<\/em><\/span><\/h3>\n<h5 style=\"text-align: center;\"><span style=\"color: #000000;\">Partie 1, Vendredi 10 novembre \u00e0 19h<\/span><br \/><span style=\"color: #000000;\"> Partie 2,Vendredi 15 d\u00e9cembre \u00e0 19h<\/span><\/h5>\n<p style=\"text-align: center;\"><span style=\"color: #000000;\">Lecture textes in\u00e9dits \u00e0 partir de 12 ans<\/span><\/p>\n<p>&nbsp;<\/p>\n<p><span style=\"color: #000000;\">Texte de David Carnevali<\/span><br \/><span style=\"color: #000000;\"> Par le Collectif Mona (Claire FRETEL , Ma\u00ebva HUSBAND, Audrey LE BIHAN, Capucine LESPINAS, Claire MECHIN, William PRUNCK, Matyas SIMON, Aur\u00e9lien TOURTE)<\/span><\/p>\n<p><span style=\"color: #000000;\">Au d\u00e9but du 21\u00e8me si\u00e8cle, le grand projet d\u2019une Europe unie est s\u00e9rieusement remis en cause. Quel futur pour cette Union Europ\u00e9enne ? Lecture d\u2019un texte in\u00e9dit traitant de sujets d\u2019actualit\u00e9 de mani\u00e8re d\u00e9tourn\u00e9e.<\/span><\/p>\n<p><span style=\"color: #000000;\">Le Collectif Mona est une troupe d'acteurs, anim\u00e9s par le d\u00e9sir de dire les Auteurs Contemporains, ils nous font le bonheur d'atterrir \u00e0 L'Annexe. Avec la maison Antoine Vitez et la m\u00e9diath\u00e8que de Romainville.<\/span><\/p>\n<hr>\n<p><span style=\"color: #000000;\">Le Collectif MONA a vu le jour en 2006 sur l\u2019initiative d\u2019un groupe de com\u00e9diens issus de l\u2019ESAD (\u00c9cole Sup\u00e9rieure d\u2019Art Dramatique du Conservatoire National de R\u00e9gion de Paris), dirig\u00e9e par Jean-Claude Cotillard. Depuis, il a regroup\u00e9 de jeunes artistes d\u00e9sireux de d\u00e9couvrir de nouveaux auteurs et anim\u00e9s d\u2019une profonde n\u00e9cessit\u00e9 de faire entendre l\u2019\u00e9criture contemporaine.<\/span><\/p>\n<p><strong><span style=\"color: #000000;\"> Parcours :<\/span><\/strong><br \/><span style=\"color: #000000;\"> \u2022 <em>ETINCELLES<\/em> de Laura Sicignano, lecture-spectacle cr\u00e9\u00e9e \u00e0 la Maison des M\u00e9talos, Paris XI\u00e8me.<\/span><br \/><span style=\"color: #000000;\"> \u2022 <em>QUELQUES BONNES IDEES D\u2019ACHAT<\/em> de Tristan Choisel, lecture-spectacle cr\u00e9\u00e9e au Th\u00e9\u00e2tre des deux Rives \u00e0 Charenton-le-Pont (2014).<\/span><br \/><span style=\"color: #000000;\"> \u2022&nbsp; <\/span><em><span style=\"color: #000000;\">LE MARDI OU MORTY EST MORT<\/span><\/em><span style=\"color: #000000;\">de Rasmus Lindberg, lecture-spectacle cr\u00e9\u00e9e dans le cadre des lectures Mona Loba, reprise \u00e0 l\u2019Institut Su\u00e9dois, pour le festival l\u2019Europe des Th\u00e9\u00e2tres (2011). Puis au Th\u00e9\u00e2tre des deux Rives \u00e0 Charenton-le-Pont (2012).<\/span><br \/><span style=\"color: #000000;\"> \u2022 <em>DEVENIR LE CIEL<\/em> de Laurent Contamin : cr\u00e9ation en 2011 au Th\u00e9\u00e2tre des Deux Rives \u00e0 Charenton-le-Pont (Aide \u00e0 la cr\u00e9ation du CNT et Fonds SACD).<\/span><br \/><span style=\"color: #000000;\"> \u2022 <em>ARABERLIN<\/em> de Jalila Baccar : cr\u00e9ation de la pi\u00e8ce en France. Prix Paris Jeunes Talents 2008. <\/span><span style=\"color: #000000;\">Pi\u00e8ce cr\u00e9\u00e9e en coproduction avec le Th\u00e9\u00e2tre des Deux Rives \u00e0 Charenton-le-Pont en 2008, reprise \u00e0 la Maison des M\u00e9tallos et au Festival Onze Bouge en 2009.<\/span><br \/><span style=\"color: #000000;\"> \u2022 <em>TERRORISME<\/em> d\u2019Oleg et Vladimir Presniakov: lecture-spectacle. Pi\u00e8ce in\u00e9dite cr\u00e9\u00e9e en d\u00e9cembre 2008 \u00e0 Fontenay en Sc\u00e8nes, au Th\u00e9\u00e2tre du Rond-Point et au Th\u00e9\u00e2tre de l\u2019Est Parisien.<\/span><br \/><span style=\"color: #000000;\"> \u2022 <em>EL MONA<\/em> de Koffi Kwahul\u00e9 : lecture-spectacle Cr\u00e9\u00e9e en 2006 dans le cadre des mardis-midi du Th\u00e9\u00e2tre du Rond-Point, reprise \u00e0 la Maison des Cultures du Monde au profit de la Croix-Rouge Libanaise (2007) puis au Lavoir Moderne Parisien (2008).<\/span><\/p>\n<p><span style=\"color: #000000;\"><strong>Autres mises en voix et en espace<\/strong> :<\/span><\/p>\n<p><span style=\"color: #000000;\">\u2022 <em>SAUVAGES L\u2019HOMME AUX YEUX TRISTES<\/em> de Klaus H\u00e4ndl: lecture-spectacle cr\u00e9\u00e9e dans le cadre des lectures Mona Loba (2013).<\/span><br \/><span style=\"color: #000000;\"> \u2022<em> SANKA<\/em> de Dea Loher, lecture-spectacle cr\u00e9\u00e9e dans le cadre des lectures Mona Loba, reprise au Goethe Institut pour le festival L\u2019Europe des Th\u00e9\u00e2tres (2011).<\/span><br \/><span style=\"color: #000000;\"> \u2022 Mise en lecture de <em>NOUVELLES D\u2019ETEL ADNAN<\/em> dans le cadre des lectures Mona Loba (2010).<\/span><br \/><span style=\"color: #000000;\"> \u2022 Mises en voix de <em>TEXTES DE KOSSI EFOUI<\/em> dans le cadre du colloque international autour du th\u00e9\u00e2tre de Kossi Efoui : Une po\u00e9tique du marronnage au pouvoir, organis\u00e9 par l\u2019Institut de Recherche en \u00c9tudes Th\u00e9\u00e2trales de l\u2019universit\u00e9 Paris III en 2010 au Mus\u00e9e Dapper.<\/span><br \/><span style=\"color: #000000;\"> \u2022 Mises en voix de <em>TEXTES DE KOFFI KWAHULE<\/em> dans le cadre du Colloque International sur Koffi Kwahul\u00e9 : Fr\u00e8res de son, fr\u00e8res de sc\u00e8ne organis\u00e9 par l\u2019Universit\u00e9 Paris III (2008).<\/span><br \/><span style=\"color: #000000;\"> \u2022 Parcours-spectacle autour du <em>JOURNAL DU PROJET HLA<\/em> de Nicolas Fretel au Th\u00e9\u00e2tre National de la Colline (2006)<\/span><br \/><span style=\"color: #000000;\"> \u2022 Mise en espace de <em>TEXTES INEDITS DE NICOLAS FRETEL<\/em> dans les collections permanentes du Mus\u00e9e d\u2019Orsay (2006).<\/span><\/p>\n<\/div>\n<\/div><\/div><\/div><\/div><div id=\"pg-1278-1\"  class=\"panel-grid panel-no-style\" ><div id=\"pgc-1278-1-0\"  class=\"panel-grid-cell\" ><div id=\"panel-1278-1-0-0\" class=\"so-panel widget widget_sow-button panel-first-child panel-last-child\" data-index=\"1\" ><div\n\t\t\t\n\t\t\tclass=\"so-widget-sow-button so-widget-sow-button-atom-857739567c6a-1278\"\n\t\t\t\n\t\t><div class=\"ow-button-base ow-button-align-center\"\n>\n\t\t\t<a\n\t\t\t\t\thref=\"http:\/\/annexedutraindevie.com\/index.php\/reservation\/\"\n\t\t\t\t\tclass=\"sowb-button ow-icon-placement-left ow-button-hover\" \t>\n\t\t<span>\n\t\t\t<span class=\"sow-icon-fontawesome sow-far\" data-sow-icon=\"&#xf274;\"\n\t\tstyle=\"color: #eac035\" \n\t\taria-hidden=\"true\"><\/span>\n\t\t\tR\u00e9server\t\t<\/span>\n\t\t\t<\/a>\n\t<\/div>\n<\/div><\/div><\/div><\/div><\/div>","protected":false},"excerpt":{"rendered":"<p>Diptyque sur L&#8217;EuropePartie 1 : Sweet Home Europa Partie 2 : Goodbye Europa, Lost wordsPartie 1, Vendredi 10 novembre \u00e0 19h Partie 2,Vendredi 15 d\u00e9cembre \u00e0 19hLecture textes in\u00e9dits \u00e0<span class=\"read-more-wrap\"><a class=\"moretag\" href=\"https:\/\/annexeromainville.com\/index.php\/diptyque-sur-leurope-sweet-home-europa-goodbye-europa-lost-words\/\">Lire la suite<span class=\"screen-reader-text\">Diptyque sur l&#8217;Europe : Sweet Home Europa \/ Goodbye Europa, Lost Words<\/span><\/a><\/span><\/p>\n","protected":false},"author":2,"featured_media":0,"parent":0,"menu_order":0,"comment_status":"closed","ping_status":"closed","template":"","meta":{"_bbp_topic_count":0,"_bbp_reply_count":0,"_bbp_total_topic_count":0,"_bbp_total_reply_count":0,"_bbp_voice_count":0,"_bbp_anonymous_reply_count":0,"_bbp_topic_count_hidden":0,"_bbp_reply_count_hidden":0,"_bbp_forum_subforum_count":0,"ngg_post_thumbnail":0},"_links":{"self":[{"href":"https:\/\/annexeromainville.com\/index.php\/wp-json\/wp\/v2\/pages\/1278"}],"collection":[{"href":"https:\/\/annexeromainville.com\/index.php\/wp-json\/wp\/v2\/pages"}],"about":[{"href":"https:\/\/annexeromainville.com\/index.php\/wp-json\/wp\/v2\/types\/page"}],"author":[{"embeddable":true,"href":"https:\/\/annexeromainville.com\/index.php\/wp-json\/wp\/v2\/users\/2"}],"replies":[{"embeddable":true,"href":"https:\/\/annexeromainville.com\/index.php\/wp-json\/wp\/v2\/comments?post=1278"}],"version-history":[{"count":2,"href":"https:\/\/annexeromainville.com\/index.php\/wp-json\/wp\/v2\/pages\/1278\/revisions"}],"predecessor-version":[{"id":1280,"href":"https:\/\/annexeromainville.com\/index.php\/wp-json\/wp\/v2\/pages\/1278\/revisions\/1280"}],"wp:attachment":[{"href":"https:\/\/annexeromainville.com\/index.php\/wp-json\/wp\/v2\/media?parent=1278"}],"curies":[{"name":"wp","href":"https:\/\/api.w.org\/{rel}","templated":true}]}}