{"id":1494,"date":"2018-01-31T12:32:40","date_gmt":"2018-01-31T11:32:40","guid":{"rendered":"http:\/\/annexedutraindevie.com\/?page_id=1494"},"modified":"2018-02-05T11:21:07","modified_gmt":"2018-02-05T10:21:07","slug":"oh-les-beaux-jours","status":"publish","type":"page","link":"https:\/\/annexeromainville.com\/index.php\/oh-les-beaux-jours\/","title":{"rendered":"Oh ! Les beaux jours"},"content":{"rendered":"<div id=\"pl-1494\"  class=\"panel-layout\" ><div id=\"pg-1494-0\"  class=\"panel-grid panel-no-style\" ><div id=\"pgc-1494-0-0\"  class=\"panel-grid-cell\" ><div id=\"panel-1494-0-0-0\" class=\"so-panel widget widget_sow-editor panel-first-child panel-last-child\" data-index=\"0\" ><div\n\t\t\t\n\t\t\tclass=\"so-widget-sow-editor so-widget-sow-editor-base\"\n\t\t\t\n\t\t>\n<div class=\"siteorigin-widget-tinymce textwidget\">\n\t<h2 style=\"text-align: center;\"><span style=\"color: #000000;\">Oh ! Les beaux jours<\/span><\/h2>\n<h4 style=\"text-align: center;\"><span style=\"color: #000000;\">Samedi 17 Mars 2018 \u00e0 20h<\/span><\/h4>\n<p style=\"text-align: center;\"><span style=\"color: #000000;\">Com\u00e9die dramatique<br \/>A partir de 10 ans<\/span><\/p>\n<\/div>\n<\/div><\/div><\/div><\/div><div id=\"pg-1494-1\"  class=\"panel-grid panel-no-style\" ><div id=\"pgc-1494-1-0\"  class=\"panel-grid-cell\" ><div id=\"panel-1494-1-0-0\" class=\"so-panel widget widget_sow-image panel-first-child panel-last-child\" data-index=\"1\" ><div\n\t\t\t\n\t\t\tclass=\"so-widget-sow-image so-widget-sow-image-default-c67d20f9f743-1494\"\n\t\t\t\n\t\t>\n<div class=\"sow-image-container\">\n\t\t<img \n\tsrc=\"https:\/\/annexeromainville.com\/wp-content\/uploads\/2018\/01\/SW-300x176.jpeg\" width=\"300\" height=\"176\" srcset=\"https:\/\/annexeromainville.com\/wp-content\/uploads\/2018\/01\/SW-300x176.jpeg 300w, https:\/\/annexeromainville.com\/wp-content\/uploads\/2018\/01\/SW.jpeg 600w\" sizes=\"(max-width: 300px) 100vw, 300px\" alt=\"\" loading=\"lazy\" \t\tclass=\"so-widget-image\"\/>\n\t<\/div>\n\n<\/div><\/div><\/div><div id=\"pgc-1494-1-1\"  class=\"panel-grid-cell\" ><div id=\"panel-1494-1-1-0\" class=\"so-panel widget widget_sow-editor panel-first-child panel-last-child\" data-index=\"2\" ><div\n\t\t\t\n\t\t\tclass=\"so-widget-sow-editor so-widget-sow-editor-base\"\n\t\t\t\n\t\t>\n<div class=\"siteorigin-widget-tinymce textwidget\">\n\t<p>\u00a0<\/p>\n<p><span style=\"color: #000000;\">Texte de <strong>Samuel Beckett<\/strong><\/span><br \/><span style=\"color: #000000;\">Par la <strong>Cie Op\u00e9ra de Bouche \u00e0 Oreille<\/strong><\/span><br \/><span style=\"color: #000000;\">Mis en sc\u00e8ne par <strong>Lucille Arnaud<\/strong><\/span><br \/><span style=\"color: #000000;\">Avec <strong>Scarlett Wilson et Andr\u00e9 Lamorthe<\/strong><\/span><\/p>\n<\/div>\n<\/div><\/div><\/div><\/div><div id=\"pg-1494-2\"  class=\"panel-grid panel-no-style\" ><div id=\"pgc-1494-2-0\"  class=\"panel-grid-cell\" ><div id=\"panel-1494-2-0-0\" class=\"so-panel widget widget_sow-editor panel-first-child panel-last-child\" data-index=\"3\" ><div\n\t\t\t\n\t\t\tclass=\"so-widget-sow-editor so-widget-sow-editor-base\"\n\t\t\t\n\t\t>\n<div class=\"siteorigin-widget-tinymce textwidget\">\n\t<p><span style=\"color: #000000;\">Le chef d'oeuvre de Beckett se d\u00e9pose \u00e0 l'Annexe, ce magnifique ovni de la litt\u00e9rature th\u00e9\u00e2trale est une oeuvre totale, dr\u00f4le et bouleversante.<\/span><\/p>\n<p><span style=\"color: #000000;\">Winnie n'a rien vu venir ! Elle s'est retrouv\u00e9e enterr\u00e9e jusqu'\u00e0 la taille, puis jusqu'au cou au beau milieu du d\u00e9sert. Willy, son mari, ne r\u00e9pond pas. Personne en vue. Les deux personnages assistent \u00e0 leur lente agonie, sans issue possible, mis \u00e0 part un revolver ... Vont-ils s'en servir ?\u00a0<\/span><\/p>\n<\/div>\n<\/div><\/div><\/div><\/div><div id=\"pg-1494-3\"  class=\"panel-grid panel-no-style\" ><div id=\"pgc-1494-3-0\"  class=\"panel-grid-cell\" ><div id=\"panel-1494-3-0-0\" class=\"so-panel widget widget_sow-editor panel-first-child panel-last-child\" data-index=\"4\" ><div\n\t\t\t\n\t\t\tclass=\"so-widget-sow-editor so-widget-sow-editor-base\"\n\t\t\t\n\t\t>\n<div class=\"siteorigin-widget-tinymce textwidget\">\n\t<p><span style=\"color: #000000;\"><strong>La Cie Op\u00e9ra de Bouche \u00e0 Oreille<\/strong><\/span><\/p>\n<p><span style=\"color: #000000;\">C\u2019est l\u2019histoire d\u2019une rencontre et, sans doute, d\u2019une aventure qui commence : celle d\u2019une\u00a0compagnie consacr\u00e9e, jusqu\u2019ici, et depuis dix ans, \u00e0 l\u2019art lyrique, Op\u00e9ra de Bouche \u00e0 Oreille,\u00a0avec une nouvelle cr\u00e9ation de la pi\u00e8ce de th\u00e9\u00e2tre Oh les beaux jours de Samuel Beckett.<\/span><br \/><span style=\"color: #000000;\">M\u00eames valeurs de partage, d\u2019engagement, d\u2019ouverture et d\u2019\u00e9changes; m\u00eame vision de l\u2019art,\u00a0quelle qu\u2019en soit l\u2019expression ou la discipline, celle de l\u2019art donc, comme source de la vraie\u00a0vie.<\/span><\/p>\n<\/div>\n<\/div><\/div><\/div><\/div><div id=\"pg-1494-4\"  class=\"panel-grid panel-no-style\" ><div id=\"pgc-1494-4-0\"  class=\"panel-grid-cell\" ><div id=\"panel-1494-4-0-0\" class=\"so-panel widget widget_sow-button panel-first-child panel-last-child\" data-index=\"5\" ><div\n\t\t\t\n\t\t\tclass=\"so-widget-sow-button so-widget-sow-button-atom-857739567c6a-1494\"\n\t\t\t\n\t\t><div class=\"ow-button-base ow-button-align-center\"\n>\n\t\t\t<a\n\t\t\t\t\thref=\"http:\/\/annexedutraindevie.com\/index.php\/reservation\/\"\n\t\t\t\t\tclass=\"sowb-button ow-icon-placement-left ow-button-hover\" \t>\n\t\t<span>\n\t\t\t\n\t\t\tR\u00e9server\t\t<\/span>\n\t\t\t<\/a>\n\t<\/div>\n<\/div><\/div><\/div><\/div><\/div>","protected":false},"excerpt":{"rendered":"<p>Oh ! Les beaux jours Samedi 17 Mars 2018 \u00e0 20h Com\u00e9die dramatiqueA partir de 10 ans \u00a0 Texte de Samuel BeckettPar la Cie Op\u00e9ra de Bouche \u00e0 OreilleMis en<span class=\"read-more-wrap\"><a class=\"moretag\" href=\"https:\/\/annexeromainville.com\/index.php\/oh-les-beaux-jours\/\">Lire la suite<span class=\"screen-reader-text\">Oh ! Les beaux jours<\/span><\/a><\/span><\/p>\n","protected":false},"author":2,"featured_media":0,"parent":0,"menu_order":0,"comment_status":"closed","ping_status":"closed","template":"","meta":{"_bbp_topic_count":0,"_bbp_reply_count":0,"_bbp_total_topic_count":0,"_bbp_total_reply_count":0,"_bbp_voice_count":0,"_bbp_anonymous_reply_count":0,"_bbp_topic_count_hidden":0,"_bbp_reply_count_hidden":0,"_bbp_forum_subforum_count":0,"ngg_post_thumbnail":0},"_links":{"self":[{"href":"https:\/\/annexeromainville.com\/index.php\/wp-json\/wp\/v2\/pages\/1494"}],"collection":[{"href":"https:\/\/annexeromainville.com\/index.php\/wp-json\/wp\/v2\/pages"}],"about":[{"href":"https:\/\/annexeromainville.com\/index.php\/wp-json\/wp\/v2\/types\/page"}],"author":[{"embeddable":true,"href":"https:\/\/annexeromainville.com\/index.php\/wp-json\/wp\/v2\/users\/2"}],"replies":[{"embeddable":true,"href":"https:\/\/annexeromainville.com\/index.php\/wp-json\/wp\/v2\/comments?post=1494"}],"version-history":[{"count":11,"href":"https:\/\/annexeromainville.com\/index.php\/wp-json\/wp\/v2\/pages\/1494\/revisions"}],"predecessor-version":[{"id":1640,"href":"https:\/\/annexeromainville.com\/index.php\/wp-json\/wp\/v2\/pages\/1494\/revisions\/1640"}],"wp:attachment":[{"href":"https:\/\/annexeromainville.com\/index.php\/wp-json\/wp\/v2\/media?parent=1494"}],"curies":[{"name":"wp","href":"https:\/\/api.w.org\/{rel}","templated":true}]}}

<div id="pl-1494"  class="panel-layout" ><div id="pg-1494-0"  class="panel-grid panel-no-style" ><div id="pgc-1494-0-0"  class="panel-grid-cell" ><div id="panel-1494-0-0-0" class="so-panel widget widget_sow-editor panel-first-child panel-last-child" data-index="0" ><div
			
			class="so-widget-sow-editor so-widget-sow-editor-base"
			
		>
<div class="siteorigin-widget-tinymce textwidget">
	<h2 style="text-align: center;"><span style="color: #000000;">Oh ! Les beaux jours</span></h2>
<h4 style="text-align: center;"><span style="color: #000000;">Samedi 17 Mars 2018 à 20h</span></h4>
<p style="text-align: center;"><span style="color: #000000;">Comédie dramatique<br />A partir de 10 ans</span></p>
</div>
</div></div></div></div><div id="pg-1494-1"  class="panel-grid panel-no-style" ><div id="pgc-1494-1-0"  class="panel-grid-cell" ><div id="panel-1494-1-0-0" class="so-panel widget widget_sow-image panel-first-child panel-last-child" data-index="1" ><div
			
			class="so-widget-sow-image so-widget-sow-image-default-c67d20f9f743-1494"
			
		>
<div class="sow-image-container">
		<img 
	src="https://annexeromainville.com/wp-content/uploads/2018/01/SW-300x176.jpeg" width="300" height="176" srcset="https://annexeromainville.com/wp-content/uploads/2018/01/SW-300x176.jpeg 300w, https://annexeromainville.com/wp-content/uploads/2018/01/SW.jpeg 600w" sizes="(max-width: 300px) 100vw, 300px" alt="" loading="lazy" 		class="so-widget-image"/>
	</div>

</div></div></div><div id="pgc-1494-1-1"  class="panel-grid-cell" ><div id="panel-1494-1-1-0" class="so-panel widget widget_sow-editor panel-first-child panel-last-child" data-index="2" ><div
			
			class="so-widget-sow-editor so-widget-sow-editor-base"
			
		>
<div class="siteorigin-widget-tinymce textwidget">
	<p> </p>
<p><span style="color: #000000;">Texte de <strong>Samuel Beckett</strong></span><br /><span style="color: #000000;">Par la <strong>Cie Opéra de Bouche à Oreille</strong></span><br /><span style="color: #000000;">Mis en scène par <strong>Lucille Arnaud</strong></span><br /><span style="color: #000000;">Avec <strong>Scarlett Wilson et André Lamorthe</strong></span></p>
</div>
</div></div></div></div><div id="pg-1494-2"  class="panel-grid panel-no-style" ><div id="pgc-1494-2-0"  class="panel-grid-cell" ><div id="panel-1494-2-0-0" class="so-panel widget widget_sow-editor panel-first-child panel-last-child" data-index="3" ><div
			
			class="so-widget-sow-editor so-widget-sow-editor-base"
			
		>
<div class="siteorigin-widget-tinymce textwidget">
	<p><span style="color: #000000;">Le chef d'oeuvre de Beckett se dépose à l'Annexe, ce magnifique ovni de la littérature théâtrale est une oeuvre totale, drôle et bouleversante.</span></p>
<p><span style="color: #000000;">Winnie n'a rien vu venir ! Elle s'est retrouvée enterrée jusqu'à la taille, puis jusqu'au cou au beau milieu du désert. Willy, son mari, ne répond pas. Personne en vue. Les deux personnages assistent à leur lente agonie, sans issue possible, mis à part un revolver ... Vont-ils s'en servir ? </span></p>
</div>
</div></div></div></div><div id="pg-1494-3"  class="panel-grid panel-no-style" ><div id="pgc-1494-3-0"  class="panel-grid-cell" ><div id="panel-1494-3-0-0" class="so-panel widget widget_sow-editor panel-first-child panel-last-child" data-index="4" ><div
			
			class="so-widget-sow-editor so-widget-sow-editor-base"
			
		>
<div class="siteorigin-widget-tinymce textwidget">
	<p><span style="color: #000000;"><strong>La Cie Opéra de Bouche à Oreille</strong></span></p>
<p><span style="color: #000000;">C’est l’histoire d’une rencontre et, sans doute, d’une aventure qui commence : celle d’une compagnie consacrée, jusqu’ici, et depuis dix ans, à l’art lyrique, Opéra de Bouche à Oreille, avec une nouvelle création de la pièce de théâtre Oh les beaux jours de Samuel Beckett.</span><br /><span style="color: #000000;">Mêmes valeurs de partage, d’engagement, d’ouverture et d’échanges; même vision de l’art, quelle qu’en soit l’expression ou la discipline, celle de l’art donc, comme source de la vraie vie.</span></p>
</div>
</div></div></div></div><div id="pg-1494-4"  class="panel-grid panel-no-style" ><div id="pgc-1494-4-0"  class="panel-grid-cell" ><div id="panel-1494-4-0-0" class="so-panel widget widget_sow-button panel-first-child panel-last-child" data-index="5" ><div
			
			class="so-widget-sow-button so-widget-sow-button-atom-857739567c6a-1494"
			
		><div class="ow-button-base ow-button-align-center"
>
			<a
					href="http://annexedutraindevie.com/index.php/reservation/"
					class="sowb-button ow-icon-placement-left ow-button-hover" 	>
		<span>
			
			Réserver		</span>
			</a>
	</div>
</div></div></div></div></div>

<p>Oh ! Les beaux jours Samedi 17 Mars 2018 à 20h Comédie dramatiqueA partir de 10 ans   Texte de Samuel BeckettPar la Cie Opéra de Bouche à OreilleMis en<span class="read-more-wrap"><a class="moretag" href="https://annexeromainville.com/index.php/oh-les-beaux-jours/">Lire la suite<span class="screen-reader-text">Oh ! Les beaux jours</span></a></span></p>
