{"id":1504,"date":"2018-01-31T13:14:33","date_gmt":"2018-01-31T12:14:33","guid":{"rendered":"http:\/\/annexedutraindevie.com\/?page_id=1504"},"modified":"2018-02-20T14:36:31","modified_gmt":"2018-02-20T13:36:31","slug":"tnt-tresors-nationaux-du-theatre","status":"publish","type":"page","link":"https:\/\/annexeromainville.com\/index.php\/tnt-tresors-nationaux-du-theatre\/","title":{"rendered":"TNT (Tr\u00e9sors Nationaux du Th\u00e9\u00e2tre)"},"content":{"rendered":"<div id=\"pl-1504\"  class=\"panel-layout\" ><div id=\"pg-1504-0\"  class=\"panel-grid panel-no-style\" ><div id=\"pgc-1504-0-0\"  class=\"panel-grid-cell\" ><div id=\"panel-1504-0-0-0\" class=\"so-panel widget widget_sow-editor panel-first-child panel-last-child\" data-index=\"0\" ><div\n\t\t\t\n\t\t\tclass=\"so-widget-sow-editor so-widget-sow-editor-base\"\n\t\t\t\n\t\t>\n<div class=\"siteorigin-widget-tinymce textwidget\">\n\t<h2 style=\"text-align: center;\"><span style=\"color: #000000;\">TNT (Tr\u00e9sors Nationaux du Th\u00e9\u00e2tre)<\/span><\/h2>\n<h4 style=\"text-align: center;\"><span style=\"color: #000000;\">Vendredi 30 Mars 2018 \u00e0 20h<\/span><\/h4>\n<p style=\"text-align: center;\"><span style=\"color: #000000;\">Pi\u00e8ce de th\u00e9\u00e2tre<\/span><br \/><span style=\"color: #000000;\">A partir de 12 ans<\/span><\/p>\n<\/div>\n<\/div><\/div><\/div><\/div><div id=\"pg-1504-1\"  class=\"panel-grid panel-no-style\" ><div id=\"pgc-1504-1-0\"  class=\"panel-grid-cell\" ><div id=\"panel-1504-1-0-0\" class=\"so-panel widget widget_sow-image panel-first-child panel-last-child\" data-index=\"1\" ><div\n\t\t\t\n\t\t\tclass=\"so-widget-sow-image so-widget-sow-image-default-c67d20f9f743-1504\"\n\t\t\t\n\t\t>\n<div class=\"sow-image-container\">\n\t\t<img \n\tsrc=\"https:\/\/annexeromainville.com\/wp-content\/uploads\/2018\/01\/Affiche-TNT.jpg\" width=\"500\" height=\"724\" srcset=\"https:\/\/annexeromainville.com\/wp-content\/uploads\/2018\/01\/Affiche-TNT.jpg 500w, https:\/\/annexeromainville.com\/wp-content\/uploads\/2018\/01\/Affiche-TNT-207x300.jpg 207w\" sizes=\"(max-width: 500px) 100vw, 500px\" alt=\"\" loading=\"lazy\" \t\tclass=\"so-widget-image\"\/>\n\t<\/div>\n\n<\/div><\/div><\/div><div id=\"pgc-1504-1-1\"  class=\"panel-grid-cell\" ><div id=\"panel-1504-1-1-0\" class=\"so-panel widget widget_sow-editor panel-first-child\" data-index=\"2\" ><div\n\t\t\t\n\t\t\tclass=\"so-widget-sow-editor so-widget-sow-editor-base\"\n\t\t\t\n\t\t>\n<div class=\"siteorigin-widget-tinymce textwidget\">\n\t<p><span style=\"color: #000000;\">De <strong>Pierre-Vincent Chapus<\/strong><br \/>Par la <strong>Cie Bubblegum Parfum D\u00e9sert<\/strong><br \/>Mise en sc\u00e8ne de <strong>Pierre-Vincent Chapus<\/strong><br \/>Avec <strong>Abdellatif Ait Kourd, Guy Gallet et Le\u00efla Gu\u00e9r\u00e9my<\/strong><\/span><\/p>\n<p><span style=\"color: #000000;\">Cette fantaisie de Pierre-Vincent Chapus nous \u00e9tourdit comme un r\u00eave qui se construit devant nous et pour nous. Caustique, d\u00e9cal\u00e9, truculent, Pierre-Vincent se joue des codes pour notre plus grand plaisir.<\/span><\/p>\n<p><span style=\"color: #000000;\">Sur le plateau se dessine le portrait de quatre hommes. Ils ont pour point commun d'exister \u00e0 la fois dans la r\u00e9alit\u00e9 et dans la fiction, ils sont les Tr\u00e9sors Nationaux du Th\u00e9\u00e2tre.<\/span><\/p>\n<\/div>\n<\/div><\/div><div id=\"panel-1504-1-1-1\" class=\"so-panel widget widget_sow-editor\" data-index=\"3\" ><div\n\t\t\t\n\t\t\tclass=\"so-widget-sow-editor so-widget-sow-editor-base\"\n\t\t\t\n\t\t>\n<div class=\"siteorigin-widget-tinymce textwidget\">\n\t<p><span style=\"color: #000000;\">ABDELLATIF AIT EL KOURD : longtemps punk \u00e0 temps plein, avant de se ranger des pogos et autres choses qui d\u00e9tonnent, Abdel a rejoint la troupe men\u00e9e par Pierre-Vincent d\u00e8s 2009, cr\u00e9ant avec lui de nombreux spectacles et performances.\u00a0<\/span><\/p>\n<p><span style=\"color: #000000;\">GUY GALLET : clown m\u00e9taphysique dans l'\u00e2me, Guy (se) r\u00e9pare des situations les plus d\u00e9sesp\u00e9r\u00e9e sur sc\u00e8ne ou ailleurs. Il fait partie de la troupe depuis 2010.<\/span><\/p>\n<p><span style=\"color: #000000;\">LEILA GUEREMY : form\u00e9e \u00e0 l'ESAD, Leila a jou\u00e9 \u00e0 deux nombreuses reprises sous la direction de Quentin Defalt, Gilles Gleize, Nicolas Brian\u00e7on, Andreas Westphalen et Maryline Klein.\u00a0<\/span><\/p>\n<p><span style=\"color: #000000;\">PIERRE-VINCENT CHAPUS : rien \u00e0 dire d'autre que ce que l'on peut trouver \u00e7\u00e0 et l\u00e0 dans le Vortex.<\/span><\/p>\n<\/div>\n<\/div><\/div><div id=\"panel-1504-1-1-2\" class=\"so-panel widget widget_sow-button panel-last-child\" data-index=\"4\" ><div\n\t\t\t\n\t\t\tclass=\"so-widget-sow-button so-widget-sow-button-atom-857739567c6a-1504\"\n\t\t\t\n\t\t><div class=\"ow-button-base ow-button-align-center\"\n>\n\t\t\t<a\n\t\t\t\t\thref=\"http:\/\/annexedutraindevie.com\/index.php\/reservation\/\"\n\t\t\t\t\tclass=\"sowb-button ow-icon-placement-left ow-button-hover\" \t>\n\t\t<span>\n\t\t\t\n\t\t\tR\u00e9server\t\t<\/span>\n\t\t\t<\/a>\n\t<\/div>\n<\/div><\/div><\/div><\/div><\/div>","protected":false},"excerpt":{"rendered":"<p>TNT (Tr\u00e9sors Nationaux du Th\u00e9\u00e2tre) Vendredi 30 Mars 2018 \u00e0 20h Pi\u00e8ce de th\u00e9\u00e2treA partir de 12 ans De Pierre-Vincent ChapusPar la Cie Bubblegum Parfum D\u00e9sertMise en sc\u00e8ne de Pierre-Vincent<span class=\"read-more-wrap\"><a class=\"moretag\" href=\"https:\/\/annexeromainville.com\/index.php\/tnt-tresors-nationaux-du-theatre\/\">Lire la suite<span class=\"screen-reader-text\">TNT (Tr\u00e9sors Nationaux du Th\u00e9\u00e2tre)<\/span><\/a><\/span><\/p>\n","protected":false},"author":2,"featured_media":0,"parent":0,"menu_order":0,"comment_status":"closed","ping_status":"closed","template":"","meta":{"_bbp_topic_count":0,"_bbp_reply_count":0,"_bbp_total_topic_count":0,"_bbp_total_reply_count":0,"_bbp_voice_count":0,"_bbp_anonymous_reply_count":0,"_bbp_topic_count_hidden":0,"_bbp_reply_count_hidden":0,"_bbp_forum_subforum_count":0,"ngg_post_thumbnail":0},"_links":{"self":[{"href":"https:\/\/annexeromainville.com\/index.php\/wp-json\/wp\/v2\/pages\/1504"}],"collection":[{"href":"https:\/\/annexeromainville.com\/index.php\/wp-json\/wp\/v2\/pages"}],"about":[{"href":"https:\/\/annexeromainville.com\/index.php\/wp-json\/wp\/v2\/types\/page"}],"author":[{"embeddable":true,"href":"https:\/\/annexeromainville.com\/index.php\/wp-json\/wp\/v2\/users\/2"}],"replies":[{"embeddable":true,"href":"https:\/\/annexeromainville.com\/index.php\/wp-json\/wp\/v2\/comments?post=1504"}],"version-history":[{"count":20,"href":"https:\/\/annexeromainville.com\/index.php\/wp-json\/wp\/v2\/pages\/1504\/revisions"}],"predecessor-version":[{"id":1629,"href":"https:\/\/annexeromainville.com\/index.php\/wp-json\/wp\/v2\/pages\/1504\/revisions\/1629"}],"wp:attachment":[{"href":"https:\/\/annexeromainville.com\/index.php\/wp-json\/wp\/v2\/media?parent=1504"}],"curies":[{"name":"wp","href":"https:\/\/api.w.org\/{rel}","templated":true}]}}