{"id":1872,"date":"2018-04-12T08:11:47","date_gmt":"2018-04-12T07:11:47","guid":{"rendered":"http:\/\/annexedutraindevie.com\/?page_id=1872"},"modified":"2019-12-16T11:41:52","modified_gmt":"2019-12-16T10:41:52","slug":"saison-printemps-2018","status":"publish","type":"page","link":"https:\/\/annexeromainville.com\/index.php\/saison-printemps-2018\/","title":{"rendered":"Saison Printemps 2018"},"content":{"rendered":"<div id=\"pl-1872\"  class=\"panel-layout\" ><div id=\"pg-1872-0\"  class=\"panel-grid panel-no-style\" ><div id=\"pgc-1872-0-0\"  class=\"panel-grid-cell\" ><div id=\"panel-1872-0-0-0\" class=\"so-panel widget widget_sow-image panel-first-child panel-last-child\" data-index=\"0\" ><div\n\t\t\t\n\t\t\tclass=\"so-widget-sow-image so-widget-sow-image-default-c67d20f9f743-1872\"\n\t\t\t\n\t\t>\n<div class=\"sow-image-container\">\n\t\t<img \n\tsrc=\"https:\/\/annexeromainville.com\/wp-content\/uploads\/2018\/04\/printemps.jpg\" width=\"1050\" height=\"261\" srcset=\"https:\/\/annexeromainville.com\/wp-content\/uploads\/2018\/04\/printemps.jpg 1050w, https:\/\/annexeromainville.com\/wp-content\/uploads\/2018\/04\/printemps-300x75.jpg 300w, https:\/\/annexeromainville.com\/wp-content\/uploads\/2018\/04\/printemps-768x191.jpg 768w, https:\/\/annexeromainville.com\/wp-content\/uploads\/2018\/04\/printemps-1024x255.jpg 1024w\" sizes=\"(max-width: 1050px) 100vw, 1050px\" alt=\"\" loading=\"lazy\" \t\tclass=\"so-widget-image\"\/>\n\t<\/div>\n\n<\/div><\/div><\/div><\/div><div id=\"pg-1872-1\"  class=\"panel-grid panel-no-style\" ><div id=\"pgc-1872-1-0\"  class=\"panel-grid-cell\" ><div id=\"panel-1872-1-0-0\" class=\"so-panel widget widget_sow-image panel-first-child panel-last-child\" data-index=\"1\" ><div\n\t\t\t\n\t\t\tclass=\"so-widget-sow-image so-widget-sow-image-default-c67d20f9f743-1872\"\n\t\t\t\n\t\t>\n<div class=\"sow-image-container\">\n\t\t\t<a href=\"https:\/\/annexeromainville.com\/index.php\/votez-pour-moi-2\/\"\n\t\t\t\t\t>\n\t\t\t<img \n\tsrc=\"https:\/\/annexeromainville.com\/wp-content\/uploads\/2018\/04\/flyer5votez-265x300.png\" width=\"265\" height=\"300\" srcset=\"https:\/\/annexeromainville.com\/wp-content\/uploads\/2018\/04\/flyer5votez-265x300.png 265w, https:\/\/annexeromainville.com\/wp-content\/uploads\/2018\/04\/flyer5votez-768x868.png 768w, https:\/\/annexeromainville.com\/wp-content\/uploads\/2018\/04\/flyer5votez-906x1024.png 906w, https:\/\/annexeromainville.com\/wp-content\/uploads\/2018\/04\/flyer5votez.png 1240w\" sizes=\"(max-width: 265px) 100vw, 265px\" alt=\"\" loading=\"lazy\" \t\tclass=\"so-widget-image\"\/>\n\t\t\t<\/a><\/div>\n\n<\/div><\/div><\/div><div id=\"pgc-1872-1-1\"  class=\"panel-grid-cell\" ><div id=\"panel-1872-1-1-0\" class=\"so-panel widget widget_sow-image panel-first-child panel-last-child\" data-index=\"2\" ><div\n\t\t\t\n\t\t\tclass=\"so-widget-sow-image so-widget-sow-image-default-c67d20f9f743-1872\"\n\t\t\t\n\t\t>\n<div class=\"sow-image-container\">\n\t\t\t<a href=\"https:\/\/annexeromainville.com\/index.php\/the-music-hole\/\"\n\t\t\t\t\t>\n\t\t\t<img \n\tsrc=\"https:\/\/annexeromainville.com\/wp-content\/uploads\/2018\/04\/MUSIC-hole-Flyer-Printemps-page-001-265x300.jpg\" width=\"265\" height=\"300\" srcset=\"https:\/\/annexeromainville.com\/wp-content\/uploads\/2018\/04\/MUSIC-hole-Flyer-Printemps-page-001-265x300.jpg 265w, https:\/\/annexeromainville.com\/wp-content\/uploads\/2018\/04\/MUSIC-hole-Flyer-Printemps-page-001.jpg 620w\" sizes=\"(max-width: 265px) 100vw, 265px\" title=\"MUSIC hole Flyer Printemps-page-001\" alt=\"\" loading=\"lazy\" \t\tclass=\"so-widget-image\"\/>\n\t\t\t<\/a><\/div>\n\n<\/div><\/div><\/div><div id=\"pgc-1872-1-2\"  class=\"panel-grid-cell\" ><div id=\"panel-1872-1-2-0\" class=\"so-panel widget widget_sow-image panel-first-child panel-last-child\" data-index=\"3\" ><div\n\t\t\t\n\t\t\tclass=\"so-widget-sow-image so-widget-sow-image-default-c67d20f9f743-1872\"\n\t\t\t\n\t\t>\n<div class=\"sow-image-container\">\n\t\t\t<a href=\"https:\/\/annexeromainville.com\/index.php\/hradcany\/\"\n\t\t\t\t\t>\n\t\t\t<img \n\tsrc=\"https:\/\/annexeromainville.com\/wp-content\/uploads\/2018\/04\/hardcany-Flyer-Printemps-page-001-264x300.jpg\" width=\"264\" height=\"300\" srcset=\"https:\/\/annexeromainville.com\/wp-content\/uploads\/2018\/04\/hardcany-Flyer-Printemps-page-001-264x300.jpg 264w, https:\/\/annexeromainville.com\/wp-content\/uploads\/2018\/04\/hardcany-Flyer-Printemps-page-001.jpg 620w\" sizes=\"(max-width: 264px) 100vw, 264px\" title=\"hardcany Flyer Printemps-page-001\" alt=\"\" loading=\"lazy\" \t\tclass=\"so-widget-image\"\/>\n\t\t\t<\/a><\/div>\n\n<\/div><\/div><\/div><\/div><div id=\"pg-1872-2\"  class=\"panel-grid panel-no-style\" ><div id=\"pgc-1872-2-0\"  class=\"panel-grid-cell\" ><div id=\"panel-1872-2-0-0\" class=\"so-panel widget widget_sow-editor panel-first-child panel-last-child\" data-index=\"4\" ><div\n\t\t\t\n\t\t\tclass=\"so-widget-sow-editor so-widget-sow-editor-base\"\n\t\t\t\n\t\t>\n<div class=\"siteorigin-widget-tinymce textwidget\">\n\t<p style=\"text-align: center;\"><span style=\"color: #000000;\">Concours Spectacle<\/span><br \/><span style=\"color: #000000;\"> Vendredi 13 Avril 2018 \u00e0 20h<br \/><em>A partir de 7 ans<\/em><br \/><\/span><\/p>\n<\/div>\n<\/div><\/div><\/div><div id=\"pgc-1872-2-1\"  class=\"panel-grid-cell\" ><div id=\"panel-1872-2-1-0\" class=\"so-panel widget widget_sow-editor panel-first-child panel-last-child\" data-index=\"5\" ><div\n\t\t\t\n\t\t\tclass=\"so-widget-sow-editor so-widget-sow-editor-base\"\n\t\t\t\n\t\t>\n<div class=\"siteorigin-widget-tinymce textwidget\">\n\t<p style=\"text-align: center;\"><span style=\"color: #000000;\">Musique<\/span><br \/><span style=\"color: #000000;\"> Vendredi 25 Mai 2018 \u00e0 20h<\/span><br \/><span style=\"color: #000000;\"> Samedi 26 Mai 2018 \u00e0 20h<\/span><br \/><span style=\"color: #000000;\"><em>A partir de 8 ans<\/em><\/span><\/p>\n<\/div>\n<\/div><\/div><\/div><div id=\"pgc-1872-2-2\"  class=\"panel-grid-cell\" ><div id=\"panel-1872-2-2-0\" class=\"so-panel widget widget_sow-editor panel-first-child panel-last-child\" data-index=\"6\" ><div\n\t\t\t\n\t\t\tclass=\"so-widget-sow-editor so-widget-sow-editor-base\"\n\t\t\t\n\t\t>\n<div class=\"siteorigin-widget-tinymce textwidget\">\n\t<p style=\"text-align: center;\"><span style=\"color: #000000;\">Musique<\/span><br \/><span style=\"color: #000000;\"> Vendredi 1er Juin 2018 \u00e0 20h<\/span><br \/><span style=\"color: #000000;\"> Samedi 2 Juin 2018 \u00e0 20h<\/span><br \/><span style=\"color: #000000;\"><em>A partir de 10 ans<\/em><\/span><\/p>\n<\/div>\n<\/div><\/div><\/div><\/div><div id=\"pg-1872-3\"  class=\"panel-grid panel-no-style\" ><div id=\"pgc-1872-3-0\"  class=\"panel-grid-cell\" ><div id=\"panel-1872-3-0-0\" class=\"so-panel widget widget_sow-image panel-first-child panel-last-child\" data-index=\"7\" ><div\n\t\t\t\n\t\t\tclass=\"so-widget-sow-image so-widget-sow-image-default-c67d20f9f743-1872\"\n\t\t\t\n\t\t>\n<div class=\"sow-image-container\">\n\t\t\t<a href=\"https:\/\/annexeromainville.com\/index.php\/tnt-tresors-nationaux-du-theatre-2\/\"\n\t\t\t\t\t>\n\t\t\t<img \n\tsrc=\"https:\/\/annexeromainville.com\/wp-content\/uploads\/2018\/04\/TNT-Flyer-Printemps-page-001-264x300.jpg\" width=\"264\" height=\"300\" srcset=\"https:\/\/annexeromainville.com\/wp-content\/uploads\/2018\/04\/TNT-Flyer-Printemps-page-001-264x300.jpg 264w, https:\/\/annexeromainville.com\/wp-content\/uploads\/2018\/04\/TNT-Flyer-Printemps-page-001.jpg 620w\" sizes=\"(max-width: 264px) 100vw, 264px\" title=\"TNT Flyer Printemps-page-001\" alt=\"\" loading=\"lazy\" \t\tclass=\"so-widget-image\"\/>\n\t\t\t<\/a><\/div>\n\n<\/div><\/div><\/div><div id=\"pgc-1872-3-1\"  class=\"panel-grid-cell\" ><div id=\"panel-1872-3-1-0\" class=\"so-panel widget widget_sow-image panel-first-child panel-last-child\" data-index=\"8\" ><div\n\t\t\t\n\t\t\tclass=\"so-widget-sow-image so-widget-sow-image-default-c67d20f9f743-1872\"\n\t\t\t\n\t\t>\n<div class=\"sow-image-container\">\n\t\t\t<a href=\"https:\/\/annexeromainville.com\/index.php\/yalla-2\/\"\n\t\t\t\t\t>\n\t\t\t<img \n\tsrc=\"https:\/\/annexeromainville.com\/wp-content\/uploads\/2018\/04\/Yalla-Flyer-Printemps-page-001-264x300.jpg\" width=\"264\" height=\"300\" srcset=\"https:\/\/annexeromainville.com\/wp-content\/uploads\/2018\/04\/Yalla-Flyer-Printemps-page-001-264x300.jpg 264w, https:\/\/annexeromainville.com\/wp-content\/uploads\/2018\/04\/Yalla-Flyer-Printemps-page-001.jpg 620w\" sizes=\"(max-width: 264px) 100vw, 264px\" title=\"Yalla Flyer Printemps-page-001\" alt=\"\" loading=\"lazy\" \t\tclass=\"so-widget-image\"\/>\n\t\t\t<\/a><\/div>\n\n<\/div><\/div><\/div><div id=\"pgc-1872-3-2\"  class=\"panel-grid-cell\" ><div id=\"panel-1872-3-2-0\" class=\"so-panel widget widget_sow-image panel-first-child panel-last-child\" data-index=\"9\" ><div\n\t\t\t\n\t\t\tclass=\"so-widget-sow-image so-widget-sow-image-default-c67d20f9f743-1872\"\n\t\t\t\n\t\t>\n<div class=\"sow-image-container\">\n\t\t\t<a href=\"https:\/\/annexeromainville.com\/index.php\/culture-sur-rue\/\"\n\t\t\t\t\t>\n\t\t\t<img \n\tsrc=\"https:\/\/annexeromainville.com\/wp-content\/uploads\/2018\/04\/Culture-sur-rue-Flyer-Printemps-page-001-264x300.jpg\" width=\"264\" height=\"300\" srcset=\"https:\/\/annexeromainville.com\/wp-content\/uploads\/2018\/04\/Culture-sur-rue-Flyer-Printemps-page-001-264x300.jpg 264w, https:\/\/annexeromainville.com\/wp-content\/uploads\/2018\/04\/Culture-sur-rue-Flyer-Printemps-page-001.jpg 620w\" sizes=\"(max-width: 264px) 100vw, 264px\" title=\"Culture sur rue Flyer Printemps-page-001\" alt=\"\" loading=\"lazy\" \t\tclass=\"so-widget-image\"\/>\n\t\t\t<\/a><\/div>\n\n<\/div><\/div><\/div><\/div><div id=\"pg-1872-4\"  class=\"panel-grid panel-no-style\" ><div id=\"pgc-1872-4-0\"  class=\"panel-grid-cell\" ><div id=\"panel-1872-4-0-0\" class=\"so-panel widget widget_sow-editor panel-first-child panel-last-child\" data-index=\"10\" ><div\n\t\t\t\n\t\t\tclass=\"so-widget-sow-editor so-widget-sow-editor-base\"\n\t\t\t\n\t\t>\n<div class=\"siteorigin-widget-tinymce textwidget\">\n\t<p style=\"text-align: center;\"><span style=\"color: #000000;\">Th\u00e9\u00e2tre<\/span><br \/><span style=\"color: #000000;\"> Vendredi 8 Juin 2018 \u00e0 20h<\/span><br \/><span style=\"color: #000000;\"> Samedi 9 Juin 2018 \u00e0 20h<\/span><br \/><span style=\"color: #000000;\"><em>A partir de 12 ans<\/em><\/span><\/p>\n<\/div>\n<\/div><\/div><\/div><div id=\"pgc-1872-4-1\"  class=\"panel-grid-cell\" ><div id=\"panel-1872-4-1-0\" class=\"so-panel widget widget_sow-editor panel-first-child panel-last-child\" data-index=\"11\" ><div\n\t\t\t\n\t\t\tclass=\"so-widget-sow-editor so-widget-sow-editor-base\"\n\t\t\t\n\t\t>\n<div class=\"siteorigin-widget-tinymce textwidget\">\n\t<p style=\"text-align: center;\"><span style=\"color: #000000;\">Ap\u00e9ro Lecture<\/span><br \/><span style=\"color: #000000;\">Samedi 16 Juin 2018 \u00e0 20h<\/span><br \/><span style=\"color: #000000;\"><em>A partir de 12 ans<\/em><\/span><\/p>\n<\/div>\n<\/div><\/div><\/div><div id=\"pgc-1872-4-2\"  class=\"panel-grid-cell\" ><div id=\"panel-1872-4-2-0\" class=\"so-panel widget widget_sow-editor panel-first-child panel-last-child\" data-index=\"12\" ><div\n\t\t\t\n\t\t\tclass=\"so-widget-sow-editor so-widget-sow-editor-base\"\n\t\t\t\n\t\t>\n<div class=\"siteorigin-widget-tinymce textwidget\">\n\t<p style=\"text-align: center;\"><span style=\"color: #000000;\">Festival<\/span><br \/><span style=\"color: #000000;\"> Dimanche 24 Juin de 14h \u00e0 21h<\/span><br \/><span style=\"color: #000000;\"><em>Pour tous !<\/em><\/span><\/p>\n<\/div>\n<\/div><\/div><\/div><\/div><\/div>","protected":false},"excerpt":{"rendered":"<p>Concours Spectacle Vendredi 13 Avril 2018 \u00e0 20hA partir de 7 ans Musique Vendredi 25 Mai 2018 \u00e0 20h Samedi 26 Mai 2018 \u00e0 20hA partir de 8 ans Musique<span class=\"read-more-wrap\"><a class=\"moretag\" href=\"https:\/\/annexeromainville.com\/index.php\/saison-printemps-2018\/\">Lire la suite<span class=\"screen-reader-text\">Saison Printemps 2018<\/span><\/a><\/span><\/p>\n","protected":false},"author":2,"featured_media":0,"parent":0,"menu_order":0,"comment_status":"closed","ping_status":"closed","template":"","meta":{"_bbp_topic_count":0,"_bbp_reply_count":0,"_bbp_total_topic_count":0,"_bbp_total_reply_count":0,"_bbp_voice_count":0,"_bbp_anonymous_reply_count":0,"_bbp_topic_count_hidden":0,"_bbp_reply_count_hidden":0,"_bbp_forum_subforum_count":0,"ngg_post_thumbnail":0},"_links":{"self":[{"href":"https:\/\/annexeromainville.com\/index.php\/wp-json\/wp\/v2\/pages\/1872"}],"collection":[{"href":"https:\/\/annexeromainville.com\/index.php\/wp-json\/wp\/v2\/pages"}],"about":[{"href":"https:\/\/annexeromainville.com\/index.php\/wp-json\/wp\/v2\/types\/page"}],"author":[{"embeddable":true,"href":"https:\/\/annexeromainville.com\/index.php\/wp-json\/wp\/v2\/users\/2"}],"replies":[{"embeddable":true,"href":"https:\/\/annexeromainville.com\/index.php\/wp-json\/wp\/v2\/comments?post=1872"}],"version-history":[{"count":14,"href":"https:\/\/annexeromainville.com\/index.php\/wp-json\/wp\/v2\/pages\/1872\/revisions"}],"predecessor-version":[{"id":3118,"href":"https:\/\/annexeromainville.com\/index.php\/wp-json\/wp\/v2\/pages\/1872\/revisions\/3118"}],"wp:attachment":[{"href":"https:\/\/annexeromainville.com\/index.php\/wp-json\/wp\/v2\/media?parent=1872"}],"curies":[{"name":"wp","href":"https:\/\/api.w.org\/{rel}","templated":true}]}}