{"id":1882,"date":"2018-04-12T08:38:25","date_gmt":"2018-04-12T07:38:25","guid":{"rendered":"http:\/\/annexedutraindevie.com\/?page_id=1882"},"modified":"2018-05-14T08:51:16","modified_gmt":"2018-05-14T07:51:16","slug":"the-music-hole","status":"publish","type":"page","link":"https:\/\/annexeromainville.com\/index.php\/the-music-hole\/","title":{"rendered":"The Music Hole"},"content":{"rendered":"<div id=\"pl-1882\"  class=\"panel-layout\" ><div id=\"pg-1882-0\"  class=\"panel-grid panel-no-style\" ><div id=\"pgc-1882-0-0\"  class=\"panel-grid-cell\" ><div id=\"panel-1882-0-0-0\" class=\"so-panel widget widget_sow-editor panel-first-child panel-last-child\" data-index=\"0\" ><div\n\t\t\t\n\t\t\tclass=\"so-widget-sow-editor so-widget-sow-editor-base\"\n\t\t\t\n\t\t>\n<div class=\"siteorigin-widget-tinymce textwidget\">\n\t<h2 style=\"text-align: center;\"><span style=\"color: #000000;\">The Music Hole<\/span><\/h2>\n<h4 style=\"text-align: center;\"><span style=\"color: #000000;\">Vendredi 25 Mai 2018 \u00e0 20h<br \/>Samedi 26 Mai 2018 \u00e0 20h<\/span><\/h4>\n<p style=\"text-align: center;\"><span style=\"color: #000000;\">Concert<br \/>A partir de 8 ans<\/span><\/p>\n<\/div>\n<\/div><\/div><\/div><\/div><div id=\"pg-1882-1\"  class=\"panel-grid panel-no-style\" ><div id=\"pgc-1882-1-0\"  class=\"panel-grid-cell\" ><div id=\"panel-1882-1-0-0\" class=\"so-panel widget widget_sow-image panel-first-child panel-last-child\" data-index=\"1\" ><div\n\t\t\t\n\t\t\tclass=\"so-widget-sow-image so-widget-sow-image-default-c67d20f9f743-1882\"\n\t\t\t\n\t\t>\n<div class=\"sow-image-container\">\n\t\t<img \n\tsrc=\"https:\/\/annexeromainville.com\/wp-content\/uploads\/2018\/04\/music-hole-1.jpg\" width=\"636\" height=\"960\" srcset=\"https:\/\/annexeromainville.com\/wp-content\/uploads\/2018\/04\/music-hole-1.jpg 636w, https:\/\/annexeromainville.com\/wp-content\/uploads\/2018\/04\/music-hole-1-199x300.jpg 199w\" sizes=\"(max-width: 636px) 100vw, 636px\" alt=\"\" loading=\"lazy\" \t\tclass=\"so-widget-image\"\/>\n\t<\/div>\n\n<\/div><\/div><\/div><div id=\"pgc-1882-1-1\"  class=\"panel-grid-cell\" ><div id=\"panel-1882-1-1-0\" class=\"so-panel widget widget_sow-editor panel-first-child\" data-index=\"2\" ><div\n\t\t\t\n\t\t\tclass=\"so-widget-sow-editor so-widget-sow-editor-base\"\n\t\t\t\n\t\t>\n<div class=\"siteorigin-widget-tinymce textwidget\">\n\t<p><span style=\"color: #000000;\">Avec <strong>Yan Vagh, Antoine Abed et Benjamin Colin<\/strong><\/span><\/p>\n<p><span style=\"color: #000000;\">Nous sommes heureux et fiers de voir atterrir dans notre navire les talentueux et singuliers Music Hole. A mi-chemin entre jazz pop et rock progressif, attendez-vous \u00e0 \u00eatre tout autant surpris qu'\u00e9blouis.<\/span><\/p>\n<p><span style=\"color: #000000;\">The Music Hole transforment \u00e0 leur gr\u00e9 des standards de la chanson, de la musique classique, du jazz, avec ce qu'il faut de fantaisie et de virtuosit\u00e9. Compositions personnelles, improvisations d\u00e9brid\u00e9es et interactivit\u00e9 avec le public sont \u00e9galement \u00e0 la cl\u00e9.<\/span><\/p>\n<\/div>\n<\/div><\/div><div id=\"panel-1882-1-1-1\" class=\"so-panel widget widget_sow-editor\" data-index=\"3\" ><div\n\t\t\t\n\t\t\tclass=\"so-widget-sow-editor so-widget-sow-editor-base\"\n\t\t\t\n\t\t>\n<div class=\"siteorigin-widget-tinymce textwidget\">\n\t<p><span style=\"color: #000000;\">YAN VAGH :\u00a0guitariste, mais aussi compositeur, arrangeur, a collabor\u00e9 avec des partenaires aussi vari\u00e9s que Brigitte Fontaine, L\u2019Orchestre de Paris, Johnny Hallyday, Le Big Band de guitares, Jean F\u00e9lix Lalanne, et bien d\u2019autres\u2026 et a enregistr\u00e9 6 albums sous son nom.<\/span><\/p>\n<p><span style=\"color: #000000;\">ANTOINE ABED :\u00a0bassiste et contrebassiste, excelle dans tous les styles. Il joue notamment dans la formation de jazz manouche du guitariste Steven Reinhardt.<\/span><\/p>\n<p><span style=\"color: #000000;\">BENJAMIN COLIN :\u00a0batteur et percussionniste, est aussi l\u2019ing\u00e9nieur du son de son propre studio d\u2019enregistrement. Il a jou\u00e9 avec de nombreux groupes dont Th\u00e9odore, Paul, et Gabriel et Abrahma.<\/span><\/p>\n<\/div>\n<\/div><\/div><div id=\"panel-1882-1-1-2\" class=\"so-panel widget widget_sow-button panel-last-child\" data-index=\"4\" ><div\n\t\t\t\n\t\t\tclass=\"so-widget-sow-button so-widget-sow-button-atom-857739567c6a-1882\"\n\t\t\t\n\t\t><div class=\"ow-button-base ow-button-align-center\"\n>\n\t\t\t<a\n\t\t\t\t\thref=\"http:\/\/annexedutraindevie.com\/index.php\/reservation\/\"\n\t\t\t\t\tclass=\"sowb-button ow-icon-placement-left ow-button-hover\" \t>\n\t\t<span>\n\t\t\t\n\t\t\tR\u00e9server\t\t<\/span>\n\t\t\t<\/a>\n\t<\/div>\n<\/div><\/div><\/div><\/div><div id=\"pg-1882-2\"  class=\"panel-grid panel-no-style\" ><div id=\"pgc-1882-2-0\"  class=\"panel-grid-cell\" ><div id=\"panel-1882-2-0-0\" class=\"so-panel widget widget_sow-editor panel-first-child panel-last-child\" data-index=\"5\" ><div\n\t\t\t\n\t\t\tclass=\"so-widget-sow-editor so-widget-sow-editor-base\"\n\t\t\t\n\t\t>\n<div class=\"siteorigin-widget-tinymce textwidget\">\n\t<p><iframe loading=\"lazy\" src=\"https:\/\/www.youtube.com\/embed\/2Xr8Em2fPHc\" width=\"560\" height=\"315\" frameborder=\"0\" allowfullscreen=\"allowfullscreen\"><\/iframe><\/p>\n<\/div>\n<\/div><\/div><\/div><\/div><\/div>","protected":false},"excerpt":{"rendered":"<p>The Music Hole Vendredi 25 Mai 2018 \u00e0 20hSamedi 26 Mai 2018 \u00e0 20h ConcertA partir de 8 ans Avec Yan Vagh, Antoine Abed et Benjamin Colin Nous sommes heureux<span class=\"read-more-wrap\"><a class=\"moretag\" href=\"https:\/\/annexeromainville.com\/index.php\/the-music-hole\/\">Lire la suite<span class=\"screen-reader-text\">The Music Hole<\/span><\/a><\/span><\/p>\n","protected":false},"author":2,"featured_media":0,"parent":0,"menu_order":0,"comment_status":"closed","ping_status":"closed","template":"","meta":{"_bbp_topic_count":0,"_bbp_reply_count":0,"_bbp_total_topic_count":0,"_bbp_total_reply_count":0,"_bbp_voice_count":0,"_bbp_anonymous_reply_count":0,"_bbp_topic_count_hidden":0,"_bbp_reply_count_hidden":0,"_bbp_forum_subforum_count":0,"ngg_post_thumbnail":0},"_links":{"self":[{"href":"https:\/\/annexeromainville.com\/index.php\/wp-json\/wp\/v2\/pages\/1882"}],"collection":[{"href":"https:\/\/annexeromainville.com\/index.php\/wp-json\/wp\/v2\/pages"}],"about":[{"href":"https:\/\/annexeromainville.com\/index.php\/wp-json\/wp\/v2\/types\/page"}],"author":[{"embeddable":true,"href":"https:\/\/annexeromainville.com\/index.php\/wp-json\/wp\/v2\/users\/2"}],"replies":[{"embeddable":true,"href":"https:\/\/annexeromainville.com\/index.php\/wp-json\/wp\/v2\/comments?post=1882"}],"version-history":[{"count":13,"href":"https:\/\/annexeromainville.com\/index.php\/wp-json\/wp\/v2\/pages\/1882\/revisions"}],"predecessor-version":[{"id":1965,"href":"https:\/\/annexeromainville.com\/index.php\/wp-json\/wp\/v2\/pages\/1882\/revisions\/1965"}],"wp:attachment":[{"href":"https:\/\/annexeromainville.com\/index.php\/wp-json\/wp\/v2\/media?parent=1882"}],"curies":[{"name":"wp","href":"https:\/\/api.w.org\/{rel}","templated":true}]}}

<div id="pl-1882"  class="panel-layout" ><div id="pg-1882-0"  class="panel-grid panel-no-style" ><div id="pgc-1882-0-0"  class="panel-grid-cell" ><div id="panel-1882-0-0-0" class="so-panel widget widget_sow-editor panel-first-child panel-last-child" data-index="0" ><div
			
			class="so-widget-sow-editor so-widget-sow-editor-base"
			
		>
<div class="siteorigin-widget-tinymce textwidget">
	<h2 style="text-align: center;"><span style="color: #000000;">The Music Hole</span></h2>
<h4 style="text-align: center;"><span style="color: #000000;">Vendredi 25 Mai 2018 à 20h<br />Samedi 26 Mai 2018 à 20h</span></h4>
<p style="text-align: center;"><span style="color: #000000;">Concert<br />A partir de 8 ans</span></p>
</div>
</div></div></div></div><div id="pg-1882-1"  class="panel-grid panel-no-style" ><div id="pgc-1882-1-0"  class="panel-grid-cell" ><div id="panel-1882-1-0-0" class="so-panel widget widget_sow-image panel-first-child panel-last-child" data-index="1" ><div
			
			class="so-widget-sow-image so-widget-sow-image-default-c67d20f9f743-1882"
			
		>
<div class="sow-image-container">
		<img 
	src="https://annexeromainville.com/wp-content/uploads/2018/04/music-hole-1.jpg" width="636" height="960" srcset="https://annexeromainville.com/wp-content/uploads/2018/04/music-hole-1.jpg 636w, https://annexeromainville.com/wp-content/uploads/2018/04/music-hole-1-199x300.jpg 199w" sizes="(max-width: 636px) 100vw, 636px" alt="" loading="lazy" 		class="so-widget-image"/>
	</div>

</div></div></div><div id="pgc-1882-1-1"  class="panel-grid-cell" ><div id="panel-1882-1-1-0" class="so-panel widget widget_sow-editor panel-first-child" data-index="2" ><div
			
			class="so-widget-sow-editor so-widget-sow-editor-base"
			
		>
<div class="siteorigin-widget-tinymce textwidget">
	<p><span style="color: #000000;">Avec <strong>Yan Vagh, Antoine Abed et Benjamin Colin</strong></span></p>
<p><span style="color: #000000;">Nous sommes heureux et fiers de voir atterrir dans notre navire les talentueux et singuliers Music Hole. A mi-chemin entre jazz pop et rock progressif, attendez-vous à être tout autant surpris qu'éblouis.</span></p>
<p><span style="color: #000000;">The Music Hole transforment à leur gré des standards de la chanson, de la musique classique, du jazz, avec ce qu'il faut de fantaisie et de virtuosité. Compositions personnelles, improvisations débridées et interactivité avec le public sont également à la clé.</span></p>
</div>
</div></div><div id="panel-1882-1-1-1" class="so-panel widget widget_sow-editor" data-index="3" ><div
			
			class="so-widget-sow-editor so-widget-sow-editor-base"
			
		>
<div class="siteorigin-widget-tinymce textwidget">
	<p><span style="color: #000000;">YAN VAGH : guitariste, mais aussi compositeur, arrangeur, a collaboré avec des partenaires aussi variés que Brigitte Fontaine, L’Orchestre de Paris, Johnny Hallyday, Le Big Band de guitares, Jean Félix Lalanne, et bien d’autres… et a enregistré 6 albums sous son nom.</span></p>
<p><span style="color: #000000;">ANTOINE ABED : bassiste et contrebassiste, excelle dans tous les styles. Il joue notamment dans la formation de jazz manouche du guitariste Steven Reinhardt.</span></p>
<p><span style="color: #000000;">BENJAMIN COLIN : batteur et percussionniste, est aussi l’ingénieur du son de son propre studio d’enregistrement. Il a joué avec de nombreux groupes dont Théodore, Paul, et Gabriel et Abrahma.</span></p>
</div>
</div></div><div id="panel-1882-1-1-2" class="so-panel widget widget_sow-button panel-last-child" data-index="4" ><div
			
			class="so-widget-sow-button so-widget-sow-button-atom-857739567c6a-1882"
			
		><div class="ow-button-base ow-button-align-center"
>
			<a
					href="http://annexedutraindevie.com/index.php/reservation/"
					class="sowb-button ow-icon-placement-left ow-button-hover" 	>
		<span>
			
			Réserver		</span>
			</a>
	</div>
</div></div></div></div><div id="pg-1882-2"  class="panel-grid panel-no-style" ><div id="pgc-1882-2-0"  class="panel-grid-cell" ><div id="panel-1882-2-0-0" class="so-panel widget widget_sow-editor panel-first-child panel-last-child" data-index="5" ><div
			
			class="so-widget-sow-editor so-widget-sow-editor-base"
			
		>
<div class="siteorigin-widget-tinymce textwidget">
	<p><iframe loading="lazy" src="https://www.youtube.com/embed/2Xr8Em2fPHc" width="560" height="315" frameborder="0" allowfullscreen="allowfullscreen"></iframe></p>
</div>
</div></div></div></div></div>

<p>The Music Hole Vendredi 25 Mai 2018 à 20hSamedi 26 Mai 2018 à 20h ConcertA partir de 8 ans Avec Yan Vagh, Antoine Abed et Benjamin Colin Nous sommes heureux<span class="read-more-wrap"><a class="moretag" href="https://annexeromainville.com/index.php/the-music-hole/">Lire la suite<span class="screen-reader-text">The Music Hole</span></a></span></p>
