{"id":1928,"date":"2018-04-12T10:02:38","date_gmt":"2018-04-12T09:02:38","guid":{"rendered":"http:\/\/annexedutraindevie.com\/?page_id=1928"},"modified":"2018-06-18T12:42:34","modified_gmt":"2018-06-18T11:42:34","slug":"culture-sur-rue","status":"publish","type":"page","link":"https:\/\/annexeromainville.com\/index.php\/culture-sur-rue\/","title":{"rendered":"Culture sur Rue"},"content":{"rendered":"<div id=\"pl-1928\"  class=\"panel-layout\" ><div id=\"pg-1928-0\"  class=\"panel-grid panel-no-style\" ><div id=\"pgc-1928-0-0\"  class=\"panel-grid-cell\" ><div id=\"panel-1928-0-0-0\" class=\"so-panel widget widget_sow-image panel-first-child panel-last-child\" data-index=\"0\" ><div\n\t\t\t\n\t\t\tclass=\"so-widget-sow-image so-widget-sow-image-default-c67d20f9f743-1928\"\n\t\t\t\n\t\t>\n<div class=\"sow-image-container\">\n\t\t<img \n\tsrc=\"https:\/\/annexeromainville.com\/wp-content\/uploads\/2018\/04\/Culture-sur-rue-Flyer-Printemps-page-001-264x300.jpg\" width=\"264\" height=\"300\" srcset=\"https:\/\/annexeromainville.com\/wp-content\/uploads\/2018\/04\/Culture-sur-rue-Flyer-Printemps-page-001-264x300.jpg 264w, https:\/\/annexeromainville.com\/wp-content\/uploads\/2018\/04\/Culture-sur-rue-Flyer-Printemps-page-001.jpg 620w\" sizes=\"(max-width: 264px) 100vw, 264px\" title=\"Culture sur rue Flyer Printemps-page-001\" alt=\"\" loading=\"lazy\" \t\tclass=\"so-widget-image\"\/>\n\t<\/div>\n\n<\/div><\/div><\/div><\/div><div id=\"pg-1928-1\"  class=\"panel-grid panel-no-style\" ><div id=\"pgc-1928-1-0\"  class=\"panel-grid-cell\" ><div id=\"panel-1928-1-0-0\" class=\"so-panel widget widget_sow-editor panel-first-child panel-last-child\" data-index=\"1\" ><div\n\t\t\t\n\t\t\tclass=\"so-widget-sow-editor so-widget-sow-editor-base\"\n\t\t\t\n\t\t>\n<div class=\"siteorigin-widget-tinymce textwidget\">\n\t<p><span style=\"color: #000000;\"><em>Culture sur Rue\u00a0<\/em>est un festival cr\u00e9\u00e9 par et pour les citoyens. Spectacles, concerts, ateliers participatifs, voici un \u00e9chantillon de notre programme !<\/span><\/p>\n<\/div>\n<\/div><\/div><\/div><\/div><div id=\"pg-1928-2\"  class=\"panel-grid panel-no-style\" ><div id=\"pgc-1928-2-0\"  class=\"panel-grid-cell\" ><div id=\"panel-1928-2-0-0\" class=\"so-panel widget widget_sow-editor panel-first-child panel-last-child\" data-index=\"2\" ><div\n\t\t\t\n\t\t\tclass=\"so-widget-sow-editor so-widget-sow-editor-base\"\n\t\t\t\n\t\t>\n<div class=\"siteorigin-widget-tinymce textwidget\">\n\t<h4><span style=\"color: #000000;\">Atelier cr\u00e9ation de marionnettes :<\/span><\/h4>\n<p><span style=\"color: #000000;\">Venez apprendre \u00e0 cr\u00e9er des marionnettes pour les adultes comme pour les enfants !<\/span><\/p>\n<h4><span style=\"color: #000000;\">Bricorecyclo de Cyclofficine :<\/span><\/h4>\n<p><span style=\"color: #000000;\">Confectionnez vous-m\u00eame des objets divers \u00e0 partir de pi\u00e8ces d\u00e9tach\u00e9es de v\u00e9lo inaptes \u00e0 la r\u00e9paration !<\/span><\/p>\n<h4><span style=\"color: #000000;\">Cr\u00e9ation d'un journal romainvillois :<\/span><\/h4>\n<p><span style=\"color: #000000;\">Bal'L, association du Bas-Pays, propose de cr\u00e9er un journal par et pour les romainvillois. Venez le d\u00e9couvrir, et, si l'envie vous en dit, y participer !<\/span><\/p>\n<h4><span style=\"color: #000000;\">Nourriture du monde :<\/span><\/h4>\n<p><span style=\"color: #000000;\">Atelier participatif de cuisine. Vous y apprendrez \u00e0 confectionner des beignets aux saveurs du monde.\u00a0<\/span><\/p>\n<h4><span style=\"color: #000000;\">L'abeille, sentinelle de l'environnement :<\/span><\/h4>\n<p><span style=\"color: #000000;\">Venez d\u00e9couvrir l'apiculture amateur \u00e0 travers l'abeille et ses myst\u00e8res.\u00a0<\/span><\/p>\n<h4><span style=\"color: #000000;\">\u00c9chauffements et improvisations :<\/span><\/h4>\n<p><span style=\"color: #000000;\">A travers plusieurs \u00e9chauffements et improvisations, l'id\u00e9e est de questionner la confiance en soi et en l'autre en \u00e9tant connect\u00e9 \u00e0 son corps.\u00a0<\/span><\/p>\n<h4><span style=\"color: #000000;\">A la d\u00e9couverte du Soundpainting :<\/span><\/h4>\n<p><span style=\"color: #000000;\">Ludique, musical, d\u00e9mocratique, nouveau, le Soundpainting est un langage s'improvisation collective. Les combinaisons sont infinies et le r\u00e9sultat toujours surprenant !<\/span><\/p>\n<h4><span style=\"color: #000000;\">D\u00e9couverte de tapas et desserts anti-gaspi :<\/span><\/h4>\n<p><span style=\"color: #000000;\">Au programme, un atelier participatif pour pr\u00e9parer des tapas et desserts sucr\u00e9s\/sal\u00e9s et d\u00e9couvrir des saveurs originales. Les recettes gourmandes permettront de revaloriser les fruits et l\u00e9gumes invendus collect\u00e9s dans les supermarch\u00e9s.<\/span><\/p>\n<p>&nbsp;<\/p>\n<p>&nbsp;<\/p>\n<p>&nbsp;<\/p>\n<\/div>\n<\/div><\/div><\/div><div id=\"pgc-1928-2-1\"  class=\"panel-grid-cell\" ><div id=\"panel-1928-2-1-0\" class=\"so-panel widget widget_sow-editor panel-first-child panel-last-child\" data-index=\"3\" ><div\n\t\t\t\n\t\t\tclass=\"so-widget-sow-editor so-widget-sow-editor-base\"\n\t\t\t\n\t\t>\n<div class=\"siteorigin-widget-tinymce textwidget\">\n\t<h4><span style=\"color: #000000;\"><i>Emile dans la nuit<\/i><\/span>\u00a0:<\/h4>\n<p><span style=\"color: #000000;\">Spectacle po\u00e9tique et musical de marionnettes pour les petits et les grands, \u00e0 partir de 2 ans !<\/span><\/p>\n<h4><span style=\"color: #000000;\"><em>Kadi et ses vies ant\u00e9rieures<\/em>\u00a0:<\/span><\/h4>\n<p><span style=\"color: #000000;\">Kadi et Lou sont des conteurs de rue, ils\u00a0 vendent des histoires aux passants. Mais aujourd'hui, Kadi d\u00e9cide de faire gr\u00e8ve ...<\/span><\/p>\n<h4><span style=\"color: #000000;\">Contaminants 2.0 : conf\u00e9rence d\u00e9cal\u00e9e sur les perturbateurs endocriniens dans vos shampoings et autres cr\u00e8mes de beaut\u00e9 :<\/span><\/h4>\n<p><span style=\"color: #000000;\">Personnes n'\u00e9chappe aux perturbateurs endocriniens qui sont partout ... Alors comment les \u00e9viter, quels sont les risques ?\u00a0<\/span><\/p>\n<h4><span style=\"color: #000000;\">Concert de Mandakil :<\/span><\/h4>\n<p><span style=\"color: #000000;\">Musique \u00e9thiojazz aux accents afrobeat, Mandakil nous enivrera jusqu'\u00e0 la cl\u00f4ture du festival.\u00a0<\/span><\/p>\n<p>&nbsp;<\/p>\n<p>&nbsp;<\/p>\n<h4><span style=\"color: #000000;\">Et aussi ... une brocante !<\/span><\/h4>\n<p><span style=\"color: #000000;\">Culture sur Rue, c'est aussi une brocante au c\u0153ur du quartier Cachin !<\/span><\/p>\n<\/div>\n<\/div><\/div><\/div><\/div><div id=\"pg-1928-3\"  class=\"panel-grid panel-no-style\" ><div id=\"pgc-1928-3-0\"  class=\"panel-grid-cell\" ><div id=\"panel-1928-3-0-0\" class=\"so-panel widget widget_sow-image panel-first-child\" data-index=\"4\" ><div\n\t\t\t\n\t\t\tclass=\"so-widget-sow-image so-widget-sow-image-default-8b5b6f678277-1928\"\n\t\t\t\n\t\t><\/div><\/div><div id=\"panel-1928-3-0-1\" class=\"so-panel widget widget_sow-image panel-last-child\" data-index=\"5\" ><div\n\t\t\t\n\t\t\tclass=\"so-widget-sow-image so-widget-sow-image-default-8b5b6f678277-1928\"\n\t\t\t\n\t\t><\/div><\/div><\/div><\/div><\/div>","protected":false},"excerpt":{"rendered":"<p>Culture sur Rue\u00a0est un festival cr\u00e9\u00e9 par et pour les citoyens. Spectacles, concerts, ateliers participatifs, voici un \u00e9chantillon de notre programme !<\/p>\n","protected":false},"author":2,"featured_media":0,"parent":0,"menu_order":0,"comment_status":"closed","ping_status":"closed","template":"","meta":{"_bbp_topic_count":0,"_bbp_reply_count":0,"_bbp_total_topic_count":0,"_bbp_total_reply_count":0,"_bbp_voice_count":0,"_bbp_anonymous_reply_count":0,"_bbp_topic_count_hidden":0,"_bbp_reply_count_hidden":0,"_bbp_forum_subforum_count":0,"ngg_post_thumbnail":0},"_links":{"self":[{"href":"https:\/\/annexeromainville.com\/index.php\/wp-json\/wp\/v2\/pages\/1928"}],"collection":[{"href":"https:\/\/annexeromainville.com\/index.php\/wp-json\/wp\/v2\/pages"}],"about":[{"href":"https:\/\/annexeromainville.com\/index.php\/wp-json\/wp\/v2\/types\/page"}],"author":[{"embeddable":true,"href":"https:\/\/annexeromainville.com\/index.php\/wp-json\/wp\/v2\/users\/2"}],"replies":[{"embeddable":true,"href":"https:\/\/annexeromainville.com\/index.php\/wp-json\/wp\/v2\/comments?post=1928"}],"version-history":[{"count":13,"href":"https:\/\/annexeromainville.com\/index.php\/wp-json\/wp\/v2\/pages\/1928\/revisions"}],"predecessor-version":[{"id":2007,"href":"https:\/\/annexeromainville.com\/index.php\/wp-json\/wp\/v2\/pages\/1928\/revisions\/2007"}],"wp:attachment":[{"href":"https:\/\/annexeromainville.com\/index.php\/wp-json\/wp\/v2\/media?parent=1928"}],"curies":[{"name":"wp","href":"https:\/\/api.w.org\/{rel}","templated":true}]}}