{"id":2020,"date":"2018-06-28T11:46:50","date_gmt":"2018-06-28T10:46:50","guid":{"rendered":"http:\/\/annexedutraindevie.com\/?page_id=2020"},"modified":"2025-09-09T16:34:25","modified_gmt":"2025-09-09T15:34:25","slug":"chant","status":"publish","type":"page","link":"https:\/\/annexeromainville.com\/index.php\/chant\/","title":{"rendered":"(+17 ans) Atelier Chant"},"content":{"rendered":"<div id=\"pl-2020\"  class=\"panel-layout\" ><div id=\"pg-2020-0\"  class=\"panel-grid panel-no-style\" ><div id=\"pgc-2020-0-0\"  class=\"panel-grid-cell\" ><div id=\"panel-2020-0-0-0\" class=\"so-panel widget widget_sow-image panel-first-child\" data-index=\"0\" ><div\n\t\t\t\n\t\t\tclass=\"so-widget-sow-image so-widget-sow-image-default-8b5b6f678277-2020\"\n\t\t\t\n\t\t>\n<div class=\"sow-image-container\">\n\t\t<img \n\tsrc=\"https:\/\/annexeromainville.com\/wp-content\/uploads\/2025\/09\/Carre-programmation-Ateliers-25-261.png\" width=\"1080\" height=\"1080\" srcset=\"https:\/\/annexeromainville.com\/wp-content\/uploads\/2025\/09\/Carre-programmation-Ateliers-25-261.png 1080w, https:\/\/annexeromainville.com\/wp-content\/uploads\/2025\/09\/Carre-programmation-Ateliers-25-261-300x300.png 300w, https:\/\/annexeromainville.com\/wp-content\/uploads\/2025\/09\/Carre-programmation-Ateliers-25-261-1024x1024.png 1024w, https:\/\/annexeromainville.com\/wp-content\/uploads\/2025\/09\/Carre-programmation-Ateliers-25-261-150x150.png 150w, https:\/\/annexeromainville.com\/wp-content\/uploads\/2025\/09\/Carre-programmation-Ateliers-25-261-768x768.png 768w\" sizes=\"(max-width: 1080px) 100vw, 1080px\" title=\"atelier chant adulte\" alt=\"\" loading=\"lazy\" \t\tclass=\"so-widget-image\"\/>\n\t<\/div>\n\n<\/div><\/div><div id=\"panel-2020-0-0-1\" class=\"so-panel widget widget_sow-image panel-last-child\" data-index=\"1\" ><div\n\t\t\t\n\t\t\tclass=\"so-widget-sow-image so-widget-sow-image-default-dbf295114b96-2020\"\n\t\t\t\n\t\t>\n<div class=\"sow-image-container\">\n\t\t\t<a href=\"https:\/\/www.helloasso.com\/associations\/jetzt\/evenements\/atelier-chant-pour-les-confirmes-saison-25-26\"\n\t\t\ttarget=\"_blank\" rel=\"noopener noreferrer\" \t\t>\n\t\t\t<img \n\tsrc=\"https:\/\/annexeromainville.com\/wp-content\/uploads\/2022\/08\/inscriptions.jpg\" width=\"1920\" height=\"250\" srcset=\"https:\/\/annexeromainville.com\/wp-content\/uploads\/2022\/08\/inscriptions.jpg 1920w, https:\/\/annexeromainville.com\/wp-content\/uploads\/2022\/08\/inscriptions-300x39.jpg 300w, https:\/\/annexeromainville.com\/wp-content\/uploads\/2022\/08\/inscriptions-1024x133.jpg 1024w, https:\/\/annexeromainville.com\/wp-content\/uploads\/2022\/08\/inscriptions-768x100.jpg 768w, https:\/\/annexeromainville.com\/wp-content\/uploads\/2022\/08\/inscriptions-1536x200.jpg 1536w\" sizes=\"(max-width: 1920px) 100vw, 1920px\" title=\"bouton inscriptions\" alt=\"\" loading=\"lazy\" \t\tclass=\"so-widget-image\"\/>\n\t\t\t<\/a><\/div>\n\n<\/div><\/div><\/div><div id=\"pgc-2020-0-1\"  class=\"panel-grid-cell\" ><div id=\"panel-2020-0-1-0\" class=\"so-panel widget widget_sow-editor panel-first-child\" data-index=\"2\" ><div\n\t\t\t\n\t\t\tclass=\"so-widget-sow-editor so-widget-sow-editor-base\"\n\t\t\t\n\t\t>\n<div class=\"siteorigin-widget-tinymce textwidget\">\n\t<p><strong><span style=\"color: #800000;\">Atelier Chant&nbsp;ouvert \u00e0 tous \u00e0 partir de 17 ans<\/span><\/strong><\/p>\n<p><span style=\"color: #000000;\"><strong>Date et Horaire : Les mardis<\/strong>, de<strong> 20h30 \u00e0 22h&nbsp;<\/strong><\/span><\/p>\n<p><span style=\"color: #000000;\">&nbsp;\u00e0 partir du 16 septembre, hors vacances Scolaire et jours f\u00e9ri\u00e9s<\/span><\/p>\n<\/div>\n<\/div><\/div><div id=\"panel-2020-0-1-1\" class=\"so-panel widget widget_sow-editor panel-last-child\" data-index=\"3\" ><div\n\t\t\t\n\t\t\tclass=\"so-widget-sow-editor so-widget-sow-editor-base\"\n\t\t\t\n\t\t>\n<div class=\"siteorigin-widget-tinymce textwidget\">\n\t<h2><span style=\"color: #000000;\"><strong>TARIF<\/strong><\/span><\/h2>\n<ul>\n<li><span style=\"color: #000000;\"><strong>350\u20ac <\/strong>\u00e0 l'ann\u00e9e \/<strong> 35\u20ac <\/strong>par mois<\/span><\/li>\n<\/ul>\n<h3>POSSIBILIT\u00c9 DE PAIEMENT :<\/h3>\n<ul>\n<li><strong>En ch\u00e8que<\/strong> :&nbsp; \u00c0 l'ann\u00e9e, au trimestre ou au mois. Si par mois, nous prendrons la totalit\u00e9 des ch\u00e8ques (donc 10) et nous les encaisserons chaque mois.<\/li>\n<li><strong>En ligne :<\/strong> Paiement pour toute l'ann\u00e9e.<\/li>\n<\/ul>\n<p>&nbsp;<\/p>\n<p><span style=\"color: #000000;\">&nbsp;<\/span><\/p>\n<\/div>\n<\/div><\/div><\/div><\/div><div id=\"pg-2020-1\"  class=\"panel-grid panel-no-style\" ><div id=\"pgc-2020-1-0\"  class=\"panel-grid-cell\" ><div id=\"panel-2020-1-0-0\" class=\"so-panel widget widget_sow-editor panel-first-child\" data-index=\"4\" ><div\n\t\t\t\n\t\t\tclass=\"so-widget-sow-editor so-widget-sow-editor-base\"\n\t\t\t\n\t\t><h3 class=\"widget-title\">Descriptif de l'atelier<\/h3>\n<div class=\"siteorigin-widget-tinymce textwidget\">\n\t<p class=\"_04xlpA direction-ltr align-justify para-style-body\"><span style=\"color: #000000;\"><span class=\"JsGRdQ\">Peu importe que l\u2019on chante juste ou faux, que l\u2019on soit professionnel.le ou chanteur.euse du dimanche: <\/span><span class=\"JsGRdQ\">chanter active le circuit du plaisir et provoque la s\u00e9cr\u00e9tion, dans le cerveau, de substances comme la dopamine, les endorphines, qui augmentent le bien-\u00eatre, et diminuent le stress<\/span><span class=\"JsGRdQ\">. <\/span><\/span><span class=\"JsGRdQ\" style=\"color: #000000;\">De la Pop au Classique en passant par le Jazz et le Gospel, des Rita Mitsouko \u00e0 Mozart sans oublier la chanson fran\u00e7aise, l\u2019atelier Chant de l\u2019Annexe naviguera \u00e0 travers divers courants musicaux, et selon les envies communes des choristes et du chef.<\/span><\/p>\n<p class=\"_04xlpA direction-ltr align-justify para-style-body\"><strong><span class=\"JsGRdQ\" style=\"color: #000000;\">LE CONTENU: <\/span><\/strong><span class=\"JsGRdQ\" style=\"color: #000000;\">Technique vocale, de souffle et de respiration. Mise en place de la voix. Chant en ch\u0153ur. Un \u00e0 deux concerts dans l\u2019ann\u00e9e.<\/span><\/p>\n<\/div>\n<\/div><\/div><div id=\"panel-2020-1-0-1\" class=\"so-panel widget widget_sow-editor panel-last-child\" data-index=\"5\" ><div\n\t\t\t\n\t\t\tclass=\"so-widget-sow-editor so-widget-sow-editor-base\"\n\t\t\t\n\t\t><h3 class=\"widget-title\">Le premier atelier est un essai obligatoire. A l'issue de cet atelier, l'inscription est d\u00e9finitive.<\/h3>\n<div class=\"siteorigin-widget-tinymce textwidget\">\n\t<p>Si vous ne souhaitez pas maintenir votre inscription, merci d'en pr\u00e9venir l'\u00e9quipe de L'Annexe.<br \/>\nPour qu'une pr\u00e9-inscription soit prise en compte, le paiement par ch\u00e8que doit-\u00eatre remis en m\u00eame temps que la fiche d'inscription. Le Paiement ne sera encaiss\u00e9 qu'\u00e0 l'issue du cours d'essai.<\/p>\n<\/div>\n<\/div><\/div><\/div><\/div><\/div>","protected":false},"excerpt":{"rendered":"<p>Atelier Chant&nbsp;ouvert \u00e0 tous \u00e0 partir de 17 ans Date et Horaire : Les mardis, de 20h30 \u00e0 22h&nbsp; &nbsp;\u00e0 partir du 16 septembre, hors vacances Scolaire et jours f\u00e9ri\u00e9s<\/p>\n","protected":false},"author":2,"featured_media":0,"parent":0,"menu_order":0,"comment_status":"closed","ping_status":"closed","template":"","meta":{"_bbp_topic_count":0,"_bbp_reply_count":0,"_bbp_total_topic_count":0,"_bbp_total_reply_count":0,"_bbp_voice_count":0,"_bbp_anonymous_reply_count":0,"_bbp_topic_count_hidden":0,"_bbp_reply_count_hidden":0,"_bbp_forum_subforum_count":0,"ngg_post_thumbnail":0},"_links":{"self":[{"href":"https:\/\/annexeromainville.com\/index.php\/wp-json\/wp\/v2\/pages\/2020"}],"collection":[{"href":"https:\/\/annexeromainville.com\/index.php\/wp-json\/wp\/v2\/pages"}],"about":[{"href":"https:\/\/annexeromainville.com\/index.php\/wp-json\/wp\/v2\/types\/page"}],"author":[{"embeddable":true,"href":"https:\/\/annexeromainville.com\/index.php\/wp-json\/wp\/v2\/users\/2"}],"replies":[{"embeddable":true,"href":"https:\/\/annexeromainville.com\/index.php\/wp-json\/wp\/v2\/comments?post=2020"}],"version-history":[{"count":67,"href":"https:\/\/annexeromainville.com\/index.php\/wp-json\/wp\/v2\/pages\/2020\/revisions"}],"predecessor-version":[{"id":8861,"href":"https:\/\/annexeromainville.com\/index.php\/wp-json\/wp\/v2\/pages\/2020\/revisions\/8861"}],"wp:attachment":[{"href":"https:\/\/annexeromainville.com\/index.php\/wp-json\/wp\/v2\/media?parent=2020"}],"curies":[{"name":"wp","href":"https:\/\/api.w.org\/{rel}","templated":true}]}}