{"id":2100,"date":"2018-09-06T15:19:42","date_gmt":"2018-09-06T14:19:42","guid":{"rendered":"http:\/\/annexedutraindevie.com\/?page_id=2100"},"modified":"2018-09-06T15:35:39","modified_gmt":"2018-09-06T14:35:39","slug":"9-mouvements-pour-une-cavale","status":"publish","type":"page","link":"https:\/\/annexeromainville.com\/index.php\/9-mouvements-pour-une-cavale\/","title":{"rendered":"9 mouvements pour une cavale"},"content":{"rendered":"<div id=\"pl-2100\"  class=\"panel-layout\" ><div id=\"pg-2100-0\"  class=\"panel-grid panel-no-style\" ><div id=\"pgc-2100-0-0\"  class=\"panel-grid-cell\" ><div id=\"panel-2100-0-0-0\" class=\"so-panel widget widget_sow-editor panel-first-child panel-last-child\" data-index=\"0\" ><div\n\t\t\t\n\t\t\tclass=\"so-widget-sow-editor so-widget-sow-editor-base\"\n\t\t\t\n\t\t>\n<div class=\"siteorigin-widget-tinymce textwidget\">\n\t<h1 style=\"text-align: center;\"><em><span style=\"color: #000000;\">9 Mouvements pour une Cavale<\/span><\/em><\/h1>\n<h3 style=\"text-align: center;\"><span style=\"color: #000000;\">Vendredi 28 septembre 2018 \u00e0 20h<\/span><br \/>\n<span style=\"color: #000000;\">Samedi 29 septembre 2018 \u00e0 20h<\/span><\/h3>\n<p style=\"text-align: center;\"><span style=\"color: #000000;\">A partir de 12 ans<\/span><\/p>\n<\/div>\n<\/div><\/div><\/div><\/div><div id=\"pg-2100-1\"  class=\"panel-grid panel-no-style\" ><div id=\"pgc-2100-1-0\"  class=\"panel-grid-cell\" ><div id=\"panel-2100-1-0-0\" class=\"so-panel widget widget_sow-image panel-first-child panel-last-child\" data-index=\"1\" ><div\n\t\t\t\n\t\t\tclass=\"so-widget-sow-image so-widget-sow-image-default-8b5b6f678277-2100\"\n\t\t\t\n\t\t>\n<div class=\"sow-image-container\">\n\t\t<img \n\tsrc=\"https:\/\/annexeromainville.com\/wp-content\/uploads\/2018\/09\/2018-09-06-1.png\" width=\"1180\" height=\"1659\" srcset=\"https:\/\/annexeromainville.com\/wp-content\/uploads\/2018\/09\/2018-09-06-1.png 1180w, https:\/\/annexeromainville.com\/wp-content\/uploads\/2018\/09\/2018-09-06-1-213x300.png 213w, https:\/\/annexeromainville.com\/wp-content\/uploads\/2018\/09\/2018-09-06-1-768x1080.png 768w, https:\/\/annexeromainville.com\/wp-content\/uploads\/2018\/09\/2018-09-06-1-728x1024.png 728w\" sizes=\"(max-width: 1180px) 100vw, 1180px\" title=\"2018-09-06 (1)\" alt=\"\" loading=\"lazy\" \t\tclass=\"so-widget-image\"\/>\n\t<\/div>\n\n<\/div><\/div><\/div><div id=\"pgc-2100-1-1\"  class=\"panel-grid-cell\" ><div id=\"panel-2100-1-1-0\" class=\"so-panel widget widget_sow-editor panel-first-child\" data-index=\"2\" ><div\n\t\t\t\n\t\t\tclass=\"so-widget-sow-editor so-widget-sow-editor-base\"\n\t\t\t\n\t\t>\n<div class=\"siteorigin-widget-tinymce textwidget\">\n\t<p style=\"text-align: justify;\"><strong><span style=\"color: #000000;\">Par la compagnie Le D\u00e9sordre des Choses<\/span><\/strong><br \/>\n<strong><span style=\"color: #000000;\">De Guillaume Cayet, par Fleur Sulmont, Mise en espace d'Aur\u00e9lia L\u00fcscher<\/span><\/strong><\/p>\n<p style=\"text-align: justify;\"><span style=\"color: #000000;\">Le 20 mai 2017, la veille du jour de l'\u00e9lection pr\u00e9sidentielle, J\u00e9r\u00f4me Laronze, 36 ans, \u00e9leveur d'une centaine de vaches en Sa\u00f4ne et Loire dans le petit village de Trivy, est abattu par la Gendarmerie. Celle-ci a tir\u00e9 6 fois pour l'arr\u00eater dans sa fuite au volant de sa Toyota. Le drame est pass\u00e9 largement inaper\u00e7u. Depuis 9 jours, l\u2019\u00e9leveur \u00e9tait recherch\u00e9, parti en cavale suite \u00e0 un un contr\u00f4le sanitaire ayant mal tourn\u00e9. Aucune agression sur les gendarmes, aucune menace, juste une fuite, un \u00e9puisement de la part du paysan. En ressort un drame mettant \u00e0 jour les spirales de l\u2019agriculture et de l\u2019Europe, ainsi qu\u2019une bavure polici\u00e8re.<\/span><\/p>\n<p style=\"text-align: justify;\"><span style=\"color: #000000;\">Cet \u00e9v\u00e9nement marquant suit la trajectoire d\u2019\u00e9criture de Guillaume Cayet, auteur de <em>Derni\u00e8res Pailles<\/em>, texte traitant de la paysannerie et paru aux \u00c9ditions Th\u00e9\u00e2trales en 2016. Apr\u00e8s deux semaines d\u2019interviews en octobre 2017, men\u00e9es avec l\u2019agriculteur biologique Jean-Paul Onzon, en Auvergne, dans le bassin riomois, Guillaume est mis au courant de cet \u00e9v\u00e9nement. M\u00ealant violences concr\u00e8tes et fiction po\u00e9tique, il d\u00e9cide d\u2019\u00e9crire sur cet \u00e9v\u00e9nement encore ignor\u00e9 dans les m\u00e9dias. S\u2019ensuit des \u00e9changes avec l\u2019agriculteur auvergnat Jean-Paul Onzon et avec la soeur de J\u00e9r\u00f4me Laronze, Marie-Pierre. Ce texte retrace les 9 jours de cavale de J\u00e9r\u00f4me tentant de mettre \u00e0 jour les paradoxes de l\u2019agriculture et les lois europ\u00e9ennes non adapt\u00e9es aux petites exploitations.<\/span><\/p>\n<\/div>\n<\/div><\/div><div id=\"panel-2100-1-1-1\" class=\"so-panel widget widget_sow-button panel-last-child\" data-index=\"3\" ><div\n\t\t\t\n\t\t\tclass=\"so-widget-sow-button so-widget-sow-button-atom-857739567c6a-2100\"\n\t\t\t\n\t\t><div class=\"ow-button-base ow-button-align-center\"\n>\n\t\t\t<a\n\t\t\t\t\thref=\"https:\/\/annexeromainville.com\/index.php\/reservation\/\"\n\t\t\t\t\tclass=\"sowb-button ow-icon-placement-left ow-button-hover\" \t>\n\t\t<span>\n\t\t\t\n\t\t\tR\u00e9server\t\t<\/span>\n\t\t\t<\/a>\n\t<\/div>\n<\/div><\/div><\/div><\/div><div id=\"pg-2100-2\"  class=\"panel-grid panel-no-style\" ><div id=\"pgc-2100-2-0\"  class=\"panel-grid-cell\" ><div id=\"panel-2100-2-0-0\" class=\"so-panel widget widget_sow-editor panel-first-child panel-last-child\" data-index=\"4\" ><div\n\t\t\t\n\t\t\tclass=\"so-widget-sow-editor so-widget-sow-editor-base\"\n\t\t\t\n\t\t>\n<div class=\"siteorigin-widget-tinymce textwidget\">\n\t<p style=\"text-align: justify;\"><em><span style=\"color: #000000;\">[...] je suis d\u00e9sol\u00e9e mais je n\u2019y peux rien c\u2019est la r\u00e9glementation c\u2019est comme \u00e7a pas la peine de je veux dire me regarder comme \u00e7a je ne suis pas je veux dire quelqu\u2019une qui vous veut du mal pas la peine vos yeux comme \u00e7a de les tenir devant moi j\u2019ai l\u2019autorit\u00e9 vous avez la haine [...] qui gagne? [...] vos b\u00eates doivent \u00eatre envoy\u00e9es \u00e0 l\u2019abattoir rassurez vous pas toutes juste celles non trac\u00e9es celles sans identit\u00e9 vos migrantes l\u00e0 non certifi\u00e9es [...] il nous faut des labels s\u00fbrs un terroir labellis\u00e9 [...] il va falloir s\u2019en d\u00e9barrasser ne rien valoriser [...] vous ne pouvez pas vendre de la viande sans papier il existe des fronti\u00e8res administratives vous comprenez avec l\u2019Europe les accords les multinationales il existe des r\u00e8gles c\u2019est dict\u00e9 plus haut d\u2019en haut c\u2019est comme \u00e7a pour la comp\u00e9tence vis \u00e0 vis de l\u2019Europe vous comprenez l\u2019Europe vous devez comprendre chevauchant son taureau vous comprenez l\u2019Europe est dessus [...] le taureau elle est sur lui [...] elle n\u2019en a rien \u00e0 foutre de vos limousines ce qui compte c\u2019est la fa\u00e7on dont vos limousines conduisent le progr\u00e8s de l\u2019Europe vous comprenez Europe chevauche les paysan.ne.s alors vos limousines sans papier les fronti\u00e8res il n\u2019y a que les oiseaux qui les traversent mais vous n\u2019\u00eates pas du ciel vous [...] vous auriez voulu l\u2019\u00eatre peut-\u00eatre [...] moi astronaute et vous le ciel \u00e7a nous fait une belle jambe parce que terrien.ne vous comme moi qui suis du contr\u00f4le dans l\u2019administration sanitaire les deux pieds dans le lard du monde [...] quelque chose comme \u00e7a qu\u2019elle avait dit la dame du contr\u00f4le sanitaire d\u00fb dire quand elle \u00e9tait venue la fois de trop avec ses amis contr\u00f4leurs et quelques militaires des gendarmes du coin [...] ce n\u2019\u00e9tait pas le premier non contr\u00f4le ce n\u2019\u00e9tait pas le premier contr\u00f4le il y en avait eu d\u2019autres d\u2019autres avaient eu lieu plus t\u00f4t quelques ann\u00e9es durant une dizaine \u00e0 tout compter [...] cette fois-ci c\u2019\u00e9tait d\u00e9j\u00e0 trop tard [...]<\/span><\/em><\/p>\n<p style=\"text-align: right;\"><span style=\"color: #000000;\">Extrait du texte, Guillaume Cayet<\/span><\/p>\n<\/div>\n<\/div><\/div><\/div><div id=\"pgc-2100-2-1\"  class=\"panel-grid-cell\" ><div id=\"panel-2100-2-1-0\" class=\"so-panel widget widget_sow-editor panel-first-child panel-last-child\" data-index=\"5\" ><div\n\t\t\t\n\t\t\tclass=\"so-widget-sow-editor so-widget-sow-editor-base\"\n\t\t\t\n\t\t>\n<div class=\"siteorigin-widget-tinymce textwidget\">\n\t<p style=\"text-align: center;\"><strong><span style=\"color: #000000;\">Guillaume Cayet<\/span><\/strong><br \/>\n<span style=\"color: #000000;\">Auteur<\/span><\/p>\n<p style=\"text-align: justify;\"><span style=\"color: #000000;\">N\u00e9 en 1990 \u00e0 Angomont, un petit village lorrain perdu au carrefour de la Meurthe-et Moselle et des Vosges, Guillaume Cayet int\u00e8gre le d\u00e9partement \u00e9crivain dramaturge de l\u2019Ensatt \u00e0 Lyon apr\u00e8s des \u00e9tudes universitaires et th\u00e9\u00e2trales \u00e0 Metz et \u00e0 Nancy. En 2014, il publie aux \u00e9ditions Th\u00e9\u00e2trales son premier diptyque, <em>Les Immobiles \/ Proposition de rachat<\/em>, dont le premier volet est laur\u00e9at des Journ\u00e9es de Lyon des Auteurs de Th\u00e9\u00e2tre. Puis il poursuit sa recherche sur les territoires ruraux avec son triptyque <em>Retourner l\u2019effondrement<\/em> dont les deux premiers volets, <em>Une commune<\/em> et <em>Derni\u00e8res pailles<\/em>, ont paru en 2016, et dont le troisi\u00e8me, <em>La terre se d\u00e9pose au fond<\/em>, est \u00e0 para\u00eetre en 2018. Cette recherche le m\u00e8ne \u00e9galement en 2016 \u00e0 la cor\u00e9alisation du film documentaire <em>\u00c9tats g\u00e9n\u00e9raux<\/em> en Lorraine avec Jules Audry, Aur\u00e9lia L\u00fcscher et Janice Szczypawka. En 2015, avec Aur\u00e9lia L\u00fcscher, il cofonde la compagnie Le D\u00e9sordre des Choses avec laquelle il monte en 2017 <em>B.A.B.A.R. (le transparent noir)<\/em>. <em>Sortir de la nuit 1<\/em>, et travaille \u00e0 la suite de ce projet, <em>La Comparution<\/em>, sur les \u00e9meutes urbaines et les violences polici\u00e8res. Pour la metteuse en sc\u00e8ne Julia Vidit, il adapte <em>Le Menteur<\/em> de Pierre Corneille, cr\u00e9\u00e9 en octobre 2017 au Th\u00e9\u00e2tre de la Manufacture - CDN Nancy-Lorraine. Il est dramaturge pour <em>Le Monde renvers\u00e9<\/em>, une cr\u00e9ation collective du Collectif Marthe, autour de la chasse aux sorci\u00e8res, cr\u00e9\u00e9e en octobre 2017 au Th\u00e9\u00e2tre de l\u2019Usine (Gen\u00e8ve). Avec le paysan en agri-culture biologique Jean-Paul Onzon, il r\u00e9alise en novembre 2017 \u00e0 la sc\u00e8ne r\u00e9gionale Auvergne - Rh\u00f4ne-Alpes de Riom <em>Nouveau Soleil \/ Terre primitive<\/em>, un monologue qui int\u00e8gre une s\u00e9rie de courtes pi\u00e8ces, <em>Le Tout-Pays<\/em>, autour de la paysannerie contemporaine. En 2016-2017, une r\u00e9sidence hors les murs \u00e0 Pont-Saint-Esprit de la Chartreuse de Villeneuve-lez-Avignon \u2013 Centre national des \u00e9critures du spectacle lui permet de se lancer dans l\u2019\u00e9criture de son premier roman, <em>Nos \u00e9tranges<\/em> (roman polyphonique rural). En r\u00e9sidence en 2017-2018 \u00e0 Lun\u00e9ville \u00e0 la M\u00e9ridienne - Sc\u00e8ne conventionn\u00e9e pour les \u00e9critures sc\u00e9niques crois\u00e9es, il est invit\u00e9 \u00e0 \u00e9crire une pi\u00e8ce autour de la mobilit\u00e9\/ immobilit\u00e9 en milieu rural.<\/span><\/p>\n<\/div>\n<\/div><\/div><\/div><\/div><div id=\"pg-2100-3\"  class=\"panel-grid panel-no-style\" ><div id=\"pgc-2100-3-0\"  class=\"panel-grid-cell\" ><div id=\"panel-2100-3-0-0\" class=\"so-panel widget widget_sow-editor panel-first-child panel-last-child\" data-index=\"6\" ><div\n\t\t\t\n\t\t\tclass=\"so-widget-sow-editor so-widget-sow-editor-base\"\n\t\t\t\n\t\t>\n<div class=\"siteorigin-widget-tinymce textwidget\">\n\t<p style=\"text-align: center;\"><span style=\"color: #000000;\"><strong>Fleur Sulmont<\/strong><\/span><br \/>\n<span style=\"color: #000000;\">Com\u00e9dienne<\/span><\/p>\n<p style=\"text-align: justify;\"><span style=\"color: #000000;\">Fleur Sulmont sort du CNSAD en 2001. D\u00e8s sa sortie elle travaille avec Fr\u00e9d\u00e9ric Sonntag sur les spectacles de la compagnie AsaNIsiMAsa (<em>B. Traven<\/em>, <em>Benjamin Walter<\/em>, <em>George Kaplan<\/em>, <em>Les Shaggs<\/em>, <em>Sous-Contr\u00f4le<\/em>, <em>Nous \u00e9tions jeunes alors<\/em>, etc.). Elle travaille \u00e9galement avec H\u00e9di Tillette de Clermont Tonnerre ( <em>Le Roland<\/em>, <em>Marcel B<\/em>), Jo\u00ebl Jouanneau (<em>Jojo le r\u00e9cidiviste<\/em> de Joseph Danan), Florent Trochel, Eric Da Silva, et d\u2019autres metteur(se)s en sc\u00e8ne, le plus souvent en lien avec une \u00e9criture contemporaine. Sa rencontre avec Jan Fabre lors de l\u2019\u00e9cole des Ma\u00eetres en 2004 lui permet de d\u00e9couvrir une d\u00e9marche plus corporelle, qu\u2019elle tente d\u2019approfondir et de mettre en pratique d\u00e8s que possible gr\u00e2ce \u00e0 des stages ou des work-shops (notamment avec Alban Richard). Depuis 2010, elle dirige r\u00e9guli\u00e8rement des ateliers de th\u00e9\u00e2tre et d\u2019art plastique avec des jeunes en difficult\u00e9 dans le cadre d\u2019un accompagnement social de la Mairie de Beauvais. Aujourd\u2019hui elle poursuit cette d\u00e9marche en animant des ateliers avec l\u2019artiste Nancy Sulmont- Assi\u00e9 et Le Petit Jaunais. Depuis 2016, parall\u00e8lement \u00e0 son travail d\u2019interpr\u00e8te, elle assiste Odile Grosset-Grange dans la mise en sc\u00e8ne de <em>Le gar\u00e7on \u00e0 la valise<\/em> de Mike Kenny , cr\u00e9e avec Jessica Buresi <em>La col\u00e8re des minuscules<\/em>, un spectacle utilisant des extraits d'expertises psychiatrique et accompagne le jongleur Sylvain Julien dans la cr\u00e9ation de deux solo <em>Monsieur O.<\/em>, et <em>mOndes<\/em>. En janvier 2018 elle met en sc\u00e8ne <em>Innocent.e.s<\/em> texte de Guillaume Cayet avec Emmanuel Matte et Aur\u00e9lia L\u00fcscher, texte en itin\u00e9rance dans les lyc\u00e9es.<\/span><\/p>\n<\/div>\n<\/div><\/div><\/div><div id=\"pgc-2100-3-1\"  class=\"panel-grid-cell\" ><div id=\"panel-2100-3-1-0\" class=\"so-panel widget widget_sow-editor panel-first-child panel-last-child\" data-index=\"7\" ><div\n\t\t\t\n\t\t\tclass=\"so-widget-sow-editor so-widget-sow-editor-base\"\n\t\t\t\n\t\t>\n<div class=\"siteorigin-widget-tinymce textwidget\">\n\t<p style=\"text-align: center;\"><strong><span style=\"color: #000000;\">Aur\u00e9lia L\u00fcscher<\/span><\/strong><br \/>\n<span style=\"color: #000000;\">Mise en sc\u00e8ne<\/span><\/p>\n<p style=\"text-align: justify;\"><span style=\"color: #000000;\">N\u00e9e \u00e0 Gen\u00e8ve en 1990, Aur\u00e9lia s\u2019inscrit au Conservatoire de Musique de Gen\u00e8ve en fili\u00e8re art dramatique, sous la direction d\u2019Anne- Marie Delbart. Elle passe en parall\u00e8le un Bac Internationale, philosophie et arts plastiques. Au conservatoire elle travail pendant trois ans ayant entre autres pour professeurs Herv\u00e9 Loichemol, Jean Liermier, Jacques Ma\u00eetre et Patrick Le Mauff. Elle entre \u00e0 l\u2019\u00e9cole de la Com\u00e9die de Saint-Etienne en 2012, o\u00f9 elle travail avec Marion Aubert, Arnaud Churin, Claire Aveline, Arnaud Meunier, Simon Deletang, Caroline Guiela N\u2019Guyen, Yann- Jo\u00ebl Collin, Alain Fran\u00e7on, Johanny Bert, C\u00e9cile Vitrand. Elle suit des cours de chant lyrique avec Myriam Djemour et des cours de connaissances th\u00e9\u00e2trales avec Olivier Neveux. Elle met en sc\u00e8ne <em>Le Sel de la vie<\/em>, texte de Gaspard Liberelle, au sein de l\u2019\u00e9cole de la Com\u00e9die de Saint-Etienne, jou\u00e9 en itin\u00e9rance dans la r\u00e9gion st\u00e9phanoise. Elle travaille en 2015-2016-2017 avec Christian Duchange, sur un texte de Catherine Anne, <em>Sous l'armure<\/em>. Elle\u00a0joue en 2015-2016 dans <em>Les Immobiles<\/em>, texte de Guillaume Cayet avec la compagnie Le D\u00e9sordre des Choses qu\u2019elle cr\u00e9e avec l\u2019auteur Guillaume Cayet. Elle cr\u00e9er le Collectif Marthe avec Marie-Ange Gagnaux, Clara Bonnet et Itto Medhaoui, leur spectacle <em>Le Monde Renvers\u00e9<\/em> est choisi par Pr\u00e9misses Production pour pass\u00e9 3 ans de r\u00e9sidence au Th\u00e9\u00e2tre de la Cit\u00e9 internationale \u00e0 Paris. Elle joue dans <em>B.A.B.A.R. (le transparent noir)<\/em> mis en sc\u00e8ne par sa compagnie Le D\u00e9sordre des Choses. Elle joue avec Emmanuel Matte dans <em>Innocent.e.s<\/em> texte de Guillaume Cayet mis en sc\u00e8ne par Fleur Sulmont.<\/span><\/p>\n<\/div>\n<\/div><\/div><\/div><\/div><div id=\"pg-2100-4\"  class=\"panel-grid panel-no-style\" ><div id=\"pgc-2100-4-0\"  class=\"panel-grid-cell panel-grid-cell-empty\" ><\/div><div id=\"pgc-2100-4-1\"  class=\"panel-grid-cell panel-grid-cell-empty panel-grid-cell-mobile-last\" ><\/div><div id=\"pgc-2100-4-2\"  class=\"panel-grid-cell panel-grid-cell-empty\" ><\/div><\/div><\/div>","protected":false},"excerpt":{"rendered":"<p>9 Mouvements pour une Cavale Vendredi 28 septembre 2018 \u00e0 20h Samedi 29 septembre 2018 \u00e0 20h A partir de 12 ans Par la compagnie Le D\u00e9sordre des Choses De<span class=\"read-more-wrap\"><a class=\"moretag\" href=\"https:\/\/annexeromainville.com\/index.php\/9-mouvements-pour-une-cavale\/\">Lire la suite<span class=\"screen-reader-text\">9 mouvements pour une cavale<\/span><\/a><\/span><\/p>\n","protected":false},"author":2,"featured_media":0,"parent":0,"menu_order":0,"comment_status":"closed","ping_status":"closed","template":"","meta":{"_bbp_topic_count":0,"_bbp_reply_count":0,"_bbp_total_topic_count":0,"_bbp_total_reply_count":0,"_bbp_voice_count":0,"_bbp_anonymous_reply_count":0,"_bbp_topic_count_hidden":0,"_bbp_reply_count_hidden":0,"_bbp_forum_subforum_count":0,"ngg_post_thumbnail":0},"_links":{"self":[{"href":"https:\/\/annexeromainville.com\/index.php\/wp-json\/wp\/v2\/pages\/2100"}],"collection":[{"href":"https:\/\/annexeromainville.com\/index.php\/wp-json\/wp\/v2\/pages"}],"about":[{"href":"https:\/\/annexeromainville.com\/index.php\/wp-json\/wp\/v2\/types\/page"}],"author":[{"embeddable":true,"href":"https:\/\/annexeromainville.com\/index.php\/wp-json\/wp\/v2\/users\/2"}],"replies":[{"embeddable":true,"href":"https:\/\/annexeromainville.com\/index.php\/wp-json\/wp\/v2\/comments?post=2100"}],"version-history":[{"count":3,"href":"https:\/\/annexeromainville.com\/index.php\/wp-json\/wp\/v2\/pages\/2100\/revisions"}],"predecessor-version":[{"id":2105,"href":"https:\/\/annexeromainville.com\/index.php\/wp-json\/wp\/v2\/pages\/2100\/revisions\/2105"}],"wp:attachment":[{"href":"https:\/\/annexeromainville.com\/index.php\/wp-json\/wp\/v2\/media?parent=2100"}],"curies":[{"name":"wp","href":"https:\/\/api.w.org\/{rel}","templated":true}]}}