{"id":2112,"date":"2018-09-10T15:04:01","date_gmt":"2018-09-10T14:04:01","guid":{"rendered":"http:\/\/annexedutraindevie.com\/?page_id=2112"},"modified":"2018-11-28T11:11:10","modified_gmt":"2018-11-28T10:11:10","slug":"les-morts-damour","status":"publish","type":"page","link":"https:\/\/annexeromainville.com\/index.php\/les-morts-damour\/","title":{"rendered":"Les Morts d&#8217;Amour"},"content":{"rendered":"<div id=\"pl-2112\"  class=\"panel-layout\" ><div id=\"pg-2112-0\"  class=\"panel-grid panel-no-style\" ><div id=\"pgc-2112-0-0\"  class=\"panel-grid-cell\" ><div id=\"panel-2112-0-0-0\" class=\"so-panel widget widget_sow-editor panel-first-child panel-last-child\" data-index=\"0\" ><div\n\t\t\t\n\t\t\tclass=\"so-widget-sow-editor so-widget-sow-editor-base\"\n\t\t\t\n\t\t>\n<div class=\"siteorigin-widget-tinymce textwidget\">\n\t<h1 style=\"text-align: center;\"><em><span style=\"color: #000000;\">Les Morts d'Amour<\/span><\/em><\/h1>\n<h3 style=\"text-align: center;\"><span style=\"color: #000000;\">Du 6 au 22 D\u00e9cembre 2018<\/span><br \/>\n<span style=\"color: #000000;\">Les Jeudis, vendredis et Samedis \u00e0 20h<\/span><\/h3>\n<p style=\"text-align: center;\"><strong><span style=\"color: #000000;\"> Ouverture des Portes : 19h45<br \/>\nA partir de 10 ans.<\/span><\/strong><\/p>\n<\/div>\n<\/div><\/div><\/div><\/div><div id=\"pg-2112-1\"  class=\"panel-grid panel-no-style\" ><div id=\"pgc-2112-1-0\"  class=\"panel-grid-cell\" ><div id=\"panel-2112-1-0-0\" class=\"so-panel widget widget_sow-image panel-first-child panel-last-child\" data-index=\"1\" ><div\n\t\t\t\n\t\t\tclass=\"so-widget-sow-image so-widget-sow-image-default-8b5b6f678277-2112\"\n\t\t\t\n\t\t>\n<div class=\"sow-image-container\">\n\t\t<img \n\tsrc=\"https:\/\/annexeromainville.com\/wp-content\/uploads\/2018\/11\/Mars_Kichott.png\" width=\"1440\" height=\"900\" srcset=\"https:\/\/annexeromainville.com\/wp-content\/uploads\/2018\/11\/Mars_Kichott.png 1440w, https:\/\/annexeromainville.com\/wp-content\/uploads\/2018\/11\/Mars_Kichott-300x188.png 300w, https:\/\/annexeromainville.com\/wp-content\/uploads\/2018\/11\/Mars_Kichott-768x480.png 768w, https:\/\/annexeromainville.com\/wp-content\/uploads\/2018\/11\/Mars_Kichott-1024x640.png 1024w\" sizes=\"(max-width: 1440px) 100vw, 1440px\" alt=\"\" loading=\"lazy\" \t\tclass=\"so-widget-image\"\/>\n\t<\/div>\n\n<\/div><\/div><\/div><div id=\"pgc-2112-1-1\"  class=\"panel-grid-cell\" ><div id=\"panel-2112-1-1-0\" class=\"so-panel widget widget_sow-editor panel-first-child panel-last-child\" data-index=\"2\" ><div\n\t\t\t\n\t\t\tclass=\"so-widget-sow-editor so-widget-sow-editor-base\"\n\t\t\t\n\t\t>\n<div class=\"siteorigin-widget-tinymce textwidget\">\n\t<p><strong><span style=\"color: #000000;\">Par la Cie du Si\u00e8cle<\/span><\/strong><br \/>\n<strong><span style=\"color: #000000;\">Avec Cyrille Froger et L\u00e9a Guitter<\/span><\/strong><\/p>\n<p style=\"text-align: justify;\"><span style=\"color: #000000;\">Cabaret tragique burlesque et pittoresque. Du rire aux larmes dans un univers d\u2019ombre et de lumi\u00e8re, laissez vous embarquer par ce couple \u00e9trange pourtant si familiers. Parfois grin\u00e7ant, parfois acide, ce duo vous d\u00e9route et vous d\u00e9rive, vous d\u00e9cale et vous d\u00e9tr\u00f4ne, vous d\u00e9lie et vous d\u00e9chaine, vous d\u00e9range et vous d\u00e9mange. \u2028 Ces spectres bouffonnesques, un peu border line et d\u00e9bordants d\u2019amour, ces \u00e9nergum\u00e8nes vous am\u00e8nent dans un hic et nunc pr\u00e9cis\u00e9ment al\u00e9atoire. \u2028<\/span><\/p>\n<\/div>\n<\/div><\/div><\/div><\/div><div id=\"pg-2112-2\"  class=\"panel-grid panel-no-style\" ><div id=\"pgc-2112-2-0\"  class=\"panel-grid-cell panel-grid-cell-empty\" ><\/div><div id=\"pgc-2112-2-1\"  class=\"panel-grid-cell\" ><div id=\"panel-2112-2-1-0\" class=\"so-panel widget widget_sow-button panel-first-child panel-last-child\" data-index=\"3\" ><div\n\t\t\t\n\t\t\tclass=\"so-widget-sow-button so-widget-sow-button-atom-857739567c6a-2112\"\n\t\t\t\n\t\t><div class=\"ow-button-base ow-button-align-center\"\n>\n\t\t\t<a\n\t\t\t\t\thref=\"http:\/\/annexedutraindevie.com\/index.php\/reservation\/\"\n\t\t\t\t\tclass=\"sowb-button ow-icon-placement-left ow-button-hover\" \t>\n\t\t<span>\n\t\t\t\n\t\t\tR\u00e9server\t\t<\/span>\n\t\t\t<\/a>\n\t<\/div>\n<\/div><\/div><\/div><\/div><div id=\"pg-2112-3\"  class=\"panel-grid panel-no-style\" ><div id=\"pgc-2112-3-0\"  class=\"panel-grid-cell panel-grid-cell-empty\" ><\/div><div id=\"pgc-2112-3-1\"  class=\"panel-grid-cell\" ><div id=\"panel-2112-3-1-0\" class=\"so-panel widget widget_sow-editor panel-first-child panel-last-child\" data-index=\"4\" ><div\n\t\t\t\n\t\t\tclass=\"so-widget-sow-editor so-widget-sow-editor-base\"\n\t\t\t\n\t\t>\n<div class=\"siteorigin-widget-tinymce textwidget\">\n\t<p><iframe loading=\"lazy\" src=\"https:\/\/player.vimeo.com\/video\/283898092\" width=\"640\" height=\"360\" frameborder=\"0\" webkitallowfullscreen mozallowfullscreen allowfullscreen><\/iframe><\/p>\n<p><a href=\"https:\/\/vimeo.com\/283898092\">La Cie Du Si&egrave;cle :: Reste Vivant<\/a> from <a href=\"https:\/\/vimeo.com\/user88200120\">La Cie Du Si&egrave;cle<\/a> on <a href=\"https:\/\/vimeo.com\">Vimeo<\/a>.<\/p>\n<\/div>\n<\/div><\/div><\/div><\/div><div id=\"pg-2112-4\"  class=\"panel-grid panel-no-style\" ><div id=\"pgc-2112-4-0\"  class=\"panel-grid-cell\" ><div id=\"panel-2112-4-0-0\" class=\"so-panel widget widget_sow-editor panel-first-child panel-last-child\" data-index=\"5\" ><div\n\t\t\t\n\t\t\tclass=\"so-widget-sow-editor so-widget-sow-editor-base\"\n\t\t\t\n\t\t><h3 class=\"widget-title\">L\u00e9a Guitter<\/h3>\n<div class=\"siteorigin-widget-tinymce textwidget\">\n\t<p style=\"text-align: justify;\"><span style=\"color: #000000;\"><a href=\"http:\/\/annexedutraindevie.com\/wp-content\/uploads\/2018\/11\/l\u00e9a-photo.jpg\"><img loading=\"lazy\" class=\" wp-image-2175 alignleft\" src=\"http:\/\/annexedutraindevie.com\/wp-content\/uploads\/2018\/11\/l\u00e9a-photo.jpg\" alt=\"\" width=\"168\" height=\"208\" srcset=\"https:\/\/annexeromainville.com\/wp-content\/uploads\/2018\/11\/l\u00e9a-photo.jpg 320w, https:\/\/annexeromainville.com\/wp-content\/uploads\/2018\/11\/l\u00e9a-photo-243x300.jpg 243w\" sizes=\"(max-width: 168px) 100vw, 168px\" \/><\/a>Le\u0301a Guitter est come\u0301dienne, clown, metteuse en sce\u0300ne et chercheuse dans le champ des somatiques. Elle co-fonde le Festival <em>Les Arts'Franchis<\/em> en 2014 ou\u0300 musiciens de tous horizons, acteurs, acrobates, marionnettistes et clowns me\u0301langent leurs savoir-faire. Entre temps elle se forme a\u0300 LASSAAD, e\u0301cole de the\u0301a\u0302tre du mouvement a\u0300 Bruxelles. De retour a\u0300 Paris elle approfondie ses recherches, durant deux anne\u0301es, avec La Royal Clown Company et effectue un Master en Danse et pratique Somatique a\u0300 Paris 8 ainsi qu'une formation en Body Mind Centering au sein de Soma France. En paralle\u0300le elle intervient re\u0301gulie\u0300rement au sein de structures telles que des centres pe\u0301nitentiaires, des \u00e9coles... et participe a\u0300 diffe\u0301rents projets en temps que come\u0301dienne et\/ou metteuse en sce\u0300ne.<br \/>\nEn 2017, elle co-cre\u0301e avec son compagnon, Cyrille Froger, La Cie Du Sie\u0300cle.<\/span><\/p>\n<\/div>\n<\/div><\/div><\/div><div id=\"pgc-2112-4-1\"  class=\"panel-grid-cell\" ><div id=\"panel-2112-4-1-0\" class=\"so-panel widget widget_sow-editor panel-first-child panel-last-child\" data-index=\"6\" ><div\n\t\t\t\n\t\t\tclass=\"so-widget-sow-editor so-widget-sow-editor-base\"\n\t\t\t\n\t\t><h3 class=\"widget-title\">Cyrille Froger<\/h3>\n<div class=\"siteorigin-widget-tinymce textwidget\">\n\t<p style=\"text-align: justify;\"><span style=\"color: #000000;\"><a href=\"http:\/\/annexedutraindevie.com\/wp-content\/uploads\/2018\/11\/thumb_12918_user_profile.jpeg\"><img loading=\"lazy\" class=\" wp-image-2176 alignleft\" src=\"http:\/\/annexedutraindevie.com\/wp-content\/uploads\/2018\/11\/thumb_12918_user_profile.jpeg\" alt=\"\" width=\"226\" height=\"226\" srcset=\"https:\/\/annexeromainville.com\/wp-content\/uploads\/2018\/11\/thumb_12918_user_profile.jpeg 440w, https:\/\/annexeromainville.com\/wp-content\/uploads\/2018\/11\/thumb_12918_user_profile-150x150.jpeg 150w, https:\/\/annexeromainville.com\/wp-content\/uploads\/2018\/11\/thumb_12918_user_profile-300x300.jpeg 300w\" sizes=\"(max-width: 226px) 100vw, 226px\" \/><\/a>Cyrille Froger est pianiste, chanteur, compositeur, clown et acrobate. Il obtient son 1er prix de percussions classiques au CRR de Boulogne-Billancourt. Toujours \u00e0 la recherche de croisements artistiques, il co-fonde le Festival <em>Les Arts'Franchis<\/em> en 2014 o\u00f9 musiciens de tous horizons, acteurs, acrobates, marionnettistes et clowns m\u00e9langent leurs savoir-faire.<\/span><br \/>\n<span style=\"color: #000000;\">Il se forme au Jazz chez Didier Lockwood et \u00e0 la chanson \u00e0 La Manufacture.<br \/>\nIl voyage. \u00c0 son retour il approfondie ses recherches sur le clown, durant deux anne\u0301es, avec La Royal Clown Company et se forme \u00e0 la m\u00e9thode Feldenkrais au sein d'Ifeld.<\/span><br \/>\n<span style=\"color: #000000;\">En parall\u00e8le il fait des cr\u00e9ations sonores et musicales pour la danse et le th\u00e9\u00e2tre. En 2016 il cr\u00e9e sa premi\u00e8re composition pour orchestre. En 2017 il co-cr\u00e9e La Cie Du Si\u00e8cle avec sa compagne L\u00e9a Guitter.<\/span><\/p>\n<\/div>\n<\/div><\/div><\/div><\/div><\/div>","protected":false},"excerpt":{"rendered":"<p>Les Morts d&#8217;Amour Du 6 au 22 D\u00e9cembre 2018 Les Jeudis, vendredis et Samedis \u00e0 20h Ouverture des Portes : 19h45 A partir de 10 ans. Par la Cie du<span class=\"read-more-wrap\"><a class=\"moretag\" href=\"https:\/\/annexeromainville.com\/index.php\/les-morts-damour\/\">Lire la suite<span class=\"screen-reader-text\">Les Morts d&#8217;Amour<\/span><\/a><\/span><\/p>\n","protected":false},"author":2,"featured_media":0,"parent":0,"menu_order":0,"comment_status":"closed","ping_status":"closed","template":"","meta":{"_bbp_topic_count":0,"_bbp_reply_count":0,"_bbp_total_topic_count":0,"_bbp_total_reply_count":0,"_bbp_voice_count":0,"_bbp_anonymous_reply_count":0,"_bbp_topic_count_hidden":0,"_bbp_reply_count_hidden":0,"_bbp_forum_subforum_count":0,"ngg_post_thumbnail":0},"_links":{"self":[{"href":"https:\/\/annexeromainville.com\/index.php\/wp-json\/wp\/v2\/pages\/2112"}],"collection":[{"href":"https:\/\/annexeromainville.com\/index.php\/wp-json\/wp\/v2\/pages"}],"about":[{"href":"https:\/\/annexeromainville.com\/index.php\/wp-json\/wp\/v2\/types\/page"}],"author":[{"embeddable":true,"href":"https:\/\/annexeromainville.com\/index.php\/wp-json\/wp\/v2\/users\/2"}],"replies":[{"embeddable":true,"href":"https:\/\/annexeromainville.com\/index.php\/wp-json\/wp\/v2\/comments?post=2112"}],"version-history":[{"count":9,"href":"https:\/\/annexeromainville.com\/index.php\/wp-json\/wp\/v2\/pages\/2112\/revisions"}],"predecessor-version":[{"id":2181,"href":"https:\/\/annexeromainville.com\/index.php\/wp-json\/wp\/v2\/pages\/2112\/revisions\/2181"}],"wp:attachment":[{"href":"https:\/\/annexeromainville.com\/index.php\/wp-json\/wp\/v2\/media?parent=2112"}],"curies":[{"name":"wp","href":"https:\/\/api.w.org\/{rel}","templated":true}]}}

<div id="pl-2112"  class="panel-layout" ><div id="pg-2112-0"  class="panel-grid panel-no-style" ><div id="pgc-2112-0-0"  class="panel-grid-cell" ><div id="panel-2112-0-0-0" class="so-panel widget widget_sow-editor panel-first-child panel-last-child" data-index="0" ><div
			
			class="so-widget-sow-editor so-widget-sow-editor-base"
			
		>
<div class="siteorigin-widget-tinymce textwidget">
	<h1 style="text-align: center;"><em><span style="color: #000000;">Les Morts d'Amour</span></em></h1>
<h3 style="text-align: center;"><span style="color: #000000;">Du 6 au 22 Décembre 2018</span><br />
<span style="color: #000000;">Les Jeudis, vendredis et Samedis à 20h</span></h3>
<p style="text-align: center;"><strong><span style="color: #000000;"> Ouverture des Portes : 19h45<br />
A partir de 10 ans.</span></strong></p>
</div>
</div></div></div></div><div id="pg-2112-1"  class="panel-grid panel-no-style" ><div id="pgc-2112-1-0"  class="panel-grid-cell" ><div id="panel-2112-1-0-0" class="so-panel widget widget_sow-image panel-first-child panel-last-child" data-index="1" ><div
			
			class="so-widget-sow-image so-widget-sow-image-default-8b5b6f678277-2112"
			
		>
<div class="sow-image-container">
		<img 
	src="https://annexeromainville.com/wp-content/uploads/2018/11/Mars_Kichott.png" width="1440" height="900" srcset="https://annexeromainville.com/wp-content/uploads/2018/11/Mars_Kichott.png 1440w, https://annexeromainville.com/wp-content/uploads/2018/11/Mars_Kichott-300x188.png 300w, https://annexeromainville.com/wp-content/uploads/2018/11/Mars_Kichott-768x480.png 768w, https://annexeromainville.com/wp-content/uploads/2018/11/Mars_Kichott-1024x640.png 1024w" sizes="(max-width: 1440px) 100vw, 1440px" alt="" loading="lazy" 		class="so-widget-image"/>
	</div>

</div></div></div><div id="pgc-2112-1-1"  class="panel-grid-cell" ><div id="panel-2112-1-1-0" class="so-panel widget widget_sow-editor panel-first-child panel-last-child" data-index="2" ><div
			
			class="so-widget-sow-editor so-widget-sow-editor-base"
			
		>
<div class="siteorigin-widget-tinymce textwidget">
	<p><strong><span style="color: #000000;">Par la Cie du Siècle</span></strong><br />
<strong><span style="color: #000000;">Avec Cyrille Froger et Léa Guitter</span></strong></p>
<p style="text-align: justify;"><span style="color: #000000;">Cabaret tragique burlesque et pittoresque. Du rire aux larmes dans un univers d’ombre et de lumière, laissez vous embarquer par ce couple étrange pourtant si familiers. Parfois grinçant, parfois acide, ce duo vous déroute et vous dérive, vous décale et vous détrône, vous délie et vous déchaine, vous dérange et vous démange.   Ces spectres bouffonnesques, un peu border line et débordants d’amour, ces énergumènes vous amènent dans un hic et nunc précisément aléatoire.  </span></p>
</div>
</div></div></div></div><div id="pg-2112-2"  class="panel-grid panel-no-style" ><div id="pgc-2112-2-0"  class="panel-grid-cell panel-grid-cell-empty" ></div><div id="pgc-2112-2-1"  class="panel-grid-cell" ><div id="panel-2112-2-1-0" class="so-panel widget widget_sow-button panel-first-child panel-last-child" data-index="3" ><div
			
			class="so-widget-sow-button so-widget-sow-button-atom-857739567c6a-2112"
			
		><div class="ow-button-base ow-button-align-center"
>
			<a
					href="http://annexedutraindevie.com/index.php/reservation/"
					class="sowb-button ow-icon-placement-left ow-button-hover" 	>
		<span>
			
			Réserver		</span>
			</a>
	</div>
</div></div></div></div><div id="pg-2112-3"  class="panel-grid panel-no-style" ><div id="pgc-2112-3-0"  class="panel-grid-cell panel-grid-cell-empty" ></div><div id="pgc-2112-3-1"  class="panel-grid-cell" ><div id="panel-2112-3-1-0" class="so-panel widget widget_sow-editor panel-first-child panel-last-child" data-index="4" ><div
			
			class="so-widget-sow-editor so-widget-sow-editor-base"
			
		>
<div class="siteorigin-widget-tinymce textwidget">
	<p><iframe loading="lazy" src="https://player.vimeo.com/video/283898092" width="640" height="360" frameborder="0" webkitallowfullscreen mozallowfullscreen allowfullscreen></iframe></p>
<p><a href="https://vimeo.com/283898092">La Cie Du Si&egrave;cle :: Reste Vivant</a> from <a href="https://vimeo.com/user88200120">La Cie Du Si&egrave;cle</a> on <a href="https://vimeo.com">Vimeo</a>.</p>
</div>
</div></div></div></div><div id="pg-2112-4"  class="panel-grid panel-no-style" ><div id="pgc-2112-4-0"  class="panel-grid-cell" ><div id="panel-2112-4-0-0" class="so-panel widget widget_sow-editor panel-first-child panel-last-child" data-index="5" ><div
			
			class="so-widget-sow-editor so-widget-sow-editor-base"
			
		><h3 class="widget-title">Léa Guitter</h3>
<div class="siteorigin-widget-tinymce textwidget">
	<p style="text-align: justify;"><span style="color: #000000;"><a href="http://annexedutraindevie.com/wp-content/uploads/2018/11/léa-photo.jpg"><img loading="lazy" class=" wp-image-2175 alignleft" src="http://annexedutraindevie.com/wp-content/uploads/2018/11/léa-photo.jpg" alt="" width="168" height="208" srcset="https://annexeromainville.com/wp-content/uploads/2018/11/léa-photo.jpg 320w, https://annexeromainville.com/wp-content/uploads/2018/11/léa-photo-243x300.jpg 243w" sizes="(max-width: 168px) 100vw, 168px" /></a>Léa Guitter est comédienne, clown, metteuse en scène et chercheuse dans le champ des somatiques. Elle co-fonde le Festival <em>Les Arts'Franchis</em> en 2014 où musiciens de tous horizons, acteurs, acrobates, marionnettistes et clowns mélangent leurs savoir-faire. Entre temps elle se forme à LASSAAD, école de théâtre du mouvement à Bruxelles. De retour à Paris elle approfondie ses recherches, durant deux années, avec La Royal Clown Company et effectue un Master en Danse et pratique Somatique à Paris 8 ainsi qu'une formation en Body Mind Centering au sein de Soma France. En parallèle elle intervient régulièrement au sein de structures telles que des centres pénitentiaires, des écoles... et participe à différents projets en temps que comédienne et/ou metteuse en scène.<br />
En 2017, elle co-crée avec son compagnon, Cyrille Froger, La Cie Du Siècle.</span></p>
</div>
</div></div></div><div id="pgc-2112-4-1"  class="panel-grid-cell" ><div id="panel-2112-4-1-0" class="so-panel widget widget_sow-editor panel-first-child panel-last-child" data-index="6" ><div
			
			class="so-widget-sow-editor so-widget-sow-editor-base"
			
		><h3 class="widget-title">Cyrille Froger</h3>
<div class="siteorigin-widget-tinymce textwidget">
	<p style="text-align: justify;"><span style="color: #000000;"><a href="http://annexedutraindevie.com/wp-content/uploads/2018/11/thumb_12918_user_profile.jpeg"><img loading="lazy" class=" wp-image-2176 alignleft" src="http://annexedutraindevie.com/wp-content/uploads/2018/11/thumb_12918_user_profile.jpeg" alt="" width="226" height="226" srcset="https://annexeromainville.com/wp-content/uploads/2018/11/thumb_12918_user_profile.jpeg 440w, https://annexeromainville.com/wp-content/uploads/2018/11/thumb_12918_user_profile-150x150.jpeg 150w, https://annexeromainville.com/wp-content/uploads/2018/11/thumb_12918_user_profile-300x300.jpeg 300w" sizes="(max-width: 226px) 100vw, 226px" /></a>Cyrille Froger est pianiste, chanteur, compositeur, clown et acrobate. Il obtient son 1er prix de percussions classiques au CRR de Boulogne-Billancourt. Toujours à la recherche de croisements artistiques, il co-fonde le Festival <em>Les Arts'Franchis</em> en 2014 où musiciens de tous horizons, acteurs, acrobates, marionnettistes et clowns mélangent leurs savoir-faire.</span><br />
<span style="color: #000000;">Il se forme au Jazz chez Didier Lockwood et à la chanson à La Manufacture.<br />
Il voyage. À son retour il approfondie ses recherches sur le clown, durant deux années, avec La Royal Clown Company et se forme à la méthode Feldenkrais au sein d'Ifeld.</span><br />
<span style="color: #000000;">En parallèle il fait des créations sonores et musicales pour la danse et le théâtre. En 2016 il crée sa première composition pour orchestre. En 2017 il co-crée La Cie Du Siècle avec sa compagne Léa Guitter.</span></p>
</div>
</div></div></div></div></div>

<p>Les Morts d&#8217;Amour Du 6 au 22 Décembre 2018 Les Jeudis, vendredis et Samedis à 20h Ouverture des Portes : 19h45 A partir de 10 ans. Par la Cie du<span class="read-more-wrap"><a class="moretag" href="https://annexeromainville.com/index.php/les-morts-damour/">Lire la suite<span class="screen-reader-text">Les Morts d&#8217;Amour</span></a></span></p>
