{"id":2185,"date":"2018-12-13T16:02:57","date_gmt":"2018-12-13T15:02:57","guid":{"rendered":"http:\/\/annexedutraindevie.com\/?page_id=2185"},"modified":"2019-02-06T12:41:46","modified_gmt":"2019-02-06T11:41:46","slug":"le-quai","status":"publish","type":"page","link":"https:\/\/annexeromainville.com\/index.php\/le-quai\/","title":{"rendered":"Le Quai"},"content":{"rendered":"<div id=\"pl-2185\"  class=\"panel-layout\" ><div id=\"pg-2185-0\"  class=\"panel-grid panel-no-style\" ><div id=\"pgc-2185-0-0\"  class=\"panel-grid-cell\" ><div id=\"panel-2185-0-0-0\" class=\"so-panel widget widget_sow-image panel-first-child panel-last-child\" data-index=\"0\" ><div\n\t\t\t\n\t\t\tclass=\"so-widget-sow-image so-widget-sow-image-default-8b5b6f678277-2185\"\n\t\t\t\n\t\t>\n<div class=\"sow-image-container\">\n\t\t<img \n\tsrc=\"https:\/\/annexeromainville.com\/wp-content\/uploads\/2018\/12\/Le-Quai-T13-Sans-distrib-small.jpg\" width=\"719\" height=\"1077\" srcset=\"https:\/\/annexeromainville.com\/wp-content\/uploads\/2018\/12\/Le-Quai-T13-Sans-distrib-small.jpg 719w, https:\/\/annexeromainville.com\/wp-content\/uploads\/2018\/12\/Le-Quai-T13-Sans-distrib-small-200x300.jpg 200w, https:\/\/annexeromainville.com\/wp-content\/uploads\/2018\/12\/Le-Quai-T13-Sans-distrib-small-684x1024.jpg 684w\" sizes=\"(max-width: 719px) 100vw, 719px\" title=\"Le Quai T13 Sans distrib small\" alt=\"\" loading=\"lazy\" \t\tclass=\"so-widget-image\"\/>\n\t<\/div>\n\n<\/div><\/div><\/div><div id=\"pgc-2185-0-1\"  class=\"panel-grid-cell\" ><div id=\"panel-2185-0-1-0\" class=\"so-panel widget widget_sow-editor panel-first-child panel-last-child\" data-index=\"1\" ><div\n\t\t\t\n\t\t\tclass=\"so-widget-sow-editor so-widget-sow-editor-base\"\n\t\t\t\n\t\t>\n<div class=\"siteorigin-widget-tinymce textwidget\">\n\t<h3 style=\"text-align: center;\"><span style=\"color: #000000;\"><em><strong>Le Quai<\/strong><\/em><\/span><br \/>\n<span style=\"color: #000000;\"><strong>S\u00e9rie Th\u00e9\u00e2trale<\/strong><\/span><br \/>\n<span style=\"color: #000000;\"><strong>Saison 1, 5 \u00e9pisodes<\/strong><\/span><\/h3>\n<p style=\"text-align: justify;\"><span style=\"color: #000000;\">Le Quai c'est l'histoire de Florence, \u00e9lev\u00e9e par sa grand-m\u00e8re depuis la mort tragique de ses parents et fa\u00e7onn\u00e9e par l'exemple de son p\u00e8re avocat. \u00c9tudiante brillante en droit constitutionnel, elle est promise \u00e0 un bel avenir. Pouss\u00e9e par son ambition, elle imagine mettre son m\u00e9tier au service d'un id\u00e9al de justice.<\/span><br \/>\n<span style=\"color: #000000;\">Mais alors qu'elle s'appr\u00eate \u00e0 prendre son envol, sa grand-m\u00e8re d\u00e9c\u00e8de, lui laissant pour seul h\u00e9ritage son courage. Cet \u00e9v\u00e8nement stoppe l\u00e0 son parcours. Elle met ses \u00e9tudes entre parenth\u00e8ses, affronte le pass\u00e9 de sa famille, assure sa survie... D'une utopie confortable, elle chute dans une r\u00e9alit\u00e9 accablante. Aid\u00e9e par certains ou contrainte par d'autres, elle va devoir soumettre son \u00e9thique \u00e0 des besoins externes et faire face \u00e0 la machine de productivit\u00e9 du monde contemporain.<\/span><\/p>\n<p style=\"text-align: justify;\"><span style=\"color: #000000;\">L\u2019\u00e9criture et l'esth\u00e9tique visuelle reprennent les codes de la s\u00e9rie. Le Quai m\u00e9lange les genres des s\u00e9ries addictives et politiques et les transpose au th\u00e9\u00e2tre. La s\u00e9rie nous donne la sensation d'une course \u00e9perdue, ponctu\u00e9e de pauses o\u00f9 l'humanit\u00e9 des relations s'invite par inadvertance et \u00e9grain\u00e9e par des temps suspendus, o\u00f9 tout s\u2019arr\u00eate.<\/span><\/p>\n<p style=\"text-align: justify;\"><span style=\"color: #000000;\">Elle nous d\u00e9peint, \u00e0 travers la lutte de Florence et les personnages qu'elle croise, les changements moraux et sociaux qu'ont engendr\u00e9s les m\u00e9thodes de management et de productivit\u00e9 de la fin du 20\u00e8me si\u00e8cle.<\/span><\/p>\n<p style=\"text-align: justify;\"><span style=\"color: #000000;\"><span style=\"text-decoration: underline;\"><strong>Texte<\/strong><\/span> : Deborah Banoun &amp; Anne Seiller,<\/span><br \/>\n<span style=\"color: #000000;\"><span style=\"text-decoration: underline;\"><strong>Mise en sc\u00e8ne<\/strong><\/span> : Deborah Banoun<\/span><br \/>\n<span style=\"color: #000000;\"><span style=\"text-decoration: underline;\"><strong>Avec<\/strong><\/span> : Pauline Etienne, Thomas Badinot, Theresa Berger, Myriam Bouznad, Magalie Dupuis, L\u00e9o Poulet, Mathilde Saubole, Anne Seiller et Jean Tom<\/span><br \/>\n<span style=\"color: #000000;\"><span style=\"text-decoration: underline;\"><strong>Lumi\u00e8res<\/strong><\/span> : Pierre Peyronnet<\/span><\/p>\n<p style=\"text-align: justify;\"><span style=\"color: #000000;\">Production Jetzt Cie, avec la complicit\u00e9 du Th\u00e9\u00e2tre 13 \/ Paris, et du Th\u00e9\u00e2tre de Belleville.<\/span><br \/>\n<span style=\"color: #000000;\">Avec le soutien du Conseil d\u00e9partemental de la Seine Saint Denis dans le cadre du dispositif MEEPA, de la ville de Romainville dans le cadre du conventionnement de partenariat culturel 2012-2015, du Th\u00e9\u00e2tre de l'Usine et du Collectif 12.<\/span><br \/>\n<span style=\"color: #000000;\">Soutenu par la Spedidam.<\/span><\/p>\n<p><span style=\"color: #ff0000;\"><a style=\"color: #ff0000;\" href=\"http:\/\/annexedutraindevie.com\/wp-content\/uploads\/2018\/12\/Dossier-de-cr\u00e9ation-LE-QUAI.pdf\">Le Dossier de Cr\u00e9ation<\/a><\/span><br \/>\n<a href=\"http:\/\/annexedutraindevie.com\/wp-content\/uploads\/2018\/12\/Th\u00e9atrale-LE-Quai.jpg\"><span style=\"color: #ff0000;\">L'Interview de D\u00e9borah Banoun dans THEATRAL (Aout 2018)<\/span><\/a><\/p>\n<\/div>\n<\/div><\/div><\/div><\/div><div id=\"pg-2185-1\"  class=\"panel-grid panel-no-style\" ><div id=\"pgc-2185-1-0\"  class=\"panel-grid-cell\" ><div id=\"panel-2185-1-0-0\" class=\"so-panel widget widget_sow-editor panel-first-child panel-last-child\" data-index=\"2\" ><div\n\t\t\t\n\t\t\tclass=\"so-widget-sow-editor so-widget-sow-editor-base\"\n\t\t\t\n\t\t>\n<div class=\"siteorigin-widget-tinymce textwidget\">\n\t<p style=\"text-align: justify;\"><span style=\"text-decoration: underline;\"><strong><span style=\"color: #000000; text-decoration: underline;\">Actuellement en Repr\u00e9sentations au Th\u00e9\u00e2tre 13 (Jardin)<\/span><\/strong><\/span> <span style=\"text-decoration: underline;\">:<\/span><br \/>\n<span style=\"color: #000000;\">15 &amp; 16 octobre 2018 \u00e0 20h \/ \u00c9pisodes 1 &amp; 2<\/span><br \/>\n<span style=\"color: #000000;\">17 &amp; 18 d\u00e9cembre 2018 \u00e0 20h \/ \u00c9pisodes 3 &amp; 4<\/span><br \/>\n<span style=\"color: #000000;\">18 f\u00e9vrier 2019 \u00e0 20h \/ \u00c9pisode 5<\/span><br \/>\n<span style=\"color: #000000;\">19 &amp; 20 f\u00e9vrier 2019 \u00e0 20h \/ Int\u00e9grale condens\u00e9e<\/span><\/p>\n<p style=\"text-align: justify;\"><span style=\"text-decoration: underline;\"><span style=\"color: #000000;\"><strong>Repr\u00e9sentations pass\u00e9s :<\/strong><\/span><\/span><\/p>\n<p><span style=\"color: #000000;\"><span style=\"text-decoration: underline;\">Palais des F\u00eates (Romainville)<\/span><\/span><br \/>\n<span style=\"color: #000000;\">9 Mai 2014 \/ \u00c9pisode 1<\/span><br \/>\n<span style=\"color: #000000;\">2 Juin 2014 \/ \u00c9pisode 2<\/span><br \/>\n<span style=\"color: #000000;\">7 Juillet 2014 \/ \u00c9pisodes 1 &amp; 2<\/span><br \/>\n<span style=\"color: #000000;\">27 Novembre 2015 \/ \u00c9pisodes 1 &amp; 2<\/span><\/p>\n<p><span style=\"color: #000000;\"><span style=\"text-decoration: underline;\">Th\u00e9\u00e2tre de Belleville (Paris 11)<\/span>:<\/span><br \/>\n<span style=\"color: #000000;\">Du 28 au 31 Janvier 2015 \/ \u00c9pisodes 1 &amp; 2<\/span><\/p>\n<p><span style=\"color: #000000;\"><span style=\"text-decoration: underline;\">Gare au Th\u00e9\u00e2tre (Vitry-Sur-Seine)<\/span>:<\/span><br \/>\n<span style=\"color: #000000;\">Du 26 au 29 Janvier 2016 \/ \u00c9pisodes 1 &amp; 2<\/span><\/p>\n<\/div>\n<\/div><\/div><\/div><div id=\"pgc-2185-1-1\"  class=\"panel-grid-cell\" ><div id=\"panel-2185-1-1-0\" class=\"so-panel widget widget_sow-image panel-first-child panel-last-child\" data-index=\"3\" ><div\n\t\t\t\n\t\t\tclass=\"so-widget-sow-image so-widget-sow-image-default-8b5b6f678277-2185\"\n\t\t\t\n\t\t>\n<div class=\"sow-image-container\">\n\t\t<img \n\tsrc=\"https:\/\/annexeromainville.com\/wp-content\/uploads\/2018\/12\/Le-Quai-1-copie.jpg\" width=\"480\" height=\"640\" srcset=\"https:\/\/annexeromainville.com\/wp-content\/uploads\/2018\/12\/Le-Quai-1-copie.jpg 480w, https:\/\/annexeromainville.com\/wp-content\/uploads\/2018\/12\/Le-Quai-1-copie-225x300.jpg 225w\" sizes=\"(max-width: 480px) 100vw, 480px\" title=\"Le Quai 1 &#8211; copie\" alt=\"\" loading=\"lazy\" \t\tclass=\"so-widget-image\"\/>\n\t<\/div>\n\n<\/div><\/div><\/div><\/div><\/div>","protected":false},"excerpt":{"rendered":"<p>Le Quai S\u00e9rie Th\u00e9\u00e2trale Saison 1, 5 \u00e9pisodes Le Quai c&#8217;est l&#8217;histoire de Florence, \u00e9lev\u00e9e par sa grand-m\u00e8re depuis la mort tragique de ses parents et fa\u00e7onn\u00e9e par l&#8217;exemple de<span class=\"read-more-wrap\"><a class=\"moretag\" href=\"https:\/\/annexeromainville.com\/index.php\/le-quai\/\">Lire la suite<span class=\"screen-reader-text\">Le Quai<\/span><\/a><\/span><\/p>\n","protected":false},"author":2,"featured_media":0,"parent":0,"menu_order":0,"comment_status":"closed","ping_status":"closed","template":"","meta":{"_bbp_topic_count":0,"_bbp_reply_count":0,"_bbp_total_topic_count":0,"_bbp_total_reply_count":0,"_bbp_voice_count":0,"_bbp_anonymous_reply_count":0,"_bbp_topic_count_hidden":0,"_bbp_reply_count_hidden":0,"_bbp_forum_subforum_count":0,"ngg_post_thumbnail":0},"_links":{"self":[{"href":"https:\/\/annexeromainville.com\/index.php\/wp-json\/wp\/v2\/pages\/2185"}],"collection":[{"href":"https:\/\/annexeromainville.com\/index.php\/wp-json\/wp\/v2\/pages"}],"about":[{"href":"https:\/\/annexeromainville.com\/index.php\/wp-json\/wp\/v2\/types\/page"}],"author":[{"embeddable":true,"href":"https:\/\/annexeromainville.com\/index.php\/wp-json\/wp\/v2\/users\/2"}],"replies":[{"embeddable":true,"href":"https:\/\/annexeromainville.com\/index.php\/wp-json\/wp\/v2\/comments?post=2185"}],"version-history":[{"count":12,"href":"https:\/\/annexeromainville.com\/index.php\/wp-json\/wp\/v2\/pages\/2185\/revisions"}],"predecessor-version":[{"id":2409,"href":"https:\/\/annexeromainville.com\/index.php\/wp-json\/wp\/v2\/pages\/2185\/revisions\/2409"}],"wp:attachment":[{"href":"https:\/\/annexeromainville.com\/index.php\/wp-json\/wp\/v2\/media?parent=2185"}],"curies":[{"name":"wp","href":"https:\/\/api.w.org\/{rel}","templated":true}]}}