{"id":2473,"date":"2019-04-03T10:30:11","date_gmt":"2019-04-03T09:30:11","guid":{"rendered":"http:\/\/annexedutraindevie.com\/?page_id=2473"},"modified":"2019-04-29T09:10:11","modified_gmt":"2019-04-29T08:10:11","slug":"ticket-gagnant","status":"publish","type":"page","link":"https:\/\/annexeromainville.com\/index.php\/ticket-gagnant\/","title":{"rendered":"Ticket Gagnant"},"content":{"rendered":"<div id=\"pl-2473\"  class=\"panel-layout\" ><div id=\"pg-2473-0\"  class=\"panel-grid panel-no-style\" ><div id=\"pgc-2473-0-0\"  class=\"panel-grid-cell\" ><div id=\"panel-2473-0-0-0\" class=\"so-panel widget widget_sow-image panel-first-child panel-last-child\" data-index=\"0\" ><div\n\t\t\t\n\t\t\tclass=\"so-widget-sow-image so-widget-sow-image-default-c67d20f9f743-2473\"\n\t\t\t\n\t\t>\n<div class=\"sow-image-container\">\n\t\t\t<a href=\"https:\/\/annexeromainville.com\/index.php\/les-improbables\/\"\n\t\t\t\t\t>\n\t\t\t<img \n\tsrc=\"https:\/\/annexeromainville.com\/wp-content\/uploads\/2018\/04\/spectacle-1.jpg\" width=\"613\" height=\"68\" srcset=\"https:\/\/annexeromainville.com\/wp-content\/uploads\/2018\/04\/spectacle-1.jpg 613w, https:\/\/annexeromainville.com\/wp-content\/uploads\/2018\/04\/spectacle-1-300x33.jpg 300w\" sizes=\"(max-width: 613px) 100vw, 613px\" title=\"spectacle (1)\" alt=\"\" loading=\"lazy\" \t\tclass=\"so-widget-image\"\/>\n\t\t\t<\/a><\/div>\n\n<\/div><\/div><\/div><\/div><div id=\"pg-2473-1\"  class=\"panel-grid panel-no-style\" ><div id=\"pgc-2473-1-0\"  class=\"panel-grid-cell\" ><div id=\"panel-2473-1-0-0\" class=\"so-panel widget widget_sow-image panel-first-child panel-last-child\" data-index=\"1\" ><div\n\t\t\t\n\t\t\tclass=\"so-widget-sow-image so-widget-sow-image-default-8b5b6f678277-2473\"\n\t\t\t\n\t\t>\n<div class=\"sow-image-container\">\n\t\t<img \n\tsrc=\"https:\/\/annexeromainville.com\/wp-content\/uploads\/2019\/04\/AfficheTicket-Gagnant-1-1.png\" width=\"1240\" height=\"1417\" srcset=\"https:\/\/annexeromainville.com\/wp-content\/uploads\/2019\/04\/AfficheTicket-Gagnant-1-1.png 1240w, https:\/\/annexeromainville.com\/wp-content\/uploads\/2019\/04\/AfficheTicket-Gagnant-1-1-263x300.png 263w, https:\/\/annexeromainville.com\/wp-content\/uploads\/2019\/04\/AfficheTicket-Gagnant-1-1-768x878.png 768w, https:\/\/annexeromainville.com\/wp-content\/uploads\/2019\/04\/AfficheTicket-Gagnant-1-1-896x1024.png 896w\" sizes=\"(max-width: 1240px) 100vw, 1240px\" title=\"AfficheTicket Gagnant\" alt=\"\" loading=\"lazy\" \t\tclass=\"so-widget-image\"\/>\n\t<\/div>\n\n<\/div><\/div><\/div><div id=\"pgc-2473-1-1\"  class=\"panel-grid-cell\" ><div id=\"panel-2473-1-1-0\" class=\"so-panel widget widget_sow-editor panel-first-child panel-last-child\" data-index=\"2\" ><div\n\t\t\t\n\t\t\tclass=\"so-widget-sow-editor so-widget-sow-editor-base\"\n\t\t\t\n\t\t>\n<div class=\"siteorigin-widget-tinymce textwidget\">\n\t<p style=\"text-align: justify;\"><strong><span style=\"color: #000000;\">Du 9 au 25 Mai 2019 \u00e0 20h<\/span><\/strong><br \/>\n<span style=\"color: #000000;\">Chaque jeudi, vendredi et samedi<\/span><br \/>\n<strong><span style=\"color: #000000;\">Ouverture des portes \u00e0 19h45<\/span><\/strong><\/p>\n<p style=\"text-align: justify;\"><span style=\"color: #000000;\">Avec <strong>Suzanne Gal\u00e9a<\/strong>, <strong>Virginia Galvan<\/strong>, <strong>Virginie Quod<\/strong> et <strong>Mathilde Saubole<\/strong><\/span><br \/>\n<span style=\"color: #000000;\">Mise en sc\u00e8ne par <strong>Mathilde Saubole<\/strong>.<\/span><\/p>\n<p style=\"text-align: justify;\"><span style=\"color: #000000;\">Ticket Gagnant parle du bruit assourdissant des moteurs, des flashs publicitaires qui grignotent nos yeux et nos oreilles, du divertissement comme seule \u00e9chappatoire au monde du travail.<\/span><br \/>\n<span style=\"color: #000000;\">De ceux qui s'organisent pour r\u00e9sister, de ceux qui regardent passer les trains sans trop savoir d'o\u00f9 il vient ni o\u00f9 il va. Du bruissement des arbres les soirs d'\u00e9t\u00e9, de la chaleur des uns, de la froideur des autres, des r\u00e9v\u00e9lations qui t\u00e9tanisent, d'une r\u00e9volte probable.<\/span><\/p>\n<p style=\"text-align: justify;\"><span style=\"color: #000000;\">Un Huit clos burlesque, haletant et immersif dont personne ne sortira indemne!<\/span><\/p>\n<\/div>\n<\/div><\/div><\/div><\/div><div id=\"pg-2473-2\"  class=\"panel-grid panel-no-style\" ><div id=\"pgc-2473-2-0\"  class=\"panel-grid-cell\" ><div id=\"panel-2473-2-0-0\" class=\"so-panel widget widget_sow-button panel-first-child panel-last-child\" data-index=\"3\" ><div\n\t\t\t\n\t\t\tclass=\"so-widget-sow-button so-widget-sow-button-atom-857739567c6a-2473\"\n\t\t\t\n\t\t><div class=\"ow-button-base ow-button-align-center\"\n>\n\t\t\t<a\n\t\t\t\t\thref=\"https:\/\/www.helloasso.com\/associations\/collectif-clac\/collectes\/ticket-gagnant\/don?fbclid=IwAR3QysQiZkWOOTUNaktlJW-X0SE7MZP7Hdf0O7EGzsW3dWfa9h8b16gCxb0\"\n\t\t\t\t\tclass=\"sowb-button ow-icon-placement-left ow-button-hover\" \t>\n\t\t<span>\n\t\t\t<span class=\"sow-icon-ionicons\" data-sow-icon=\"&#xf373;\"\n\t\tstyle=\"color: #dd9933\" \n\t\taria-hidden=\"true\"><\/span>\n\t\t\tR\u00e9server\t\t<\/span>\n\t\t\t<\/a>\n\t<\/div>\n<\/div><\/div><\/div><\/div><div id=\"pg-2473-3\"  class=\"panel-grid panel-no-style\" ><div id=\"pgc-2473-3-0\"  class=\"panel-grid-cell\" ><div id=\"panel-2473-3-0-0\" class=\"so-panel widget widget_sow-editor panel-first-child panel-last-child\" data-index=\"4\" ><div\n\t\t\t\n\t\t\tclass=\"so-widget-sow-editor so-widget-sow-editor-base\"\n\t\t\t\n\t\t><h3 class=\"widget-title\">Suzanne Gal\u00e9a<\/h3>\n<div class=\"siteorigin-widget-tinymce textwidget\">\n\t<p style=\"text-align: justify;\"><span style=\"color: #000000;\">Suzanne Gal\u00e9a est com\u00e9dienne et auteure. Elle obtient d\u00e8s l'adolescence un r\u00f4le r\u00e9current dans une s\u00e9rie t\u00e9l\u00e9visuelle, puis int\u00e8gre une classe pr\u00e9paratoire litt\u00e9raire et poursuit des \u00e9tudes de relations internationales. Son master obtenu, elle choisit l\u2019Atelier international de Blanche Salant pour se former en tant que com\u00e9dienne professionnelle. Elle cr\u00e9e par la suite la compagnie Nunc, et joue dans Rencontres en chute libre, pi\u00e8ces courtes in\u00e9dites d\u2019Israel Horovitz. Puis elle parfait sa technique physique \u00e0 L\u2019\u00c9cole du Jeu et interpr\u00e8te un seul en sc\u00e8ne, <em>Le Syndrome Pr\u00e9vert<\/em>, cr\u00e9\u00e9 \u00e0 la Maison des M\u00e9tallos et \u00e0 la Camilienne, mis en sc\u00e8ne par Luca Stefanini. Elle est l\u2019auteure de <em>Match<\/em>, roman d\u2019anticipation publi\u00e9 en 2016 aux \u00e9ditions Inspire, et de <em>Zarbi<\/em>, livre jeunesse sur la douance, illustr\u00e9 par Floriane Ricard aux \u00c9ditions Rue de l'\u00e9chiquier en 2018.<\/span><\/p>\n<\/div>\n<\/div><\/div><\/div><div id=\"pgc-2473-3-1\"  class=\"panel-grid-cell\" ><div id=\"panel-2473-3-1-0\" class=\"so-panel widget widget_sow-editor panel-first-child panel-last-child\" data-index=\"5\" ><div\n\t\t\t\n\t\t\tclass=\"so-widget-sow-editor so-widget-sow-editor-base\"\n\t\t\t\n\t\t><h3 class=\"widget-title\">Virginie Quod<\/h3>\n<div class=\"siteorigin-widget-tinymce textwidget\">\n\t<p style=\"text-align: justify;\"><span style=\"color: #000000;\">Virginie Quod est Titulaire d\u2019une licence de Lettres moderne. Elle fonde la compagnie La Cig\u00fce (Bordeaux) en 2008. En la dirigeant pendant plusieurs ann\u00e9es, elle se forme en production, diffusion et administration, joue dans divers festivals (Festival de Blaye, Rue libre...) met en sc\u00e8ne et donne des cours de th\u00e9\u00e2tre et d\u2019improvisation. Elle se forme \u00e9galement au conservatoire de M\u00e9rignac. En 2013, elle compl\u00e8te sa formation en entrant \u00e0 l'\u00c9cole du Jeu \u00e0 Paris. Elle suit les stages de jeu cin\u00e9ma de Dany H\u00e9ricourt et dispense des ateliers de th\u00e9\u00e2tre et d'improvisation au sein de la Cie R\u00e9sonnances (Paris 18eme) et la Cie Jetzt de Romainville, puis dans des \u00e9coles parisiennes. Form\u00e9e sur le tas \u00e0 la menuiserie, elle int\u00e8gre l\u2019association La Petite Rockette en 2015, au sein de laquelle elle anime des ateliers de construction de mobiliers urbains et anime des ateliers de sensibilisation \u00e0 l'environnement, collaborant avec des structures parisiennes telles que la Maison des M\u00e9tallos, la BPI ou le festival Soliday's Elle est percussionniste dans la fanfare les Tyrassonores, et cr\u00e9\u00e9 des univers sonores. En 2015, elle con\u00e7oit et interpr\u00e8te <em>HUMAN ZOO<\/em>, pi\u00e8ce de th\u00e9\u00e2tre\/performance pour les Hors-lits r\u00e9gion parisienne et r\u00e9alise le court-m\u00e9trage CONTACT.<\/span><\/p>\n<\/div>\n<\/div><\/div><\/div><div id=\"pgc-2473-3-2\"  class=\"panel-grid-cell\" ><div id=\"panel-2473-3-2-0\" class=\"so-panel widget widget_sow-editor panel-first-child panel-last-child\" data-index=\"6\" ><div\n\t\t\t\n\t\t\tclass=\"so-widget-sow-editor so-widget-sow-editor-base\"\n\t\t\t\n\t\t><h3 class=\"widget-title\">Virginia Galv\u00e1n Blas<\/h3>\n<div class=\"siteorigin-widget-tinymce textwidget\">\n\t<p><span style=\"color: #000000;\">Virginia Galv<\/span>\u00e1<span style=\"color: #000000;\">n est \u00c9conomiste de formation, elle exerce son m\u00e9tier en Espagne pendant une dizaine d'ann\u00e9e avant de se tourner enti\u00e8rement vers le m\u00e9tier d'actrice. Elle obtient le dipl\u00f4me du cours Florent en 2014. Elle int\u00e8gre l'\u00e9cole de th\u00e9\u00e2tre physique LISPA (Londres\/Berlin), et suit des stages \u00e0 l'Ecole du jeu-Delphien Eliet (Paris) et \u00e0 la L.A.M.D.A (Londres). Elle cr\u00e9e <em>Stuffed<\/em> \u00e0 Berlin en 2016 en tant que com\u00e9dienne et accessoiriste. Elle fonde en 2017 la Compania Calor , et cr\u00e9e la pi\u00e8ce <em>Adela y Martirio<\/em>, librement adapt\u00e9 de <em>La Maison de Bernarda Alba<\/em>, qui gagne le prix du public du festival Scratxe (Vitoria). Elle intervient r\u00e9guli\u00e8rement comme coach sc\u00e9nique au Centre FGO Barbara, aupr\u00e8s d'artistes de musique actuelle (Khadyak, Safia Bahmed...).<\/span><\/p>\n<\/div>\n<\/div><\/div><\/div><div id=\"pgc-2473-3-3\"  class=\"panel-grid-cell\" ><div id=\"panel-2473-3-3-0\" class=\"so-panel widget widget_sow-editor panel-first-child panel-last-child\" data-index=\"7\" ><div\n\t\t\t\n\t\t\tclass=\"so-widget-sow-editor so-widget-sow-editor-base\"\n\t\t\t\n\t\t><h3 class=\"widget-title\">Mathilde Saubole<\/h3>\n<div class=\"siteorigin-widget-tinymce textwidget\">\n\t<p style=\"text-align: justify;\"><span style=\"color: #000000;\">Form\u00e9e \u00e0 Bordeaux par Luc Faug\u00e8re au studio Temps d\u2019M puis \u00e0 l\u2019\u00c9cole du Jeu \u2013 Delphine Eliet \u00e0 Paris. Pendant ses \u00e9tudes, elle con\u00e7oit et interpr\u00e8te plusieurs formes courtes pour divers collectifs parisiens. Elle co-fonde avec Maryse Urruty la compagnie Les Instants Electriques et cr\u00e9e NINA. Elle suit les stages de Dany H\u00e9ricourt, dont elle devient l'assistante a partir de 2014 (<em>DALIDA<\/em>, <em>JOUR J<\/em>, <em>La Maladroite<\/em>, <em>Alad'2<\/em>...) et met en sc\u00e8ne <em>TARTUFFE<\/em> avec Paul Toucang. En 2015, elle \u00e9crit et interpr\u00e8te son premier solo : <em>Les Enqu\u00eates extraordinaires de Yolanda Harps<\/em>. Elle joue dans <em>Le Quai<\/em>, (m.e.s. Deborah Banoun, compagnie JETZT) puis dans <em>SKRILANKA<\/em>, (m.e.s. Julien Marot, compagnie Mmm...) et joue dans le film du m\u00eame nom. Elle initie la cr\u00e9ation de l'Atelier Permanent, atelier collaboratif d'entra\u00eenement de l'acteur professionnel, bas\u00e9 \u00e0 Montreuil pendant un an. Mathilde obtient le C.A.P. d'Accessoiriste-r\u00e9alisateur en 2018 (C.F.P.T.S), puis signe les d\u00e9cor du <em>Syndrome Pr\u00e9vert <\/em>(m.e.s. Luca Stefanini). Elle partage le plateau des <em>M\u00e9tamorphoses<\/em> avec Odile Lavie mis en sc\u00e8ne par Marie Magdeleine Sommier, seconde cr\u00e9ation du collectif CLAC ! .<\/span><\/p>\n<\/div>\n<\/div><\/div><\/div><\/div><\/div>","protected":false},"excerpt":{"rendered":"<p>Du 9 au 25 Mai 2019 \u00e0 20h Chaque jeudi, vendredi et samedi Ouverture des portes \u00e0 19h45 Avec Suzanne Gal\u00e9a, Virginia Galvan, Virginie Quod et Mathilde Saubole Mise en<span class=\"read-more-wrap\"><a class=\"moretag\" href=\"https:\/\/annexeromainville.com\/index.php\/ticket-gagnant\/\">Lire la suite<span class=\"screen-reader-text\">Ticket Gagnant<\/span><\/a><\/span><\/p>\n","protected":false},"author":2,"featured_media":0,"parent":0,"menu_order":0,"comment_status":"closed","ping_status":"closed","template":"","meta":{"_bbp_topic_count":0,"_bbp_reply_count":0,"_bbp_total_topic_count":0,"_bbp_total_reply_count":0,"_bbp_voice_count":0,"_bbp_anonymous_reply_count":0,"_bbp_topic_count_hidden":0,"_bbp_reply_count_hidden":0,"_bbp_forum_subforum_count":0,"ngg_post_thumbnail":0},"_links":{"self":[{"href":"https:\/\/annexeromainville.com\/index.php\/wp-json\/wp\/v2\/pages\/2473"}],"collection":[{"href":"https:\/\/annexeromainville.com\/index.php\/wp-json\/wp\/v2\/pages"}],"about":[{"href":"https:\/\/annexeromainville.com\/index.php\/wp-json\/wp\/v2\/types\/page"}],"author":[{"embeddable":true,"href":"https:\/\/annexeromainville.com\/index.php\/wp-json\/wp\/v2\/users\/2"}],"replies":[{"embeddable":true,"href":"https:\/\/annexeromainville.com\/index.php\/wp-json\/wp\/v2\/comments?post=2473"}],"version-history":[{"count":17,"href":"https:\/\/annexeromainville.com\/index.php\/wp-json\/wp\/v2\/pages\/2473\/revisions"}],"predecessor-version":[{"id":2670,"href":"https:\/\/annexeromainville.com\/index.php\/wp-json\/wp\/v2\/pages\/2473\/revisions\/2670"}],"wp:attachment":[{"href":"https:\/\/annexeromainville.com\/index.php\/wp-json\/wp\/v2\/media?parent=2473"}],"curies":[{"name":"wp","href":"https:\/\/api.w.org\/{rel}","templated":true}]}}