{"id":2578,"date":"2019-04-25T16:36:45","date_gmt":"2019-04-25T15:36:45","guid":{"rendered":"http:\/\/annexedutraindevie.com\/?page_id=2578"},"modified":"2021-09-03T12:54:35","modified_gmt":"2021-09-03T11:54:35","slug":"deborah-banoun","status":"publish","type":"page","link":"https:\/\/annexeromainville.com\/index.php\/deborah-banoun\/","title":{"rendered":"D\u00e9borah Banoun"},"content":{"rendered":"<div id=\"pl-2578\" class=\"panel-layout\">\n<div id=\"pg-2578-0\" class=\"panel-grid panel-no-style\" data-style=\"{&quot;background_image_attachment&quot;:false,&quot;background_display&quot;:&quot;tile&quot;,&quot;cell_alignment&quot;:&quot;flex-start&quot;}\" data-ratio=\"1\" data-ratio-direction=\"right\">\n<div id=\"pgc-2578-0-0\" class=\"panel-grid-cell\" data-weight=\"1\">\n<div id=\"panel-2578-0-0-0\" class=\"so-panel widget widget_sow-editor panel-first-child panel-last-child\" data-index=\"0\" data-style=\"{&quot;background_image_attachment&quot;:false,&quot;background_display&quot;:&quot;tile&quot;}\">\n<div class=\"so-widget-sow-editor so-widget-sow-editor-base\">\n<div class=\"siteorigin-widget-tinymce textwidget\">\n<p style=\"text-align: justify;\"><span style=\"color: #000000;\"><img loading=\"lazy\" class=\"size-medium wp-image-5999 alignleft\" src=\"https:\/\/annexeromainville.com\/wp-content\/uploads\/2021\/09\/DSC06995-1-210x300.jpeg\" alt=\"\" width=\"210\" height=\"300\" srcset=\"https:\/\/annexeromainville.com\/wp-content\/uploads\/2021\/09\/DSC06995-1-210x300.jpeg 210w, https:\/\/annexeromainville.com\/wp-content\/uploads\/2021\/09\/DSC06995-1.jpeg 525w\" sizes=\"(max-width: 210px) 100vw, 210px\" \/>Artiste Associ\u00e9e de L&#8217;Annexe \/ Auteure \/ Metteure en sc\u00e8ne \/ sc\u00e9nographe<\/span><\/p>\n<p style=\"text-align: justify;\"><span style=\"color: #000000;\">Form\u00e9e au cours Simon o\u00f9 elle obtient un 1er prix de com\u00e9die. Elle collabore avec de nombreuses troupes et r\u00e9alisateurs. Riche de cette exp\u00e9rience elle souhaite s&#8217;orienter vers la mise en sc\u00e8ne. Afin d&#8217;asseoir ses connaissances elle rentre comme stagiaire assistante \u00e0 la Com\u00e9die Fran\u00e7aise. Elle y rencontre Jean Michel Ribes avec qui elle travaille d&#8217;abord en tant qu&#8217;assistante \u00e0 la mise en sc\u00e8ne de 2000 \u00e0 2001, puis comme collaboratrice artistique de direction au Th\u00e9\u00e2tre du Rond Point de 2001 \u00e0 2005. Elle y rencontre \u00e9galement de nombreux auteurs et metteurs en sc\u00e8ne avec lesquels elle collabore, dont William Mesguich, Lionel Spycher, Mohamed Rouabhi, Samuel Benchetrit\u2026<\/span><\/p>\n<p style=\"text-align: justify;\"><span style=\"color: #000000;\">En 2005 elle est une des collaboratrices artistiques de la Cie Jetzt. Elle y cr\u00e9e en partenariat avec des metteurs en sc\u00e8ne et des auteurs notamment pour Carnets en Marges avec Nicolas Liautard (2005\/06), Fitness avec Jacques De Decker, 7 pieds sous terre avec Lise Martin, cr\u00e9\u00e9 au Th\u00e9\u00e2tre de la Vieille Grille (2007\/08), Kiss db ou l\u2019histoire d\u2019une mort sans fin avec Elise Mc Leod et Lise Martin au Th\u00e9\u00e2tre Essa\u00efon (2009\/10).<\/span><\/p>\n<p style=\"text-align: justify;\"><span style=\"color: #000000;\">En 2012, elle collabore avec Eric Ruff de la Com\u00e9die fran\u00e7aise sur Peer Gynt, qui se jouera au Grand Palais. Etudiante en Master 2, elle travaille sous la direction de David Lescot, Fran\u00e7ois Rancillac, Daniel Jeannneteau. Elle sortira major de sa promotion en Master mise en sc\u00e8ne et dramaturgie \u00e0 Nanterre. En 2012-2013, elle monte Scapin Projet et Fiction d\u2019Hiver, ses premi\u00e8res mises en sc\u00e8ne qu\u2019elle signe seule comme directrice artistique.<\/span><\/p>\n<p style=\"text-align: justify;\"><span style=\"color: #000000;\">En 2014, D\u00e9borah Banoun se lance dans une adaptation libre avec Anne Seiller de <em>Quai Ouistreham<\/em> de Florence Aubenas. Elles cr\u00e9ent une s\u00e9rie-th\u00e9\u00e2trale, comportant 5 \u00e9pisodes. Les deux premiers \u00e9pisodes seront cr\u00e9\u00e9s en 2014 \u00e0 Romainville et jou\u00e9s jusqu\u2019en 2016 (Th\u00e9\u00e2tre de M\u00e9nilmontant, Gare au Th\u00e9\u00e2tre, Palais des F\u00eates de Romainville).<\/span><\/p>\n<p style=\"text-align: justify;\"><span style=\"color: #000000;\">Elle ouvre en 2016 un lieu culturel et citoyen, L&#8217;Annexe, au c\u0153ur de Romainville, tourn\u00e9 vers les valeurs de l\u2019\u00c9conomie Sociale et Solidaire et la gouvernance participative du citoyen. En 2017, elle travaille sur une adaptation de <em>Yalla !<\/em> de Sonia Ristic et sur l\u2019\u00e9criture et les r\u00e9p\u00e9titions des 3 derniers \u00e9pisodes du Quai.<\/span><\/p>\n<p style=\"text-align: justify;\"><span style=\"color: #000000;\"><em>Le Quai<\/em>&nbsp;a \u00e9t\u00e9&nbsp;cr\u00e9\u00e9 dans sa version int\u00e9grale au Th\u00e9\u00e2tre 13 entre Octobre 2018 et F\u00e9vrier 2019.<\/span><\/p>\n<\/div>\n<\/div>\n<\/div>\n<\/div>\n<\/div>\n<div id=\"pg-2578-1\" class=\"panel-grid panel-no-style\" data-style=\"{&quot;background_image_attachment&quot;:false,&quot;background_display&quot;:&quot;tile&quot;,&quot;cell_alignment&quot;:&quot;flex-start&quot;}\" data-ratio=\"1\" data-ratio-direction=\"right\">\n<div id=\"pgc-2578-1-0\" class=\"panel-grid-cell\" data-weight=\"1\">\n<div id=\"panel-2578-1-0-0\" class=\"so-panel widget widget_sow-editor panel-first-child panel-last-child\" data-index=\"1\" data-style=\"{&quot;background_image_attachment&quot;:false,&quot;background_display&quot;:&quot;tile&quot;}\">\n<div class=\"so-widget-sow-editor so-widget-sow-editor-base\">\n<div class=\"siteorigin-widget-tinymce textwidget\">\n<hr>\n<p style=\"text-align: center;\"><span style=\"color: #000000;\"><span style=\"text-decoration: underline;\">Contac<\/span>t : <a href=\"mailto:administration@annexedutraindevie.com\">artistique@annexeromainville.com<\/a> \/ 09 53 14 50 99<br \/>\n<\/span><\/p>\n<hr>\n<\/div>\n<\/div>\n<\/div>\n<\/div>\n<\/div>\n<\/div>\n","protected":false},"excerpt":{"rendered":"<p>Artiste Associ\u00e9e de L&#8217;Annexe \/ Auteure \/ Metteure en sc\u00e8ne \/ sc\u00e9nographe Form\u00e9e au cours Simon o\u00f9 elle obtient un 1er prix de com\u00e9die. Elle collabore avec de nombreuses troupes<span class=\"read-more-wrap\"><a class=\"moretag\" href=\"https:\/\/annexeromainville.com\/index.php\/deborah-banoun\/\">Lire la suite<span class=\"screen-reader-text\">D\u00e9borah Banoun<\/span><\/a><\/span><\/p>\n","protected":false},"author":2,"featured_media":0,"parent":0,"menu_order":0,"comment_status":"closed","ping_status":"closed","template":"","meta":{"_bbp_topic_count":0,"_bbp_reply_count":0,"_bbp_total_topic_count":0,"_bbp_total_reply_count":0,"_bbp_voice_count":0,"_bbp_anonymous_reply_count":0,"_bbp_topic_count_hidden":0,"_bbp_reply_count_hidden":0,"_bbp_forum_subforum_count":0,"ngg_post_thumbnail":0},"_links":{"self":[{"href":"https:\/\/annexeromainville.com\/index.php\/wp-json\/wp\/v2\/pages\/2578"}],"collection":[{"href":"https:\/\/annexeromainville.com\/index.php\/wp-json\/wp\/v2\/pages"}],"about":[{"href":"https:\/\/annexeromainville.com\/index.php\/wp-json\/wp\/v2\/types\/page"}],"author":[{"embeddable":true,"href":"https:\/\/annexeromainville.com\/index.php\/wp-json\/wp\/v2\/users\/2"}],"replies":[{"embeddable":true,"href":"https:\/\/annexeromainville.com\/index.php\/wp-json\/wp\/v2\/comments?post=2578"}],"version-history":[{"count":12,"href":"https:\/\/annexeromainville.com\/index.php\/wp-json\/wp\/v2\/pages\/2578\/revisions"}],"predecessor-version":[{"id":6005,"href":"https:\/\/annexeromainville.com\/index.php\/wp-json\/wp\/v2\/pages\/2578\/revisions\/6005"}],"wp:attachment":[{"href":"https:\/\/annexeromainville.com\/index.php\/wp-json\/wp\/v2\/media?parent=2578"}],"curies":[{"name":"wp","href":"https:\/\/api.w.org\/{rel}","templated":true}]}}