{"id":2829,"date":"2019-08-29T14:44:46","date_gmt":"2019-08-29T13:44:46","guid":{"rendered":"http:\/\/annexedutraindevie.com\/?page_id=2829"},"modified":"2019-08-29T14:54:05","modified_gmt":"2019-08-29T13:54:05","slug":"en-meme-temps","status":"publish","type":"page","link":"https:\/\/annexeromainville.com\/index.php\/en-meme-temps\/","title":{"rendered":"En M\u00eame Temps"},"content":{"rendered":"<div id=\"pl-2829\"  class=\"panel-layout\" ><div id=\"pg-2829-0\"  class=\"panel-grid panel-no-style\" ><div id=\"pgc-2829-0-0\"  class=\"panel-grid-cell\" ><div id=\"panel-2829-0-0-0\" class=\"so-panel widget widget_sow-image panel-first-child panel-last-child\" data-index=\"0\" ><div\n\t\t\t\n\t\t\tclass=\"so-widget-sow-image so-widget-sow-image-default-c67d20f9f743-2829\"\n\t\t\t\n\t\t>\n<div class=\"sow-image-container\">\n\t\t<img \n\tsrc=\"https:\/\/annexeromainville.com\/wp-content\/uploads\/2018\/04\/spectacle-1.jpg\" width=\"613\" height=\"68\" srcset=\"https:\/\/annexeromainville.com\/wp-content\/uploads\/2018\/04\/spectacle-1.jpg 613w, https:\/\/annexeromainville.com\/wp-content\/uploads\/2018\/04\/spectacle-1-300x33.jpg 300w\" sizes=\"(max-width: 613px) 100vw, 613px\" title=\"spectacle (1)\" alt=\"\" loading=\"lazy\" \t\tclass=\"so-widget-image\"\/>\n\t<\/div>\n\n<\/div><\/div><\/div><\/div><div id=\"pg-2829-1\"  class=\"panel-grid panel-no-style\" ><div id=\"pgc-2829-1-0\"  class=\"panel-grid-cell\" ><div id=\"panel-2829-1-0-0\" class=\"so-panel widget widget_sow-image panel-first-child panel-last-child\" data-index=\"1\" ><div\n\t\t\t\n\t\t\tclass=\"so-widget-sow-image so-widget-sow-image-default-8b5b6f678277-2829\"\n\t\t\t\n\t\t>\n<div class=\"sow-image-container\">\n\t\t<img \n\tsrc=\"https:\/\/annexeromainville.com\/wp-content\/uploads\/2019\/08\/photos-dossier-3.jpg\" width=\"1582\" height=\"2245\" srcset=\"https:\/\/annexeromainville.com\/wp-content\/uploads\/2019\/08\/photos-dossier-3.jpg 1582w, https:\/\/annexeromainville.com\/wp-content\/uploads\/2019\/08\/photos-dossier-3-211x300.jpg 211w, https:\/\/annexeromainville.com\/wp-content\/uploads\/2019\/08\/photos-dossier-3-768x1090.jpg 768w, https:\/\/annexeromainville.com\/wp-content\/uploads\/2019\/08\/photos-dossier-3-722x1024.jpg 722w\" sizes=\"(max-width: 1582px) 100vw, 1582px\" title=\"photos dossier 3\" alt=\"\" loading=\"lazy\" \t\tclass=\"so-widget-image\"\/>\n\t<\/div>\n\n<\/div><\/div><\/div><div id=\"pgc-2829-1-1\"  class=\"panel-grid-cell\" ><div id=\"panel-2829-1-1-0\" class=\"so-panel widget widget_sow-editor panel-first-child panel-last-child\" data-index=\"2\" ><div\n\t\t\t\n\t\t\tclass=\"so-widget-sow-editor so-widget-sow-editor-base\"\n\t\t\t\n\t\t>\n<div class=\"siteorigin-widget-tinymce textwidget\">\n\t<p><span style=\"color: #000000;\"><strong>Du 17 au 19 octobre 2019, \u00e0 20h.<\/strong><br \/>\nOuverture des portes \u00e0 19h45.<\/span><\/p>\n<p style=\"text-align: justify;\"><span style=\"color: #000000;\">Par la <strong>56\u00e8me Compaggnie.<\/strong><\/span><br \/>\n<span style=\"color: #000000;\">D'<strong>Evgu\u00e9ni Grichkovets<\/strong><br \/>\nAvec <strong>Jean-Claude Bonnifai<\/strong>t &amp; <strong>Serge Gaborieau<\/strong><br \/>\nCr\u00e9ation son : <strong>Isabelle Surel<\/strong> &nbsp;<\/span><\/p>\n<p style=\"text-align: justify;\"><span style=\"color: #000000;\"><span style=\"text-decoration: underline;\">DUR\u00c9E<\/span> : 1H <\/span><span style=\"color: #000000;\"><br \/>\n<span style=\"text-decoration: underline;\">\u00c2GE<\/span> : Tout public \u00e0 partir de 12 ans<\/span><\/p>\n<p style=\"text-align: justify;\">Tentative d\u00e9sesp\u00e9r\u00e9e de contraction de l\u2019espace-temps et de perception du ressenti. Monologue m\u00e9taphysico-burlesque. Les deux acteurs, tels des Dupond et Dupont, ou des fr\u00e8res ennemis \u00e9gar\u00e9s dans l\u2019univers, voyagent entre gravit\u00e9 l\u00e9g\u00e8re et divertissement incisif. Ce texte propose de suivre le cheminement du penseur involontaire qu\u2019est l\u2019homo-sapiens ordinaire sur la perception et le ressenti du concret, de l\u2019abstrait, et de la fausse lin\u00e9arit\u00e9 du temps : \u201c <em>C\u2019est absurde de penser \u00e0 tout \u00e7a en m\u00eame temps, en revanche on peut le ressentir<\/em>\u201d.<\/p>\n<p><a href=\"http:\/\/annexedutraindevie.com\/wp-content\/uploads\/2019\/08\/Dossier-presse-En-m\u00eame-temps.pdf\">T\u00e9l\u00e9charger le Dossier de Presse<\/a><\/p>\n<\/div>\n<\/div><\/div><\/div><\/div><div id=\"pg-2829-2\"  class=\"panel-grid panel-no-style\" ><div id=\"pgc-2829-2-0\"  class=\"panel-grid-cell\" ><div id=\"panel-2829-2-0-0\" class=\"so-panel widget widget_sow-button panel-first-child panel-last-child\" data-index=\"3\" ><div\n\t\t\t\n\t\t\tclass=\"so-widget-sow-button so-widget-sow-button-atom-857739567c6a-2829\"\n\t\t\t\n\t\t><div class=\"ow-button-base ow-button-align-center\"\n>\n\t\t\t<a\n\t\t\t\t\thref=\"http:\/\/annexedutraindevie.com\/index.php\/reservation\/\"\n\t\t\t\t\tclass=\"sowb-button ow-icon-placement-left ow-button-hover\" \t>\n\t\t<span>\n\t\t\t<span class=\"sow-icon-ionicons\" data-sow-icon=\"&#xf373;\"\n\t\tstyle=\"color: #dd9933\" \n\t\taria-hidden=\"true\"><\/span>\n\t\t\tR\u00e9server\t\t<\/span>\n\t\t\t<\/a>\n\t<\/div>\n<\/div><\/div><\/div><\/div><div id=\"pg-2829-3\"  class=\"panel-grid panel-no-style\" ><div id=\"pgc-2829-3-0\"  class=\"panel-grid-cell panel-grid-cell-empty\" ><\/div><div id=\"pgc-2829-3-1\"  class=\"panel-grid-cell panel-grid-cell-mobile-last\" ><div id=\"panel-2829-3-1-0\" class=\"so-panel widget widget_sow-image panel-first-child panel-last-child\" data-index=\"4\" ><div\n\t\t\t\n\t\t\tclass=\"so-widget-sow-image so-widget-sow-image-default-8b5b6f678277-2829\"\n\t\t\t\n\t\t>\n<div class=\"sow-image-container\">\n\t\t<img \n\tsrc=\"https:\/\/annexeromainville.com\/wp-content\/uploads\/2019\/08\/photos-dossier.jpg\" width=\"1469\" height=\"711\" srcset=\"https:\/\/annexeromainville.com\/wp-content\/uploads\/2019\/08\/photos-dossier.jpg 1469w, https:\/\/annexeromainville.com\/wp-content\/uploads\/2019\/08\/photos-dossier-300x145.jpg 300w, https:\/\/annexeromainville.com\/wp-content\/uploads\/2019\/08\/photos-dossier-768x372.jpg 768w, https:\/\/annexeromainville.com\/wp-content\/uploads\/2019\/08\/photos-dossier-1024x496.jpg 1024w\" sizes=\"(max-width: 1469px) 100vw, 1469px\" title=\"photos dossier\" alt=\"\" loading=\"lazy\" \t\tclass=\"so-widget-image\"\/>\n\t<\/div>\n\n<\/div><\/div><\/div><div id=\"pgc-2829-3-2\"  class=\"panel-grid-cell panel-grid-cell-empty\" ><\/div><\/div><div id=\"pg-2829-4\"  class=\"panel-grid panel-no-style\" ><div id=\"pgc-2829-4-0\"  class=\"panel-grid-cell\" ><div id=\"panel-2829-4-0-0\" class=\"so-panel widget widget_sow-editor panel-first-child panel-last-child\" data-index=\"5\" ><div\n\t\t\t\n\t\t\tclass=\"so-widget-sow-editor so-widget-sow-editor-base\"\n\t\t\t\n\t\t><h3 class=\"widget-title\">JEAN-CLAUDE BONNIFAIT<\/h3>\n<div class=\"siteorigin-widget-tinymce textwidget\">\n\t<p style=\"text-align: justify;\"><span style=\"color: #000000;\">Metteur en sc\u00e8ne et Com\u00e9dien<\/span><br \/>\n<span style=\"color: #000000;\">Apr\u00e8s des \u00e9tudes d\u2019histoire de l\u2019art et de lettres modernes \u00e0 Bordeaux, il commence une formation d\u2019acteur \u00e0 Paris tout en suivant des cours de danse contemporaine. Puis il est engag\u00e9 successivement par Robert Hossein, <em>Notre dame de Paris<\/em>, et Maurice B\u00e9jart, <em>Casta Diva<\/em>. Il s\u2019oriente ensuite vers un th\u00e9\u00e2tre plus personnel avec la compagnie La Rumeur\/ Patrice Bigel. Il participe \u00e0 plusieurs cr\u00e9ations de Jo\u00ebl Dragutin au Th\u00e9\u00e2tre 95, dont <em>La baie de Naples<\/em>. Il cr\u00e9e avec Xavier Durringer <em>Une petite envie de tuer<\/em> sur le bout de la langue. Depuis, il a jou\u00e9 sous la direction de Robert Cantarella, Adel Hakim, Renaud Cojo, Dag Jeanneret, Patrick Haggiag, David Ayala, et Jean-Claude Fall. Il joue maintenant avec de jeunes cr\u00e9ateurs, Lucas Bonnifait, Pierre-Marie Baudoin, Fr\u00e9d\u00e9ric Jessua. Il a travaill\u00e9 aussi pour la t\u00e9l\u00e9vision, notamment avec Raoul Peck, et dans la s\u00e9rie <em>Braquo<\/em>, et enregistre pour France culture. Il est l\u2019auteur de <em>Glissades<\/em> programm\u00e9 au th\u00e9\u00e2tre La Loge.<\/span><\/p>\n<\/div>\n<\/div><\/div><\/div><div id=\"pgc-2829-4-1\"  class=\"panel-grid-cell\" ><div id=\"panel-2829-4-1-0\" class=\"so-panel widget widget_sow-editor panel-first-child panel-last-child\" data-index=\"6\" ><div\n\t\t\t\n\t\t\tclass=\"so-widget-sow-editor so-widget-sow-editor-base\"\n\t\t\t\n\t\t><h3 class=\"widget-title\">SERGE GABORIEAU<\/h3>\n<div class=\"siteorigin-widget-tinymce textwidget\">\n\t<p style=\"text-align: justify;\"><span style=\"color: #000000;\">Metteur en sc\u00e8ne et Com\u00e9dien<\/span><br \/>\n<span style=\"color: #000000;\">Facteur, puis professeur d\u2019EPS pendant une dizaine d\u2019ann\u00e9es, il suit parall\u00e8lement une formation de com\u00e9dien au Conservatoire de Rouen et au Th\u00e9\u00e2tre des 2 Rives. Il quitte l\u2019\u00c9ducation Nationale, devient assistant de Christian Schiaretti et d\u2019Alain B\u00e9zu, puis com\u00e9dien avec celui-ci et plus tard avec Adel Hakim, Elisabeth Chailloux, Serge Tranvouez, Philippe Awat, Dominique Wittorski, Catherine Delattres, Patrick Sueur. Il joue maintenant avec de jeunes cr\u00e9ateurs: David Bob\u00e9e, Alice Lescanne et Sonia Derzypolski, Ariane Heuz\u00e9, Christophe Laluque. Il fait son cin\u00e9ma avec Martin Provost, Isma\u00ebl Ferroukhi, Klaus Drexel, les fr\u00e8res Boustani. Il \u00e9crit pour le th\u00e9\u00e2tre : <em>Les collaborateurs<\/em> (Encouragements du CNT), <em>Histoire \u00e0 deux balles<\/em> (R\u00e9sidence Chartreuse).<\/span><\/p>\n<\/div>\n<\/div><\/div><\/div><\/div><\/div>","protected":false},"excerpt":{"rendered":"<p>Du 17 au 19 octobre 2019, \u00e0 20h. Ouverture des portes \u00e0 19h45. Par la 56\u00e8me Compaggnie. D&#8217;Evgu\u00e9ni Grichkovets Avec Jean-Claude Bonnifait &amp; Serge Gaborieau Cr\u00e9ation son : Isabelle Surel<span class=\"read-more-wrap\"><a class=\"moretag\" href=\"https:\/\/annexeromainville.com\/index.php\/en-meme-temps\/\">Lire la suite<span class=\"screen-reader-text\">En M\u00eame Temps<\/span><\/a><\/span><\/p>\n","protected":false},"author":2,"featured_media":0,"parent":0,"menu_order":0,"comment_status":"closed","ping_status":"closed","template":"","meta":{"_bbp_topic_count":0,"_bbp_reply_count":0,"_bbp_total_topic_count":0,"_bbp_total_reply_count":0,"_bbp_voice_count":0,"_bbp_anonymous_reply_count":0,"_bbp_topic_count_hidden":0,"_bbp_reply_count_hidden":0,"_bbp_forum_subforum_count":0,"ngg_post_thumbnail":0},"_links":{"self":[{"href":"https:\/\/annexeromainville.com\/index.php\/wp-json\/wp\/v2\/pages\/2829"}],"collection":[{"href":"https:\/\/annexeromainville.com\/index.php\/wp-json\/wp\/v2\/pages"}],"about":[{"href":"https:\/\/annexeromainville.com\/index.php\/wp-json\/wp\/v2\/types\/page"}],"author":[{"embeddable":true,"href":"https:\/\/annexeromainville.com\/index.php\/wp-json\/wp\/v2\/users\/2"}],"replies":[{"embeddable":true,"href":"https:\/\/annexeromainville.com\/index.php\/wp-json\/wp\/v2\/comments?post=2829"}],"version-history":[{"count":8,"href":"https:\/\/annexeromainville.com\/index.php\/wp-json\/wp\/v2\/pages\/2829\/revisions"}],"predecessor-version":[{"id":2852,"href":"https:\/\/annexeromainville.com\/index.php\/wp-json\/wp\/v2\/pages\/2829\/revisions\/2852"}],"wp:attachment":[{"href":"https:\/\/annexeromainville.com\/index.php\/wp-json\/wp\/v2\/media?parent=2829"}],"curies":[{"name":"wp","href":"https:\/\/api.w.org\/{rel}","templated":true}]}}

En Même Temps

<div id="pl-2829"  class="panel-layout" ><div id="pg-2829-0"  class="panel-grid panel-no-style" ><div id="pgc-2829-0-0"  class="panel-grid-cell" ><div id="panel-2829-0-0-0" class="so-panel widget widget_sow-image panel-first-child panel-last-child" data-index="0" ><div
			
			class="so-widget-sow-image so-widget-sow-image-default-c67d20f9f743-2829"
			
		>
<div class="sow-image-container">
		<img 
	src="https://annexeromainville.com/wp-content/uploads/2018/04/spectacle-1.jpg" width="613" height="68" srcset="https://annexeromainville.com/wp-content/uploads/2018/04/spectacle-1.jpg 613w, https://annexeromainville.com/wp-content/uploads/2018/04/spectacle-1-300x33.jpg 300w" sizes="(max-width: 613px) 100vw, 613px" title="spectacle (1)" alt="" loading="lazy" 		class="so-widget-image"/>
	</div>

</div></div></div></div><div id="pg-2829-1"  class="panel-grid panel-no-style" ><div id="pgc-2829-1-0"  class="panel-grid-cell" ><div id="panel-2829-1-0-0" class="so-panel widget widget_sow-image panel-first-child panel-last-child" data-index="1" ><div
			
			class="so-widget-sow-image so-widget-sow-image-default-8b5b6f678277-2829"
			
		>
<div class="sow-image-container">
		<img 
	src="https://annexeromainville.com/wp-content/uploads/2019/08/photos-dossier-3.jpg" width="1582" height="2245" srcset="https://annexeromainville.com/wp-content/uploads/2019/08/photos-dossier-3.jpg 1582w, https://annexeromainville.com/wp-content/uploads/2019/08/photos-dossier-3-211x300.jpg 211w, https://annexeromainville.com/wp-content/uploads/2019/08/photos-dossier-3-768x1090.jpg 768w, https://annexeromainville.com/wp-content/uploads/2019/08/photos-dossier-3-722x1024.jpg 722w" sizes="(max-width: 1582px) 100vw, 1582px" title="photos dossier 3" alt="" loading="lazy" 		class="so-widget-image"/>
	</div>

</div></div></div><div id="pgc-2829-1-1"  class="panel-grid-cell" ><div id="panel-2829-1-1-0" class="so-panel widget widget_sow-editor panel-first-child panel-last-child" data-index="2" ><div
			
			class="so-widget-sow-editor so-widget-sow-editor-base"
			
		>
<div class="siteorigin-widget-tinymce textwidget">
	<p><span style="color: #000000;"><strong>Du 17 au 19 octobre 2019, à 20h.</strong><br />
Ouverture des portes à 19h45.</span></p>
<p style="text-align: justify;"><span style="color: #000000;">Par la <strong>56ème Compaggnie.</strong></span><br />
<span style="color: #000000;">D'<strong>Evguéni Grichkovets</strong><br />
Avec <strong>Jean-Claude Bonnifai</strong>t &amp; <strong>Serge Gaborieau</strong><br />
Création son : <strong>Isabelle Surel</strong> &nbsp;</span></p>
<p style="text-align: justify;"><span style="color: #000000;"><span style="text-decoration: underline;">DURÉE</span> : 1H </span><span style="color: #000000;"><br />
<span style="text-decoration: underline;">ÂGE</span> : Tout public à partir de 12 ans</span></p>
<p style="text-align: justify;">Tentative désespérée de contraction de l’espace-temps et de perception du ressenti. Monologue métaphysico-burlesque. Les deux acteurs, tels des Dupond et Dupont, ou des frères ennemis égarés dans l’univers, voyagent entre gravité légère et divertissement incisif. Ce texte propose de suivre le cheminement du penseur involontaire qu’est l’homo-sapiens ordinaire sur la perception et le ressenti du concret, de l’abstrait, et de la fausse linéarité du temps : “ <em>C’est absurde de penser à tout ça en même temps, en revanche on peut le ressentir</em>”.</p>
<p><a href="http://annexedutraindevie.com/wp-content/uploads/2019/08/Dossier-presse-En-même-temps.pdf">Télécharger le Dossier de Presse</a></p>
</div>
</div></div></div></div><div id="pg-2829-2"  class="panel-grid panel-no-style" ><div id="pgc-2829-2-0"  class="panel-grid-cell" ><div id="panel-2829-2-0-0" class="so-panel widget widget_sow-button panel-first-child panel-last-child" data-index="3" ><div
			
			class="so-widget-sow-button so-widget-sow-button-atom-857739567c6a-2829"
			
		><div class="ow-button-base ow-button-align-center"
>
			<a
					href="http://annexedutraindevie.com/index.php/reservation/"
					class="sowb-button ow-icon-placement-left ow-button-hover" 	>
		<span>
			<span class="sow-icon-ionicons" data-sow-icon="&#xf373;"
		style="color: #dd9933" 
		aria-hidden="true"></span>
			Réserver		</span>
			</a>
	</div>
</div></div></div></div><div id="pg-2829-3"  class="panel-grid panel-no-style" ><div id="pgc-2829-3-0"  class="panel-grid-cell panel-grid-cell-empty" ></div><div id="pgc-2829-3-1"  class="panel-grid-cell panel-grid-cell-mobile-last" ><div id="panel-2829-3-1-0" class="so-panel widget widget_sow-image panel-first-child panel-last-child" data-index="4" ><div
			
			class="so-widget-sow-image so-widget-sow-image-default-8b5b6f678277-2829"
			
		>
<div class="sow-image-container">
		<img 
	src="https://annexeromainville.com/wp-content/uploads/2019/08/photos-dossier.jpg" width="1469" height="711" srcset="https://annexeromainville.com/wp-content/uploads/2019/08/photos-dossier.jpg 1469w, https://annexeromainville.com/wp-content/uploads/2019/08/photos-dossier-300x145.jpg 300w, https://annexeromainville.com/wp-content/uploads/2019/08/photos-dossier-768x372.jpg 768w, https://annexeromainville.com/wp-content/uploads/2019/08/photos-dossier-1024x496.jpg 1024w" sizes="(max-width: 1469px) 100vw, 1469px" title="photos dossier" alt="" loading="lazy" 		class="so-widget-image"/>
	</div>

</div></div></div><div id="pgc-2829-3-2"  class="panel-grid-cell panel-grid-cell-empty" ></div></div><div id="pg-2829-4"  class="panel-grid panel-no-style" ><div id="pgc-2829-4-0"  class="panel-grid-cell" ><div id="panel-2829-4-0-0" class="so-panel widget widget_sow-editor panel-first-child panel-last-child" data-index="5" ><div
			
			class="so-widget-sow-editor so-widget-sow-editor-base"
			
		><h3 class="widget-title">JEAN-CLAUDE BONNIFAIT</h3>
<div class="siteorigin-widget-tinymce textwidget">
	<p style="text-align: justify;"><span style="color: #000000;">Metteur en scène et Comédien</span><br />
<span style="color: #000000;">Après des études d’histoire de l’art et de lettres modernes à Bordeaux, il commence une formation d’acteur à Paris tout en suivant des cours de danse contemporaine. Puis il est engagé successivement par Robert Hossein, <em>Notre dame de Paris</em>, et Maurice Béjart, <em>Casta Diva</em>. Il s’oriente ensuite vers un théâtre plus personnel avec la compagnie La Rumeur/ Patrice Bigel. Il participe à plusieurs créations de Joël Dragutin au Théâtre 95, dont <em>La baie de Naples</em>. Il crée avec Xavier Durringer <em>Une petite envie de tuer</em> sur le bout de la langue. Depuis, il a joué sous la direction de Robert Cantarella, Adel Hakim, Renaud Cojo, Dag Jeanneret, Patrick Haggiag, David Ayala, et Jean-Claude Fall. Il joue maintenant avec de jeunes créateurs, Lucas Bonnifait, Pierre-Marie Baudoin, Frédéric Jessua. Il a travaillé aussi pour la télévision, notamment avec Raoul Peck, et dans la série <em>Braquo</em>, et enregistre pour France culture. Il est l’auteur de <em>Glissades</em> programmé au théâtre La Loge.</span></p>
</div>
</div></div></div><div id="pgc-2829-4-1"  class="panel-grid-cell" ><div id="panel-2829-4-1-0" class="so-panel widget widget_sow-editor panel-first-child panel-last-child" data-index="6" ><div
			
			class="so-widget-sow-editor so-widget-sow-editor-base"
			
		><h3 class="widget-title">SERGE GABORIEAU</h3>
<div class="siteorigin-widget-tinymce textwidget">
	<p style="text-align: justify;"><span style="color: #000000;">Metteur en scène et Comédien</span><br />
<span style="color: #000000;">Facteur, puis professeur d’EPS pendant une dizaine d’années, il suit parallèlement une formation de comédien au Conservatoire de Rouen et au Théâtre des 2 Rives. Il quitte l’Éducation Nationale, devient assistant de Christian Schiaretti et d’Alain Bézu, puis comédien avec celui-ci et plus tard avec Adel Hakim, Elisabeth Chailloux, Serge Tranvouez, Philippe Awat, Dominique Wittorski, Catherine Delattres, Patrick Sueur. Il joue maintenant avec de jeunes créateurs: David Bobée, Alice Lescanne et Sonia Derzypolski, Ariane Heuzé, Christophe Laluque. Il fait son cinéma avec Martin Provost, Ismaël Ferroukhi, Klaus Drexel, les frères Boustani. Il écrit pour le théâtre : <em>Les collaborateurs</em> (Encouragements du CNT), <em>Histoire à deux balles</em> (Résidence Chartreuse).</span></p>
</div>
</div></div></div></div></div>

<p>Du 17 au 19 octobre 2019, à 20h. Ouverture des portes à 19h45. Par la 56ème Compaggnie. D&#8217;Evguéni Grichkovets Avec Jean-Claude Bonnifait &amp; Serge Gaborieau Création son : Isabelle Surel<span class="read-more-wrap"><a class="moretag" href="https://annexeromainville.com/index.php/en-meme-temps/">Lire la suite<span class="screen-reader-text">En Même Temps</span></a></span></p>
