{"id":2871,"date":"2019-08-30T10:37:43","date_gmt":"2019-08-30T09:37:43","guid":{"rendered":"http:\/\/annexedutraindevie.com\/?page_id=2871"},"modified":"2019-08-30T10:37:43","modified_gmt":"2019-08-30T09:37:43","slug":"anatomie-dune-playlist","status":"publish","type":"page","link":"https:\/\/annexeromainville.com\/index.php\/anatomie-dune-playlist\/","title":{"rendered":"Anatomie d&#8217;une Playlist"},"content":{"rendered":"<div id=\"pl-2871\"  class=\"panel-layout\" ><div id=\"pg-2871-0\"  class=\"panel-grid panel-no-style\" ><div id=\"pgc-2871-0-0\"  class=\"panel-grid-cell\" ><div id=\"panel-2871-0-0-0\" class=\"so-panel widget widget_sow-image panel-first-child panel-last-child\" data-index=\"0\" ><div\n\t\t\t\n\t\t\tclass=\"so-widget-sow-image so-widget-sow-image-default-c67d20f9f743-2871\"\n\t\t\t\n\t\t>\n<div class=\"sow-image-container\">\n\t\t<img \n\tsrc=\"https:\/\/annexeromainville.com\/wp-content\/uploads\/2018\/04\/spectacle-1.jpg\" width=\"613\" height=\"68\" srcset=\"https:\/\/annexeromainville.com\/wp-content\/uploads\/2018\/04\/spectacle-1.jpg 613w, https:\/\/annexeromainville.com\/wp-content\/uploads\/2018\/04\/spectacle-1-300x33.jpg 300w\" sizes=\"(max-width: 613px) 100vw, 613px\" title=\"spectacle (1)\" alt=\"\" loading=\"lazy\" \t\tclass=\"so-widget-image\"\/>\n\t<\/div>\n\n<\/div><\/div><\/div><\/div><div id=\"pg-2871-1\"  class=\"panel-grid panel-no-style\" ><div id=\"pgc-2871-1-0\"  class=\"panel-grid-cell\" ><div id=\"panel-2871-1-0-0\" class=\"so-panel widget widget_sow-image panel-first-child panel-last-child\" data-index=\"1\" ><div\n\t\t\t\n\t\t\tclass=\"so-widget-sow-image so-widget-sow-image-default-8b5b6f678277-2871\"\n\t\t\t\n\t\t>\n<div class=\"sow-image-container\">\n\t\t<img \n\tsrc=\"https:\/\/annexeromainville.com\/wp-content\/uploads\/2019\/08\/190629-test-fb-event-copy.jpg\" width=\"3024\" height=\"3870\" srcset=\"https:\/\/annexeromainville.com\/wp-content\/uploads\/2019\/08\/190629-test-fb-event-copy.jpg 3024w, https:\/\/annexeromainville.com\/wp-content\/uploads\/2019\/08\/190629-test-fb-event-copy-234x300.jpg 234w, https:\/\/annexeromainville.com\/wp-content\/uploads\/2019\/08\/190629-test-fb-event-copy-768x983.jpg 768w, https:\/\/annexeromainville.com\/wp-content\/uploads\/2019\/08\/190629-test-fb-event-copy-800x1024.jpg 800w\" sizes=\"(max-width: 3024px) 100vw, 3024px\" title=\"190629 test fb event copy\" alt=\"\" loading=\"lazy\" \t\tclass=\"so-widget-image\"\/>\n\t<\/div>\n\n<\/div><\/div><\/div><div id=\"pgc-2871-1-1\"  class=\"panel-grid-cell\" ><div id=\"panel-2871-1-1-0\" class=\"so-panel widget widget_sow-editor panel-first-child panel-last-child\" data-index=\"2\" ><div\n\t\t\t\n\t\t\tclass=\"so-widget-sow-editor so-widget-sow-editor-base\"\n\t\t\t\n\t\t>\n<div class=\"siteorigin-widget-tinymce textwidget\">\n\t<p><span style=\"color: #000000;\"><strong>Les 6 et 7 D\u00e9cembre 2019, \u00e0 20h.<\/strong><br \/>\nOuverture des portes \u00e0 19h45.<\/span><\/p>\n<p><span style=\"color: #000000;\">Par le Collectif <strong>La Grosse Plateforme<\/strong><\/span><br \/>\n<span style=\"color: #000000;\">Mise en sc\u00e8ne de <strong>Charlotte Arnaud<\/strong><br \/>\nAvec <strong>Thomas Bleton<\/strong> &amp; <strong>Maryse Rousseau<\/strong><br \/>\nRegard ext\u00e9rieur : <strong>Maxime Bizet <\/strong><br \/>\n<\/span><\/p>\n<p style=\"text-align: justify;\"><span style=\"color: #000000;\"><span style=\"text-decoration: underline;\">DUR\u00c9E<\/span> : 1H15<br \/>\n<span style=\"text-decoration: underline;\">\u00c2GE<\/span> : Tout public<\/span><\/p>\n<p style=\"text-align: justify;\"><span style=\"color: #000000;\">\u00ab On a finalement coup\u00e9 la sc\u00e8ne o\u00f9 l\u2019\u00e9quipe de France de football montait sur le plateau avec nous, pour chanter Vegedream, Ramenez la coupe \u00e0 la maison. On s\u2019est dit qu\u2019ici, il valait mieux privil\u00e9gier une ambiance intimiste.\u00bb<\/span><\/p>\n<p style=\"text-align: justify;\"><span style=\"color: #000000;\">Anatomie d\u2019une playlist diss\u00e8que la relation que nous entretenons avec notre MP3, notre lecteur K7, notre compte Deezer, les concerts au Z\u00e9nith et nos mixs Youtube. Les playlists que nous constituons au quotidien entrent en contact les unes les autres, se r\u00e9pondent, se compl\u00e8tent, et dessinent une histoire. Elles racontent notre groupe, notre milieu social, notre g\u00e9n\u00e9ration -avec ses conflits, son rapport au pass\u00e9, ses d\u00e9chirures et ses rassemblements.<\/span><br \/>\n<span style=\"color: #000000;\">De Jean-Jacques Goldman \u00e0 Rihanna, sans transition ou presque, la musique parle de nous. Les chansons dans lesquelles nous nous reconnaissons nous d\u00e9finissent et nous illustrent. Elles sont la bande originale de nos vies quotidiennes, li\u00e9es \u00e0 notre intimit\u00e9 par l\u2019affection que nous leur portons et l\u2019\u00e9motion qu\u2019elles nous transmettent. Et au del\u00e0 de nos \u00e9couteurs personnels, elles deviennent le lieu o\u00f9 nous nous retrouvons et nous rassemblons.<\/span><\/p>\n<p><a href=\"http:\/\/annexedutraindevie.com\/wp-content\/uploads\/2019\/08\/Dossier-presse-Anatomie-dune-playlist.pdf\">T\u00e9l\u00e9charger le Dossier de Presse<\/a><\/p>\n<\/div>\n<\/div><\/div><\/div><\/div><div id=\"pg-2871-2\"  class=\"panel-grid panel-no-style\" ><div id=\"pgc-2871-2-0\"  class=\"panel-grid-cell\" ><div id=\"panel-2871-2-0-0\" class=\"so-panel widget widget_sow-button panel-first-child panel-last-child\" data-index=\"3\" ><div\n\t\t\t\n\t\t\tclass=\"so-widget-sow-button so-widget-sow-button-atom-857739567c6a-2871\"\n\t\t\t\n\t\t><div class=\"ow-button-base ow-button-align-center\"\n>\n\t\t\t<a\n\t\t\t\t\thref=\"http:\/\/annexedutraindevie.com\/index.php\/reservation\/\"\n\t\t\t\t\tclass=\"sowb-button ow-icon-placement-left ow-button-hover\" \t>\n\t\t<span>\n\t\t\t<span class=\"sow-icon-ionicons\" data-sow-icon=\"&#xf373;\"\n\t\tstyle=\"color: #dd9933\" \n\t\taria-hidden=\"true\"><\/span>\n\t\t\tR\u00e9server\t\t<\/span>\n\t\t\t<\/a>\n\t<\/div>\n<\/div><\/div><\/div><\/div><div id=\"pg-2871-3\"  class=\"panel-grid panel-no-style\" ><div id=\"pgc-2871-3-0\"  class=\"panel-grid-cell\" ><div id=\"panel-2871-3-0-0\" class=\"so-panel widget widget_sow-editor panel-first-child panel-last-child\" data-index=\"4\" ><div\n\t\t\t\n\t\t\tclass=\"so-widget-sow-editor so-widget-sow-editor-base\"\n\t\t\t\n\t\t><h3 class=\"widget-title\">CHARLOTTE  ARNAUD <\/h3>\n<div class=\"siteorigin-widget-tinymce textwidget\">\n\t<p style=\"text-align: justify;\"><span style=\"color: #000000;\">Metteuse en sc\u00e8ne<\/span><br \/>\n<span style=\"color: #000000;\">Apr\u00e8s des \u00e9tudes de design \u00e0 l\u2019\u00e9cole Boulle, Charlotte se forme \u00e0 l\u2019ENSATT o\u00f9 elle se sp\u00e9cialise dans la sc\u00e9nographie th\u00e9\u00e2trale. Elle y travaille avec Gwena\u00ebl Morin, S\u00e9verine Chavrier et Anne-Laure Li\u00e9geois, avant d\u2019\u00e9crire une m\u00e9moire sur l\u2019id\u00e9e d\u2019un th\u00e9\u00e2tre vernaculaire. Elle poursuivra cette recherche en travaillant avec l\u2019architecte constructeur Nicolas Henninger (collectif EXYZT) \u00e0 Londres, puis avec le groupe d\u2019artistes et de chercheurs GONGLE, qu\u2019elle accompagne sur les projets <em>Le Terrain des N\u00e9gociations<\/em> et <em>Le terrain, le joueur et le consultant<\/em>. Elle collabore \u00e9galement avec la compagnie La communaut\u00e9 inavouable, ainsi que Fictions Collectives sur la cr\u00e9ation de plusieurs spectacles documentaires, et co-fonde avec plusieurs com\u00e9diens-danseurs le collectif la Grosse Plateforme.<\/span><\/p>\n<\/div>\n<\/div><\/div><\/div><div id=\"pgc-2871-3-1\"  class=\"panel-grid-cell\" ><div id=\"panel-2871-3-1-0\" class=\"so-panel widget widget_sow-editor panel-first-child panel-last-child\" data-index=\"5\" ><div\n\t\t\t\n\t\t\tclass=\"so-widget-sow-editor so-widget-sow-editor-base\"\n\t\t\t\n\t\t><h3 class=\"widget-title\">MARYSE ROUSSEAU <\/h3>\n<div class=\"siteorigin-widget-tinymce textwidget\">\n\t<p style=\"text-align: justify;\"><span style=\"color: #000000;\">Com\u00e9dienne et danseuse<\/span><br \/>\n<span style=\"color: #000000;\">Maryse Rousseau se forme en tant que com\u00e9dienne dans les conservatoire des 8\u00e8me et 18\u00e8me arrondissements de Paris aupr\u00e8s de Jean-Luc Galmiche, Marc Ernotte. Elle a suivi parall\u00e8lement les enseignements de Nadia Vadori-Gauthier, avec qui elle explore la danse contemporaine, l\u2019\u00e9criture chor\u00e9graphique et la pratique somatique du BMC. Elle obtient en juin 2017 son Certificat d\u2019Etudes Th\u00e9\u00e2trale en jouant et co-mettant en sc\u00e8ne une adaptation des <em>Vagues<\/em> de Virginia Woolf. Sa formation continue depuis avec les master classes d\u2019acrobatie et de pr\u00e9sence de l\u2019acteur d\u2019Alexandre del Peruggia, et les stages de buto de Yumi Fujitani. Elle est interpr\u00e8te pour les cr\u00e9ations de Sayuri Nakamura, artiste japonaise m\u00ealant th\u00e9\u00e2tre traditionnel et cr\u00e9ations contemporaines. Elle joue <em>Omotenashi 5 et 6<\/em> au th\u00e9\u00e2tre universitaire de Nancy, au centre Mandapa, et \u00e0 la Cartoucherie de Vincennes.<\/span><\/p>\n<\/div>\n<\/div><\/div><\/div><div id=\"pgc-2871-3-2\"  class=\"panel-grid-cell\" ><div id=\"panel-2871-3-2-0\" class=\"so-panel widget widget_sow-editor panel-first-child panel-last-child\" data-index=\"6\" ><div\n\t\t\t\n\t\t\tclass=\"so-widget-sow-editor so-widget-sow-editor-base\"\n\t\t\t\n\t\t><h3 class=\"widget-title\">THOMAS BLETON<\/h3>\n<div class=\"siteorigin-widget-tinymce textwidget\">\n\t<p style=\"text-align: justify;\"><span style=\"color: #000000;\">Com\u00e9dien et danseur<\/span><br \/>\n<span style=\"color: #000000;\">Suite \u00e0 une formation de paysagiste concepteur, Thomas int\u00e8gre le conservatoire municipale du 11\u00e8me arrondissement de la Ville de Paris. Il y \u00e9tudie l\u2019art dramatique aux c\u00f4t\u00e9s de Carole Bergen, ainsi que la danse et la po\u00e9sie sonore aux c\u00f4t\u00e9s de Nadia Vadori Gauthier, le chant Classique avec Florence Godefroy. Il effectue en parall\u00e8le de nombreux stages avec, entre autre Fran\u00e7ois Rancillac et Christine Gu\u00e9non, Thierry Thie\u00fb Niang, les danseurs de Dave st Pierre, ou encore Arno Schuitemaker.<\/span><\/p>\n<\/div>\n<\/div><\/div><\/div><\/div><\/div>","protected":false},"excerpt":{"rendered":"<p>Les 6 et 7 D\u00e9cembre 2019, \u00e0 20h. Ouverture des portes \u00e0 19h45. Par le Collectif La Grosse Plateforme Mise en sc\u00e8ne de Charlotte Arnaud Avec Thomas Bleton &amp; Maryse<span class=\"read-more-wrap\"><a class=\"moretag\" href=\"https:\/\/annexeromainville.com\/index.php\/anatomie-dune-playlist\/\">Lire la suite<span class=\"screen-reader-text\">Anatomie d&#8217;une Playlist<\/span><\/a><\/span><\/p>\n","protected":false},"author":2,"featured_media":0,"parent":0,"menu_order":0,"comment_status":"closed","ping_status":"closed","template":"","meta":{"_bbp_topic_count":0,"_bbp_reply_count":0,"_bbp_total_topic_count":0,"_bbp_total_reply_count":0,"_bbp_voice_count":0,"_bbp_anonymous_reply_count":0,"_bbp_topic_count_hidden":0,"_bbp_reply_count_hidden":0,"_bbp_forum_subforum_count":0,"ngg_post_thumbnail":0},"_links":{"self":[{"href":"https:\/\/annexeromainville.com\/index.php\/wp-json\/wp\/v2\/pages\/2871"}],"collection":[{"href":"https:\/\/annexeromainville.com\/index.php\/wp-json\/wp\/v2\/pages"}],"about":[{"href":"https:\/\/annexeromainville.com\/index.php\/wp-json\/wp\/v2\/types\/page"}],"author":[{"embeddable":true,"href":"https:\/\/annexeromainville.com\/index.php\/wp-json\/wp\/v2\/users\/2"}],"replies":[{"embeddable":true,"href":"https:\/\/annexeromainville.com\/index.php\/wp-json\/wp\/v2\/comments?post=2871"}],"version-history":[{"count":2,"href":"https:\/\/annexeromainville.com\/index.php\/wp-json\/wp\/v2\/pages\/2871\/revisions"}],"predecessor-version":[{"id":2875,"href":"https:\/\/annexeromainville.com\/index.php\/wp-json\/wp\/v2\/pages\/2871\/revisions\/2875"}],"wp:attachment":[{"href":"https:\/\/annexeromainville.com\/index.php\/wp-json\/wp\/v2\/media?parent=2871"}],"curies":[{"name":"wp","href":"https:\/\/api.w.org\/{rel}","templated":true}]}}

<div id="pl-2871"  class="panel-layout" ><div id="pg-2871-0"  class="panel-grid panel-no-style" ><div id="pgc-2871-0-0"  class="panel-grid-cell" ><div id="panel-2871-0-0-0" class="so-panel widget widget_sow-image panel-first-child panel-last-child" data-index="0" ><div
			
			class="so-widget-sow-image so-widget-sow-image-default-c67d20f9f743-2871"
			
		>
<div class="sow-image-container">
		<img 
	src="https://annexeromainville.com/wp-content/uploads/2018/04/spectacle-1.jpg" width="613" height="68" srcset="https://annexeromainville.com/wp-content/uploads/2018/04/spectacle-1.jpg 613w, https://annexeromainville.com/wp-content/uploads/2018/04/spectacle-1-300x33.jpg 300w" sizes="(max-width: 613px) 100vw, 613px" title="spectacle (1)" alt="" loading="lazy" 		class="so-widget-image"/>
	</div>

</div></div></div></div><div id="pg-2871-1"  class="panel-grid panel-no-style" ><div id="pgc-2871-1-0"  class="panel-grid-cell" ><div id="panel-2871-1-0-0" class="so-panel widget widget_sow-image panel-first-child panel-last-child" data-index="1" ><div
			
			class="so-widget-sow-image so-widget-sow-image-default-8b5b6f678277-2871"
			
		>
<div class="sow-image-container">
		<img 
	src="https://annexeromainville.com/wp-content/uploads/2019/08/190629-test-fb-event-copy.jpg" width="3024" height="3870" srcset="https://annexeromainville.com/wp-content/uploads/2019/08/190629-test-fb-event-copy.jpg 3024w, https://annexeromainville.com/wp-content/uploads/2019/08/190629-test-fb-event-copy-234x300.jpg 234w, https://annexeromainville.com/wp-content/uploads/2019/08/190629-test-fb-event-copy-768x983.jpg 768w, https://annexeromainville.com/wp-content/uploads/2019/08/190629-test-fb-event-copy-800x1024.jpg 800w" sizes="(max-width: 3024px) 100vw, 3024px" title="190629 test fb event copy" alt="" loading="lazy" 		class="so-widget-image"/>
	</div>

</div></div></div><div id="pgc-2871-1-1"  class="panel-grid-cell" ><div id="panel-2871-1-1-0" class="so-panel widget widget_sow-editor panel-first-child panel-last-child" data-index="2" ><div
			
			class="so-widget-sow-editor so-widget-sow-editor-base"
			
		>
<div class="siteorigin-widget-tinymce textwidget">
	<p><span style="color: #000000;"><strong>Les 6 et 7 Décembre 2019, à 20h.</strong><br />
Ouverture des portes à 19h45.</span></p>
<p><span style="color: #000000;">Par le Collectif <strong>La Grosse Plateforme</strong></span><br />
<span style="color: #000000;">Mise en scène de <strong>Charlotte Arnaud</strong><br />
Avec <strong>Thomas Bleton</strong> &amp; <strong>Maryse Rousseau</strong><br />
Regard extérieur : <strong>Maxime Bizet </strong><br />
</span></p>
<p style="text-align: justify;"><span style="color: #000000;"><span style="text-decoration: underline;">DURÉE</span> : 1H15<br />
<span style="text-decoration: underline;">ÂGE</span> : Tout public</span></p>
<p style="text-align: justify;"><span style="color: #000000;">« On a finalement coupé la scène où l’équipe de France de football montait sur le plateau avec nous, pour chanter Vegedream, Ramenez la coupe à la maison. On s’est dit qu’ici, il valait mieux privilégier une ambiance intimiste.»</span></p>
<p style="text-align: justify;"><span style="color: #000000;">Anatomie d’une playlist dissèque la relation que nous entretenons avec notre MP3, notre lecteur K7, notre compte Deezer, les concerts au Zénith et nos mixs Youtube. Les playlists que nous constituons au quotidien entrent en contact les unes les autres, se répondent, se complètent, et dessinent une histoire. Elles racontent notre groupe, notre milieu social, notre génération -avec ses conflits, son rapport au passé, ses déchirures et ses rassemblements.</span><br />
<span style="color: #000000;">De Jean-Jacques Goldman à Rihanna, sans transition ou presque, la musique parle de nous. Les chansons dans lesquelles nous nous reconnaissons nous définissent et nous illustrent. Elles sont la bande originale de nos vies quotidiennes, liées à notre intimité par l’affection que nous leur portons et l’émotion qu’elles nous transmettent. Et au delà de nos écouteurs personnels, elles deviennent le lieu où nous nous retrouvons et nous rassemblons.</span></p>
<p><a href="http://annexedutraindevie.com/wp-content/uploads/2019/08/Dossier-presse-Anatomie-dune-playlist.pdf">Télécharger le Dossier de Presse</a></p>
</div>
</div></div></div></div><div id="pg-2871-2"  class="panel-grid panel-no-style" ><div id="pgc-2871-2-0"  class="panel-grid-cell" ><div id="panel-2871-2-0-0" class="so-panel widget widget_sow-button panel-first-child panel-last-child" data-index="3" ><div
			
			class="so-widget-sow-button so-widget-sow-button-atom-857739567c6a-2871"
			
		><div class="ow-button-base ow-button-align-center"
>
			<a
					href="http://annexedutraindevie.com/index.php/reservation/"
					class="sowb-button ow-icon-placement-left ow-button-hover" 	>
		<span>
			<span class="sow-icon-ionicons" data-sow-icon="&#xf373;"
		style="color: #dd9933" 
		aria-hidden="true"></span>
			Réserver		</span>
			</a>
	</div>
</div></div></div></div><div id="pg-2871-3"  class="panel-grid panel-no-style" ><div id="pgc-2871-3-0"  class="panel-grid-cell" ><div id="panel-2871-3-0-0" class="so-panel widget widget_sow-editor panel-first-child panel-last-child" data-index="4" ><div
			
			class="so-widget-sow-editor so-widget-sow-editor-base"
			
		><h3 class="widget-title">CHARLOTTE  ARNAUD </h3>
<div class="siteorigin-widget-tinymce textwidget">
	<p style="text-align: justify;"><span style="color: #000000;">Metteuse en scène</span><br />
<span style="color: #000000;">Après des études de design à l’école Boulle, Charlotte se forme à l’ENSATT où elle se spécialise dans la scénographie théâtrale. Elle y travaille avec Gwenaël Morin, Séverine Chavrier et Anne-Laure Liégeois, avant d’écrire une mémoire sur l’idée d’un théâtre vernaculaire. Elle poursuivra cette recherche en travaillant avec l’architecte constructeur Nicolas Henninger (collectif EXYZT) à Londres, puis avec le groupe d’artistes et de chercheurs GONGLE, qu’elle accompagne sur les projets <em>Le Terrain des Négociations</em> et <em>Le terrain, le joueur et le consultant</em>. Elle collabore également avec la compagnie La communauté inavouable, ainsi que Fictions Collectives sur la création de plusieurs spectacles documentaires, et co-fonde avec plusieurs comédiens-danseurs le collectif la Grosse Plateforme.</span></p>
</div>
</div></div></div><div id="pgc-2871-3-1"  class="panel-grid-cell" ><div id="panel-2871-3-1-0" class="so-panel widget widget_sow-editor panel-first-child panel-last-child" data-index="5" ><div
			
			class="so-widget-sow-editor so-widget-sow-editor-base"
			
		><h3 class="widget-title">MARYSE ROUSSEAU </h3>
<div class="siteorigin-widget-tinymce textwidget">
	<p style="text-align: justify;"><span style="color: #000000;">Comédienne et danseuse</span><br />
<span style="color: #000000;">Maryse Rousseau se forme en tant que comédienne dans les conservatoire des 8ème et 18ème arrondissements de Paris auprès de Jean-Luc Galmiche, Marc Ernotte. Elle a suivi parallèlement les enseignements de Nadia Vadori-Gauthier, avec qui elle explore la danse contemporaine, l’écriture chorégraphique et la pratique somatique du BMC. Elle obtient en juin 2017 son Certificat d’Etudes Théâtrale en jouant et co-mettant en scène une adaptation des <em>Vagues</em> de Virginia Woolf. Sa formation continue depuis avec les master classes d’acrobatie et de présence de l’acteur d’Alexandre del Peruggia, et les stages de buto de Yumi Fujitani. Elle est interprète pour les créations de Sayuri Nakamura, artiste japonaise mêlant théâtre traditionnel et créations contemporaines. Elle joue <em>Omotenashi 5 et 6</em> au théâtre universitaire de Nancy, au centre Mandapa, et à la Cartoucherie de Vincennes.</span></p>
</div>
</div></div></div><div id="pgc-2871-3-2"  class="panel-grid-cell" ><div id="panel-2871-3-2-0" class="so-panel widget widget_sow-editor panel-first-child panel-last-child" data-index="6" ><div
			
			class="so-widget-sow-editor so-widget-sow-editor-base"
			
		><h3 class="widget-title">THOMAS BLETON</h3>
<div class="siteorigin-widget-tinymce textwidget">
	<p style="text-align: justify;"><span style="color: #000000;">Comédien et danseur</span><br />
<span style="color: #000000;">Suite à une formation de paysagiste concepteur, Thomas intègre le conservatoire municipale du 11ème arrondissement de la Ville de Paris. Il y étudie l’art dramatique aux côtés de Carole Bergen, ainsi que la danse et la poésie sonore aux côtés de Nadia Vadori Gauthier, le chant Classique avec Florence Godefroy. Il effectue en parallèle de nombreux stages avec, entre autre François Rancillac et Christine Guénon, Thierry Thieû Niang, les danseurs de Dave st Pierre, ou encore Arno Schuitemaker.</span></p>
</div>
</div></div></div></div></div>

<p>Les 6 et 7 Décembre 2019, à 20h. Ouverture des portes à 19h45. Par le Collectif La Grosse Plateforme Mise en scène de Charlotte Arnaud Avec Thomas Bleton &amp; Maryse<span class="read-more-wrap"><a class="moretag" href="https://annexeromainville.com/index.php/anatomie-dune-playlist/">Lire la suite<span class="screen-reader-text">Anatomie d&#8217;une Playlist</span></a></span></p>
