{"id":3183,"date":"2020-01-09T15:43:43","date_gmt":"2020-01-09T14:43:43","guid":{"rendered":"http:\/\/annexeromainville.com\/?page_id=3183"},"modified":"2020-03-05T13:58:44","modified_gmt":"2020-03-05T12:58:44","slug":"dessine-la-vie-comme-un-poeme","status":"publish","type":"page","link":"https:\/\/annexeromainville.com\/index.php\/dessine-la-vie-comme-un-poeme\/","title":{"rendered":"DESSINE LA VIE COMME UN POEME"},"content":{"rendered":"<div id=\"pl-3183\"  class=\"panel-layout\" ><div id=\"pg-3183-0\"  class=\"panel-grid panel-no-style\" ><div id=\"pgc-3183-0-0\"  class=\"panel-grid-cell\" ><div id=\"panel-3183-0-0-0\" class=\"so-panel widget widget_sow-image panel-first-child panel-last-child\" data-index=\"0\" ><div\n\t\t\t\n\t\t\tclass=\"so-widget-sow-image so-widget-sow-image-default-c67d20f9f743-3183\"\n\t\t\t\n\t\t>\n<div class=\"sow-image-container\">\n\t\t<img \n\tsrc=\"https:\/\/annexeromainville.com\/wp-content\/uploads\/2018\/09\/Les-\u00e9mois.png\" width=\"229\" height=\"55\" sizes=\"(max-width: 229px) 100vw, 229px\" title=\"Les \u00e9mois\" alt=\"\" loading=\"lazy\" \t\tclass=\"so-widget-image\"\/>\n\t<\/div>\n\n<\/div><\/div><\/div><\/div><div id=\"pg-3183-1\"  class=\"panel-grid panel-no-style\" ><div id=\"pgc-3183-1-0\"  class=\"panel-grid-cell\" ><div id=\"panel-3183-1-0-0\" class=\"so-panel widget widget_sow-image panel-first-child panel-last-child\" data-index=\"1\" ><div\n\t\t\t\n\t\t\tclass=\"so-widget-sow-image so-widget-sow-image-default-8b5b6f678277-3183\"\n\t\t\t\n\t\t>\n<div class=\"sow-image-container\">\n\t\t<img \n\tsrc=\"https:\/\/annexeromainville.com\/wp-content\/uploads\/2020\/01\/livres-visuel.jpg\" width=\"827\" height=\"857\" srcset=\"https:\/\/annexeromainville.com\/wp-content\/uploads\/2020\/01\/livres-visuel.jpg 827w, https:\/\/annexeromainville.com\/wp-content\/uploads\/2020\/01\/livres-visuel-289x300.jpg 289w, https:\/\/annexeromainville.com\/wp-content\/uploads\/2020\/01\/livres-visuel-768x796.jpg 768w\" sizes=\"(max-width: 827px) 100vw, 827px\" title=\"livres visuel\" alt=\"\" loading=\"lazy\" \t\tclass=\"so-widget-image\"\/>\n\t<\/div>\n\n<\/div><\/div><\/div><div id=\"pgc-3183-1-1\"  class=\"panel-grid-cell\" ><div id=\"panel-3183-1-1-0\" class=\"so-panel widget widget_sow-editor panel-first-child panel-last-child\" data-index=\"2\" ><div\n\t\t\t\n\t\t\tclass=\"so-widget-sow-editor so-widget-sow-editor-base\"\n\t\t\t\n\t\t>\n<div class=\"siteorigin-widget-tinymce textwidget\">\n\t<p><strong>19, 20, 21, 26, 27 &amp; 28 MARS, 20H<\/strong><br \/>\n<span style=\"color: #000000;\">Ouverture des portes \u00e0 19h45<\/span><\/p>\n<p><span style=\"color: #000000;\">Par La Compagnie Ahoss\u00e9<br \/>\nAdaptation et jeu : Zoum<\/span><\/p>\n<p><span style=\"color: #000000;\">DUR\u00c9E : 1H<\/span><br \/>\n<span style=\"color: #000000;\">\u00c2GE : \u00e0 partir de 11 ans<\/span><\/p>\n<div><em>\u00ab Nos r\u00eaves sont immense mais la po\u00e9sie est notre refuge. \u00bb<\/em><\/div>\n<div>&nbsp;<\/div>\n<div>\n<p>Dans <em>Dessine la vie comme un po\u00e8me,<\/em> l'artiste ZOUM questionne notre rapport au langage. Convoquant tout autant le verbe que la musique et les sons, il partagera avec le public sa s\u00e9lection toute personnelle de textes po\u00e9tiques d'Histoire, d'Exil, de R\u00e9voltes, de Libert\u00e9, d'Espoir et d'Amour.<\/p>\n<p>Zoum est com\u00e9dien et metteur en sc\u00e8ne, membre de l'Indicible Compagnie il joue Mais n'te promene donc pas toute nue de Georges Feydeau et dans Cannibalisme Tenace mis en scene par Sandrine Lanno. De 2012 \u00e0 aujourd'hui vont suivre diff\u00e9rents projets tels que : Hamlet de Shakespeare avec la nouvelle compagnie mis en sc\u00e8ne par Eram Sobhani - La mouette et L'homme des bois d'Anton Tchekhov avec le collectif la salle M...&nbsp;<\/p>\n<\/div>\n<div>En lien avec le po\u00e8te-dramaturge Fran\u00e7ais Armand Gatti, il joue dans&nbsp;<em>Le cheval qui se suicide par le feu<\/em>&nbsp;; dirige les acteurs et joue la didascalie dans&nbsp;<em>Didascalie, se promenant seule dans un th\u00e9\u00e2tre vide<\/em>&nbsp;d'Armand Gatti avec la compagnie Id\u00e9okilogramme mis en sc\u00e8ne par Matthieu Aubert.<br \/>\nEn r\u00e9sidence pour la saison 2016-2017 au Th\u00e9\u00e2tre G\u00e9rard Phillipe \u00e0 Montpellier il met en sc\u00e8ne&nbsp;<em>Billes de Verre, \u00c9clats de Plomb de Th\u00e9r\u00e8se Bonn\u00e9tat<\/em>&nbsp;(spectacle sur une rencontre imaginaire entre Antonin Artaud et Frantz Fanon).&nbsp;<\/div>\n<p><a href=\"http:\/\/annexeromainville.com\/wp-content\/uploads\/2020\/02\/Dossier-de-cr\u00e9ation-dessine-la-vie-derni\u00e8re-version.pdf\">Dossier Artistique<\/a> \/ <a href=\"http:\/\/annexeromainville.com\/wp-content\/uploads\/2020\/02\/Dossier-presse-Dessine-la-vie-comme-un-po\u00e8me.pdf\">Dossier de Presse<\/a><\/p>\n<p><span style=\"color: #000000;\">&nbsp;<\/span><\/p>\n<p>&nbsp;<\/p>\n<p>&nbsp;<\/p>\n<\/div>\n<\/div><\/div><\/div><\/div><div id=\"pg-3183-2\"  class=\"panel-grid panel-no-style\" ><div id=\"pgc-3183-2-0\"  class=\"panel-grid-cell\" ><div id=\"panel-3183-2-0-0\" class=\"so-panel widget widget_sow-button panel-first-child panel-last-child\" data-index=\"3\" ><div\n\t\t\t\n\t\t\tclass=\"so-widget-sow-button so-widget-sow-button-atom-857739567c6a-3183\"\n\t\t\t\n\t\t><div class=\"ow-button-base ow-button-align-center\"\n>\n\t\t\t<a\n\t\t\t\t\thref=\"http:\/\/annexeromainville.com\/index.php\/reservation\/\"\n\t\t\t\t\tclass=\"sowb-button ow-icon-placement-left ow-button-hover\" \t>\n\t\t<span>\n\t\t\t<span class=\"sow-icon-ionicons\" data-sow-icon=\"&#xf373;\"\n\t\tstyle=\"color: #dd9933\" \n\t\taria-hidden=\"true\"><\/span>\n\t\t\tR\u00e9server\t\t<\/span>\n\t\t\t<\/a>\n\t<\/div>\n<\/div><\/div><\/div><\/div><div id=\"pg-3183-3\"  class=\"panel-grid panel-no-style\" ><div id=\"pgc-3183-3-0\"  class=\"panel-grid-cell\" ><div id=\"panel-3183-3-0-0\" class=\"so-panel widget widget_sow-editor panel-first-child\" data-index=\"4\" ><div\n\t\t\t\n\t\t\tclass=\"so-widget-sow-editor so-widget-sow-editor-base\"\n\t\t\t\n\t\t><h3 class=\"widget-title\">ZOUM<\/h3>\n<div class=\"siteorigin-widget-tinymce textwidget\">\n\t<p style=\"text-align: justify;\"><span style=\"color: #000000;\">Form\u00e9 de 2006 \u00e0 2010 au Conservatoire \u00e0 Rayonnement R\u00e9gional de Versailles avec Daniel Dubreuil-Pr\u00e9vost, Emilie Anna-Maillet et Jean Daniel Laval. Il obtient un dipl\u00f4me d'\u00e9tudes th\u00e9\u00e2trales en juin 2010.<\/span><\/p>\n<p style=\"text-align: justify;\"><span style=\"color: #000000;\">En juillet 2010, il int\u00e8gre l'Indicible Compagnie avec laquelle il joue <em>Mais n'te prom\u00e8ne donc pas toute nue<\/em> de Georges Feydeau. Dans <em>Cannibalisme tenace<\/em> - inspir\u00e9 de <em>Cahier d'un retour au pays natal<\/em> de Aim\u00e9 C\u00e9saire et <em>Peau noire Masques blancs<\/em> de Frantz Fanon - mis en sc\u00e8ne par Sandrine Lanno. De 2012 \u00e0 aujourd'hui vont suivre diff\u00e9rents projets tels que : <em>Hamlet<\/em> de Shakespeare avec la nouvelle compagnie mis en sc\u00e8ne par Eram Sobhani - <em>La mouette et L'homme des bois<\/em> d'Anton Tchekhov avec le collectif la salle M. En lien avec le po\u00e8te-dramaturge Fran\u00e7ais Armand Gatti, il joue dans <em>Le cheval qui se suicide par le feu<\/em>. Il dirige les acteurs et joue la didascalie dans <em>Didascalie, se promenant seule dans un th\u00e9\u00e2tre vide<\/em> d'Armand Gatti - mis en sc\u00e8ne par Matthieu Aubert. En r\u00e9sidence pour la saison 2016-2017 au Th\u00e9\u00e2tre G\u00e9rard Phillipe \u00e0 Montpellier il met en sc\u00e8ne <em>Billes de verre, \u00e9clats de plomb<\/em> de Th\u00e9r\u00e8se Bonn\u00e9tat (spectacle sur une rencontre imaginaire entre Antonin Artaud et Frantz Fanon). Vu et recommand\u00e9 par Madame Mireille Fanon.<br \/>\nActuellement il joue dans une lecture spectacle de Frederick Darcy: <em>Les r\u00e9sonnances du code Noir.<\/em><\/span><\/p>\n<p style=\"text-align: justify;\"><span style=\"color: #000000;\">&nbsp;<\/span><\/p>\n<\/div>\n<\/div><\/div><div id=\"panel-3183-3-0-1\" class=\"so-panel widget widget_sow-image panel-last-child\" data-index=\"5\" ><div\n\t\t\t\n\t\t\tclass=\"so-widget-sow-image so-widget-sow-image-default-8b5b6f678277-3183\"\n\t\t\t\n\t\t>\n<div class=\"sow-image-container\">\n\t\t<img \n\tsrc=\"https:\/\/annexeromainville.com\/wp-content\/uploads\/2020\/01\/OR-SHA-residence-MEP-07172-scaled.jpg\" width=\"2560\" height=\"1909\" srcset=\"https:\/\/annexeromainville.com\/wp-content\/uploads\/2020\/01\/OR-SHA-residence-MEP-07172-scaled.jpg 2560w, https:\/\/annexeromainville.com\/wp-content\/uploads\/2020\/01\/OR-SHA-residence-MEP-07172-300x224.jpg 300w, https:\/\/annexeromainville.com\/wp-content\/uploads\/2020\/01\/OR-SHA-residence-MEP-07172-1024x763.jpg 1024w, https:\/\/annexeromainville.com\/wp-content\/uploads\/2020\/01\/OR-SHA-residence-MEP-07172-768x573.jpg 768w, https:\/\/annexeromainville.com\/wp-content\/uploads\/2020\/01\/OR-SHA-residence-MEP-07172-1536x1145.jpg 1536w, https:\/\/annexeromainville.com\/wp-content\/uploads\/2020\/01\/OR-SHA-residence-MEP-07172-2048x1527.jpg 2048w\" sizes=\"(max-width: 2560px) 100vw, 2560px\" title=\"OR SHA residence MEP 07[172]\" alt=\"\" loading=\"lazy\" \t\tclass=\"so-widget-image\"\/>\n\t<\/div>\n\n<\/div><\/div><\/div><div id=\"pgc-3183-3-1\"  class=\"panel-grid-cell\" ><div id=\"panel-3183-3-1-0\" class=\"so-panel widget widget_sow-image panel-first-child\" data-index=\"6\" ><div\n\t\t\t\n\t\t\tclass=\"so-widget-sow-image so-widget-sow-image-default-8b5b6f678277-3183\"\n\t\t\t\n\t\t>\n<div class=\"sow-image-container\">\n\t\t<img \n\tsrc=\"https:\/\/annexeromainville.com\/wp-content\/uploads\/2020\/01\/ZOum.jpg\" width=\"424\" height=\"601\" srcset=\"https:\/\/annexeromainville.com\/wp-content\/uploads\/2020\/01\/ZOum.jpg 424w, https:\/\/annexeromainville.com\/wp-content\/uploads\/2020\/01\/ZOum-212x300.jpg 212w\" sizes=\"(max-width: 424px) 100vw, 424px\" alt=\"\" loading=\"lazy\" \t\tclass=\"so-widget-image\"\/>\n\t<\/div>\n\n<\/div><\/div><div id=\"panel-3183-3-1-1\" class=\"so-panel widget widget_sow-editor panel-last-child\" data-index=\"7\" ><div\n\t\t\t\n\t\t\tclass=\"so-widget-sow-editor so-widget-sow-editor-base\"\n\t\t\t\n\t\t><h3 class=\"widget-title\">ARTHUR LINKS<\/h3>\n<div class=\"siteorigin-widget-tinymce textwidget\">\n\t<p style=\"text-align: justify;\"><span style=\"color: #000000;\">Arthur Links est un musicien guitariste de jazz et compositeur bas\u00e9 \u00e0 Paris.<br \/>\nForm\u00e9 au conservatoire du XIIIe arrondissement o\u00f9 il \u00e9tudie aupr\u00e8s de Manu Codjia et Marc Buronfosse. Il rentre ensuite au Centre des Musiques Didier Lockwood en 2012 duquel il ressort dipl\u00f4m\u00e9 en 2014 avec mention. Il d\u00e9veloppe actuellement son projet, nomm\u00e9 Or-Sha.<br \/>\nIl accompagne diff\u00e9rents projets artistiques dans toute la France : Elsa Esnoult, Lua Cheia project, Ghandi Adam &amp; Lamma Orchestra, Ting Ting Hou 4tet, Caandides, Annette Campagne, <em>Alice au Pays du Jazz<\/em> (th\u00e9\u00e2tre),<em> The Emperor of America<\/em> (th\u00e9\u00e2tre), <em>Demain il neigeait<\/em> (th\u00e9\u00e2tre).<\/span><\/p>\n<\/div>\n<\/div><\/div><\/div><\/div><\/div>","protected":false},"excerpt":{"rendered":"<p>19, 20, 21, 26, 27 &amp; 28 MARS, 20H Ouverture des portes \u00e0 19h45 Par La Compagnie Ahoss\u00e9 Adaptation et jeu : Zoum DUR\u00c9E : 1H \u00c2GE : \u00e0 partir<span class=\"read-more-wrap\"><a class=\"moretag\" href=\"https:\/\/annexeromainville.com\/index.php\/dessine-la-vie-comme-un-poeme\/\">Lire la suite<span class=\"screen-reader-text\">DESSINE LA VIE COMME UN POEME<\/span><\/a><\/span><\/p>\n","protected":false},"author":2,"featured_media":0,"parent":0,"menu_order":0,"comment_status":"closed","ping_status":"closed","template":"","meta":{"_bbp_topic_count":0,"_bbp_reply_count":0,"_bbp_total_topic_count":0,"_bbp_total_reply_count":0,"_bbp_voice_count":0,"_bbp_anonymous_reply_count":0,"_bbp_topic_count_hidden":0,"_bbp_reply_count_hidden":0,"_bbp_forum_subforum_count":0,"ngg_post_thumbnail":0},"_links":{"self":[{"href":"https:\/\/annexeromainville.com\/index.php\/wp-json\/wp\/v2\/pages\/3183"}],"collection":[{"href":"https:\/\/annexeromainville.com\/index.php\/wp-json\/wp\/v2\/pages"}],"about":[{"href":"https:\/\/annexeromainville.com\/index.php\/wp-json\/wp\/v2\/types\/page"}],"author":[{"embeddable":true,"href":"https:\/\/annexeromainville.com\/index.php\/wp-json\/wp\/v2\/users\/2"}],"replies":[{"embeddable":true,"href":"https:\/\/annexeromainville.com\/index.php\/wp-json\/wp\/v2\/comments?post=3183"}],"version-history":[{"count":15,"href":"https:\/\/annexeromainville.com\/index.php\/wp-json\/wp\/v2\/pages\/3183\/revisions"}],"predecessor-version":[{"id":3313,"href":"https:\/\/annexeromainville.com\/index.php\/wp-json\/wp\/v2\/pages\/3183\/revisions\/3313"}],"wp:attachment":[{"href":"https:\/\/annexeromainville.com\/index.php\/wp-json\/wp\/v2\/media?parent=3183"}],"curies":[{"name":"wp","href":"https:\/\/api.w.org\/{rel}","templated":true}]}}

<div id="pl-3183"  class="panel-layout" ><div id="pg-3183-0"  class="panel-grid panel-no-style" ><div id="pgc-3183-0-0"  class="panel-grid-cell" ><div id="panel-3183-0-0-0" class="so-panel widget widget_sow-image panel-first-child panel-last-child" data-index="0" ><div
			
			class="so-widget-sow-image so-widget-sow-image-default-c67d20f9f743-3183"
			
		>
<div class="sow-image-container">
		<img 
	src="https://annexeromainville.com/wp-content/uploads/2018/09/Les-émois.png" width="229" height="55" sizes="(max-width: 229px) 100vw, 229px" title="Les émois" alt="" loading="lazy" 		class="so-widget-image"/>
	</div>

</div></div></div></div><div id="pg-3183-1"  class="panel-grid panel-no-style" ><div id="pgc-3183-1-0"  class="panel-grid-cell" ><div id="panel-3183-1-0-0" class="so-panel widget widget_sow-image panel-first-child panel-last-child" data-index="1" ><div
			
			class="so-widget-sow-image so-widget-sow-image-default-8b5b6f678277-3183"
			
		>
<div class="sow-image-container">
		<img 
	src="https://annexeromainville.com/wp-content/uploads/2020/01/livres-visuel.jpg" width="827" height="857" srcset="https://annexeromainville.com/wp-content/uploads/2020/01/livres-visuel.jpg 827w, https://annexeromainville.com/wp-content/uploads/2020/01/livres-visuel-289x300.jpg 289w, https://annexeromainville.com/wp-content/uploads/2020/01/livres-visuel-768x796.jpg 768w" sizes="(max-width: 827px) 100vw, 827px" title="livres visuel" alt="" loading="lazy" 		class="so-widget-image"/>
	</div>

</div></div></div><div id="pgc-3183-1-1"  class="panel-grid-cell" ><div id="panel-3183-1-1-0" class="so-panel widget widget_sow-editor panel-first-child panel-last-child" data-index="2" ><div
			
			class="so-widget-sow-editor so-widget-sow-editor-base"
			
		>
<div class="siteorigin-widget-tinymce textwidget">
	<p><strong>19, 20, 21, 26, 27 &amp; 28 MARS, 20H</strong><br />
<span style="color: #000000;">Ouverture des portes à 19h45</span></p>
<p><span style="color: #000000;">Par La Compagnie Ahossé<br />
Adaptation et jeu : Zoum</span></p>
<p><span style="color: #000000;">DURÉE : 1H</span><br />
<span style="color: #000000;">ÂGE : à partir de 11 ans</span></p>
<div><em>« Nos rêves sont immense mais la poésie est notre refuge. »</em></div>
<div>&nbsp;</div>
<div>
<p>Dans <em>Dessine la vie comme un poème,</em> l'artiste ZOUM questionne notre rapport au langage. Convoquant tout autant le verbe que la musique et les sons, il partagera avec le public sa sélection toute personnelle de textes poétiques d'Histoire, d'Exil, de Révoltes, de Liberté, d'Espoir et d'Amour.</p>
<p>Zoum est comédien et metteur en scène, membre de l'Indicible Compagnie il joue Mais n'te promene donc pas toute nue de Georges Feydeau et dans Cannibalisme Tenace mis en scene par Sandrine Lanno. De 2012 à aujourd'hui vont suivre différents projets tels que : Hamlet de Shakespeare avec la nouvelle compagnie mis en scène par Eram Sobhani - La mouette et L'homme des bois d'Anton Tchekhov avec le collectif la salle M...&nbsp;</p>
</div>
<div>En lien avec le poète-dramaturge Français Armand Gatti, il joue dans&nbsp;<em>Le cheval qui se suicide par le feu</em>&nbsp;; dirige les acteurs et joue la didascalie dans&nbsp;<em>Didascalie, se promenant seule dans un théâtre vide</em>&nbsp;d'Armand Gatti avec la compagnie Idéokilogramme mis en scène par Matthieu Aubert.<br />
En résidence pour la saison 2016-2017 au Théâtre Gérard Phillipe à Montpellier il met en scène&nbsp;<em>Billes de Verre, Éclats de Plomb de Thérèse Bonnétat</em>&nbsp;(spectacle sur une rencontre imaginaire entre Antonin Artaud et Frantz Fanon).&nbsp;</div>
<p><a href="http://annexeromainville.com/wp-content/uploads/2020/02/Dossier-de-création-dessine-la-vie-dernière-version.pdf">Dossier Artistique</a> / <a href="http://annexeromainville.com/wp-content/uploads/2020/02/Dossier-presse-Dessine-la-vie-comme-un-poème.pdf">Dossier de Presse</a></p>
<p><span style="color: #000000;">&nbsp;</span></p>
<p>&nbsp;</p>
<p>&nbsp;</p>
</div>
</div></div></div></div><div id="pg-3183-2"  class="panel-grid panel-no-style" ><div id="pgc-3183-2-0"  class="panel-grid-cell" ><div id="panel-3183-2-0-0" class="so-panel widget widget_sow-button panel-first-child panel-last-child" data-index="3" ><div
			
			class="so-widget-sow-button so-widget-sow-button-atom-857739567c6a-3183"
			
		><div class="ow-button-base ow-button-align-center"
>
			<a
					href="http://annexeromainville.com/index.php/reservation/"
					class="sowb-button ow-icon-placement-left ow-button-hover" 	>
		<span>
			<span class="sow-icon-ionicons" data-sow-icon="&#xf373;"
		style="color: #dd9933" 
		aria-hidden="true"></span>
			Réserver		</span>
			</a>
	</div>
</div></div></div></div><div id="pg-3183-3"  class="panel-grid panel-no-style" ><div id="pgc-3183-3-0"  class="panel-grid-cell" ><div id="panel-3183-3-0-0" class="so-panel widget widget_sow-editor panel-first-child" data-index="4" ><div
			
			class="so-widget-sow-editor so-widget-sow-editor-base"
			
		><h3 class="widget-title">ZOUM</h3>
<div class="siteorigin-widget-tinymce textwidget">
	<p style="text-align: justify;"><span style="color: #000000;">Formé de 2006 à 2010 au Conservatoire à Rayonnement Régional de Versailles avec Daniel Dubreuil-Prévost, Emilie Anna-Maillet et Jean Daniel Laval. Il obtient un diplôme d'études théâtrales en juin 2010.</span></p>
<p style="text-align: justify;"><span style="color: #000000;">En juillet 2010, il intègre l'Indicible Compagnie avec laquelle il joue <em>Mais n'te promène donc pas toute nue</em> de Georges Feydeau. Dans <em>Cannibalisme tenace</em> - inspiré de <em>Cahier d'un retour au pays natal</em> de Aimé Césaire et <em>Peau noire Masques blancs</em> de Frantz Fanon - mis en scène par Sandrine Lanno. De 2012 à aujourd'hui vont suivre différents projets tels que : <em>Hamlet</em> de Shakespeare avec la nouvelle compagnie mis en scène par Eram Sobhani - <em>La mouette et L'homme des bois</em> d'Anton Tchekhov avec le collectif la salle M. En lien avec le poète-dramaturge Français Armand Gatti, il joue dans <em>Le cheval qui se suicide par le feu</em>. Il dirige les acteurs et joue la didascalie dans <em>Didascalie, se promenant seule dans un théâtre vide</em> d'Armand Gatti - mis en scène par Matthieu Aubert. En résidence pour la saison 2016-2017 au Théâtre Gérard Phillipe à Montpellier il met en scène <em>Billes de verre, éclats de plomb</em> de Thérèse Bonnétat (spectacle sur une rencontre imaginaire entre Antonin Artaud et Frantz Fanon). Vu et recommandé par Madame Mireille Fanon.<br />
Actuellement il joue dans une lecture spectacle de Frederick Darcy: <em>Les résonnances du code Noir.</em></span></p>
<p style="text-align: justify;"><span style="color: #000000;">&nbsp;</span></p>
</div>
</div></div><div id="panel-3183-3-0-1" class="so-panel widget widget_sow-image panel-last-child" data-index="5" ><div
			
			class="so-widget-sow-image so-widget-sow-image-default-8b5b6f678277-3183"
			
		>
<div class="sow-image-container">
		<img 
	src="https://annexeromainville.com/wp-content/uploads/2020/01/OR-SHA-residence-MEP-07172-scaled.jpg" width="2560" height="1909" srcset="https://annexeromainville.com/wp-content/uploads/2020/01/OR-SHA-residence-MEP-07172-scaled.jpg 2560w, https://annexeromainville.com/wp-content/uploads/2020/01/OR-SHA-residence-MEP-07172-300x224.jpg 300w, https://annexeromainville.com/wp-content/uploads/2020/01/OR-SHA-residence-MEP-07172-1024x763.jpg 1024w, https://annexeromainville.com/wp-content/uploads/2020/01/OR-SHA-residence-MEP-07172-768x573.jpg 768w, https://annexeromainville.com/wp-content/uploads/2020/01/OR-SHA-residence-MEP-07172-1536x1145.jpg 1536w, https://annexeromainville.com/wp-content/uploads/2020/01/OR-SHA-residence-MEP-07172-2048x1527.jpg 2048w" sizes="(max-width: 2560px) 100vw, 2560px" title="OR SHA residence MEP 07[172]" alt="" loading="lazy" 		class="so-widget-image"/>
	</div>

</div></div></div><div id="pgc-3183-3-1"  class="panel-grid-cell" ><div id="panel-3183-3-1-0" class="so-panel widget widget_sow-image panel-first-child" data-index="6" ><div
			
			class="so-widget-sow-image so-widget-sow-image-default-8b5b6f678277-3183"
			
		>
<div class="sow-image-container">
		<img 
	src="https://annexeromainville.com/wp-content/uploads/2020/01/ZOum.jpg" width="424" height="601" srcset="https://annexeromainville.com/wp-content/uploads/2020/01/ZOum.jpg 424w, https://annexeromainville.com/wp-content/uploads/2020/01/ZOum-212x300.jpg 212w" sizes="(max-width: 424px) 100vw, 424px" alt="" loading="lazy" 		class="so-widget-image"/>
	</div>

</div></div><div id="panel-3183-3-1-1" class="so-panel widget widget_sow-editor panel-last-child" data-index="7" ><div
			
			class="so-widget-sow-editor so-widget-sow-editor-base"
			
		><h3 class="widget-title">ARTHUR LINKS</h3>
<div class="siteorigin-widget-tinymce textwidget">
	<p style="text-align: justify;"><span style="color: #000000;">Arthur Links est un musicien guitariste de jazz et compositeur basé à Paris.<br />
Formé au conservatoire du XIIIe arrondissement où il étudie auprès de Manu Codjia et Marc Buronfosse. Il rentre ensuite au Centre des Musiques Didier Lockwood en 2012 duquel il ressort diplômé en 2014 avec mention. Il développe actuellement son projet, nommé Or-Sha.<br />
Il accompagne différents projets artistiques dans toute la France : Elsa Esnoult, Lua Cheia project, Ghandi Adam &amp; Lamma Orchestra, Ting Ting Hou 4tet, Caandides, Annette Campagne, <em>Alice au Pays du Jazz</em> (théâtre),<em> The Emperor of America</em> (théâtre), <em>Demain il neigeait</em> (théâtre).</span></p>
</div>
</div></div></div></div></div>

<p>19, 20, 21, 26, 27 &amp; 28 MARS, 20H Ouverture des portes à 19h45 Par La Compagnie Ahossé Adaptation et jeu : Zoum DURÉE : 1H ÂGE : à partir<span class="read-more-wrap"><a class="moretag" href="https://annexeromainville.com/index.php/dessine-la-vie-comme-un-poeme/">Lire la suite<span class="screen-reader-text">DESSINE LA VIE COMME UN POEME</span></a></span></p>
