{"id":360,"date":"2016-10-14T10:42:26","date_gmt":"2016-10-14T09:42:26","guid":{"rendered":"http:\/\/annexedutraindevie.com\/?page_id=360"},"modified":"2016-10-14T10:42:26","modified_gmt":"2016-10-14T09:42:26","slug":"biographie-de-emmanuel-matte","status":"publish","type":"page","link":"https:\/\/annexeromainville.com\/index.php\/biographie-de-emmanuel-matte\/","title":{"rendered":"Biographie de Emmanuel Matte"},"content":{"rendered":"<p style=\"text-align: justify;\"><a href=\"http:\/\/annexedutraindevie.com\/wp-content\/uploads\/2016\/10\/Emmanuel-Matte.jpg\"><img loading=\"lazy\" class=\"aligncenter size-full wp-image-361\" src=\"http:\/\/annexedutraindevie.com\/wp-content\/uploads\/2016\/10\/Emmanuel-Matte.jpg\" alt=\"emmanuel-matte\" width=\"313\" height=\"235\" srcset=\"https:\/\/annexeromainville.com\/wp-content\/uploads\/2016\/10\/Emmanuel-Matte.jpg 313w, https:\/\/annexeromainville.com\/wp-content\/uploads\/2016\/10\/Emmanuel-Matte-300x225.jpg 300w\" sizes=\"(max-width: 313px) 100vw, 313px\" \/><\/a><\/p>\n<p style=\"text-align: justify;\">Emmanuel Matte est issu d&#8217;une formation pluridisciplinaire m\u00ealant th\u00e9\u00e2tre, danse contemporaine et arts du cirque : \u00c9cole Internationale de Th\u00e9\u00e2tre avec Jacques Lecoq \u00e0 Paris, atelier clownesque avec Alain Blanchard et \u00c9cole Arts du Cirque et de la Rue \u00e0 Beauvais, Conservatoire National d&#8217;Art Dramatique et danse contemporaine avec Jean Gaudin puis Marc Lawton \u00e0 Amiens, cours de Mime dramatique corporel avec \u00c9tienne Roux \u00e0 Paris&#8230;Il atteste d&#8217;une double exp\u00e9rience th\u00e9\u00e2trale et cin\u00e9matographique. Au th\u00e9\u00e2tre, il a jou\u00e9 dans de nombreux th\u00e9\u00e2tres parisiens tels que le Th\u00e9\u00e2tre de l&#8217;Od\u00e9on ou le Th\u00e9\u00e2tre National de Chaillot. Il a particip\u00e9 \u00e0 de nombreuses tourn\u00e9es en province mais aussi en Angleterre. Ses nombreuses collaborations avec Vincent Macaigne l&#8217;ont notamment amen\u00e9 \u00e0 jouer dans<em> Au moins j&#8217;aurai laiss\u00e9 un beau cadavre<\/em> inspir\u00e9 d&#8217;Hamlet de Shakespeare, cr\u00e9ation Festival d&#8217;Avignon ; festival dans lequel il avait d\u00e9j\u00e0 jou\u00e9 avec <em>Le num\u00e9ro d\u2019\u00e9quilibre<\/em> d&#8217;Edward Bond mis en sc\u00e8ne J\u00e9r\u00f4me Hankins. Il a notamment jou\u00e9 pour Dan Artus ; Denis Lachaud ; Laurent Larivi\u00e8re; Vincent Rafis ; Julia Vidit ; Marc Lain\u00e9 ; C\u00e9line Nogueira ; No\u00eblle Cazenave ; Vincent Rafis ; Alain Blanchard ; Linda Caron ; Mich\u00e8le Seeberger ; Solveig Halloin ou encore Alain Knapp.<br \/>\nIl a \u00e9t\u00e9 intervenant chor\u00e9graphique pour la com\u00e9die Concession de Thierry Samitier au Th\u00e9\u00e2tre-Cin\u00e9 13 \u00e0 Paris. Il a \u00e9galement mis en sc\u00e8ne <em>J&#8217;ai envie de toi, putain !<\/em> d\u2019apr\u00e8s Sarah Kane et lui-m\u00eame ainsi que <em>Sauv\u00e9s<\/em> d&#8217;Edward Bond. Comme enseignant, il anime des ateliers de th\u00e9\u00e2tre pour les enfants, au coll\u00e8ge et \u00e0 l&#8217;universit\u00e9. Au cin\u00e9ma, il a r\u00e9alis\u00e9 le court-m\u00e9trage <em>Gr\u00e2ce \u00e0 mes yeux<\/em> d&#8217;apr\u00e8s un sc\u00e9nario qu&#8217;il a lui-m\u00eame \u00e9labor\u00e9. On a pu le voir en tant que com\u00e9dien dans le long-m\u00e9trage <em>Catalina ou le venin de l&#8217;amour<\/em> r\u00e9alis\u00e9 par Orest Rom\u00e9ro Moral\u00e9s et dans les court-m\u00e9trages <em>Demain, peut-\u00eatre<\/em> de Guilhem Amesland ; <em>21H11<\/em> de Arnaud Bigeard et <em>Quand faut y aller&#8230;<\/em> de Fr\u00e9d\u00e9ric Ruiz<\/p>\n","protected":false},"excerpt":{"rendered":"<p>Emmanuel Matte est issu d&#8217;une formation pluridisciplinaire m\u00ealant th\u00e9\u00e2tre, danse contemporaine et arts du cirque : \u00c9cole Internationale de Th\u00e9\u00e2tre avec Jacques Lecoq \u00e0 Paris, atelier clownesque avec Alain Blanchard<span class=\"read-more-wrap\"><a class=\"moretag\" href=\"https:\/\/annexeromainville.com\/index.php\/biographie-de-emmanuel-matte\/\">Lire la suite<span class=\"screen-reader-text\">Biographie de Emmanuel Matte<\/span><\/a><\/span><\/p>\n","protected":false},"author":2,"featured_media":0,"parent":0,"menu_order":0,"comment_status":"closed","ping_status":"closed","template":"","meta":{"_bbp_topic_count":0,"_bbp_reply_count":0,"_bbp_total_topic_count":0,"_bbp_total_reply_count":0,"_bbp_voice_count":0,"_bbp_anonymous_reply_count":0,"_bbp_topic_count_hidden":0,"_bbp_reply_count_hidden":0,"_bbp_forum_subforum_count":0,"ngg_post_thumbnail":0},"_links":{"self":[{"href":"https:\/\/annexeromainville.com\/index.php\/wp-json\/wp\/v2\/pages\/360"}],"collection":[{"href":"https:\/\/annexeromainville.com\/index.php\/wp-json\/wp\/v2\/pages"}],"about":[{"href":"https:\/\/annexeromainville.com\/index.php\/wp-json\/wp\/v2\/types\/page"}],"author":[{"embeddable":true,"href":"https:\/\/annexeromainville.com\/index.php\/wp-json\/wp\/v2\/users\/2"}],"replies":[{"embeddable":true,"href":"https:\/\/annexeromainville.com\/index.php\/wp-json\/wp\/v2\/comments?post=360"}],"version-history":[{"count":1,"href":"https:\/\/annexeromainville.com\/index.php\/wp-json\/wp\/v2\/pages\/360\/revisions"}],"predecessor-version":[{"id":362,"href":"https:\/\/annexeromainville.com\/index.php\/wp-json\/wp\/v2\/pages\/360\/revisions\/362"}],"wp:attachment":[{"href":"https:\/\/annexeromainville.com\/index.php\/wp-json\/wp\/v2\/media?parent=360"}],"curies":[{"name":"wp","href":"https:\/\/api.w.org\/{rel}","templated":true}]}}