{"id":364,"date":"2016-10-14T11:09:59","date_gmt":"2016-10-14T10:09:59","guid":{"rendered":"http:\/\/annexedutraindevie.com\/?page_id=364"},"modified":"2016-10-14T11:09:59","modified_gmt":"2016-10-14T10:09:59","slug":"biographie-de-mathilde-saubole","status":"publish","type":"page","link":"https:\/\/annexeromainville.com\/index.php\/biographie-de-mathilde-saubole\/","title":{"rendered":"Biographie de Mathilde Saubole"},"content":{"rendered":"<p style=\"text-align: justify;\"><span style=\"color: #000000;\"><a href=\"http:\/\/annexedutraindevie.com\/wp-content\/uploads\/2016\/10\/b1_IMG_2985.jpg\"><img loading=\"lazy\" class=\" wp-image-365 alignleft\" src=\"http:\/\/annexedutraindevie.com\/wp-content\/uploads\/2016\/10\/b1_IMG_2985.jpg\" alt=\"b1_img_2985\" width=\"263\" height=\"351\" srcset=\"https:\/\/annexeromainville.com\/wp-content\/uploads\/2016\/10\/b1_IMG_2985.jpg 600w, https:\/\/annexeromainville.com\/wp-content\/uploads\/2016\/10\/b1_IMG_2985-225x300.jpg 225w, https:\/\/annexeromainville.com\/wp-content\/uploads\/2016\/10\/b1_IMG_2985-450x600.jpg 450w\" sizes=\"(max-width: 263px) 100vw, 263px\" \/><\/a><\/span><\/p>\n<p style=\"text-align: justify;\"><span style=\"color: #000000;\"><strong>MATHILDE SAUBOLE<\/strong> \/ Actrice<\/span><br \/>\n<span style=\"color: #000000;\"> Form\u00e9e \u00e0 Bordeaux par Luc Faug\u00e8re au studio Temps d\u2019M puis \u00e0 l&#8217;\u00c9cole du Jeu \u00e0 Paris. Elle poursuit des \u00e9tudes de sciences du langage \u00e0 Bordeaux jusqu\u2019en 2010. Elle suit le stage international de commedia dell\u2019arte d\u2019Antonio Fava, \u00e0 Reggio Emilia (Italie) et participe \u00e0 divers court-m\u00e9trages avant de s\u2019installer \u00e0 Paris en 2011. Elle cr\u00e9e la compagnie Les Instants \u00c9lectriques dont elle co-signe et co-interpr\u00e8te le premier spectacle, <em>NINA<\/em>, diffus\u00e9 en r\u00e9gion parisienne et dans le sud de la France. Parall\u00e8lement \u00e0 ses activit\u00e9s au sein des Instants \u00c9lectriques, elle cr\u00e9e diverses formes courtes de th\u00e9\u00e2tre immersif autour du fantastique. Mathilde participe au <em>Merveilleux<\/em> comme collaboratrice artistique, metteuse-en-sc\u00e8ne et com\u00e9dienne. Elle co\u00e9crit <em>Les Enqu\u00eates extraordinaires de Yolanda Harps<\/em> et joue le r\u00f4le-titre. Elle met en sc\u00e8ne <em>Tartuffe<\/em> avec Paul Toucang, et y joue le r\u00f4le de Madame Pernelle.<\/span><\/p>\n","protected":false},"excerpt":{"rendered":"<p>MATHILDE SAUBOLE \/ Actrice Form\u00e9e \u00e0 Bordeaux par Luc Faug\u00e8re au studio Temps d\u2019M puis \u00e0 l&#8217;\u00c9cole du Jeu \u00e0 Paris. Elle poursuit des \u00e9tudes de sciences du langage \u00e0<span class=\"read-more-wrap\"><a class=\"moretag\" href=\"https:\/\/annexeromainville.com\/index.php\/biographie-de-mathilde-saubole\/\">Lire la suite<span class=\"screen-reader-text\">Biographie de Mathilde Saubole<\/span><\/a><\/span><\/p>\n","protected":false},"author":2,"featured_media":0,"parent":0,"menu_order":0,"comment_status":"closed","ping_status":"closed","template":"","meta":{"_bbp_topic_count":0,"_bbp_reply_count":0,"_bbp_total_topic_count":0,"_bbp_total_reply_count":0,"_bbp_voice_count":0,"_bbp_anonymous_reply_count":0,"_bbp_topic_count_hidden":0,"_bbp_reply_count_hidden":0,"_bbp_forum_subforum_count":0,"ngg_post_thumbnail":0},"_links":{"self":[{"href":"https:\/\/annexeromainville.com\/index.php\/wp-json\/wp\/v2\/pages\/364"}],"collection":[{"href":"https:\/\/annexeromainville.com\/index.php\/wp-json\/wp\/v2\/pages"}],"about":[{"href":"https:\/\/annexeromainville.com\/index.php\/wp-json\/wp\/v2\/types\/page"}],"author":[{"embeddable":true,"href":"https:\/\/annexeromainville.com\/index.php\/wp-json\/wp\/v2\/users\/2"}],"replies":[{"embeddable":true,"href":"https:\/\/annexeromainville.com\/index.php\/wp-json\/wp\/v2\/comments?post=364"}],"version-history":[{"count":1,"href":"https:\/\/annexeromainville.com\/index.php\/wp-json\/wp\/v2\/pages\/364\/revisions"}],"predecessor-version":[{"id":367,"href":"https:\/\/annexeromainville.com\/index.php\/wp-json\/wp\/v2\/pages\/364\/revisions\/367"}],"wp:attachment":[{"href":"https:\/\/annexeromainville.com\/index.php\/wp-json\/wp\/v2\/media?parent=364"}],"curies":[{"name":"wp","href":"https:\/\/api.w.org\/{rel}","templated":true}]}}