{"id":516,"date":"2016-11-17T15:38:05","date_gmt":"2016-11-17T14:38:05","guid":{"rendered":"http:\/\/annexedutraindevie.com\/?page_id=516"},"modified":"2016-12-29T16:25:52","modified_gmt":"2016-12-29T15:25:52","slug":"mathilde-saubole-les-enquetes-extraordinaire-de-yolanda-harps","status":"publish","type":"page","link":"https:\/\/annexeromainville.com\/index.php\/mathilde-saubole-les-enquetes-extraordinaire-de-yolanda-harps\/","title":{"rendered":"Mathilde Saubole : Les Enqu\u00eates extraordinaire de Yolanda Harps"},"content":{"rendered":"<h3 style=\"text-align: center;\"><span style=\"color: #000000;\"><a href=\"http:\/\/annexedutraindevie.com\/wp-content\/uploads\/2016\/11\/image-Yolanda-1-1.png\"><img loading=\"lazy\" class=\"aligncenter wp-image-519\" src=\"http:\/\/annexedutraindevie.com\/wp-content\/uploads\/2016\/11\/image-Yolanda-1-1.png\" alt=\"image-yolanda-1-1\" width=\"673\" height=\"329\" srcset=\"https:\/\/annexeromainville.com\/wp-content\/uploads\/2016\/11\/image-Yolanda-1-1.png 945w, https:\/\/annexeromainville.com\/wp-content\/uploads\/2016\/11\/image-Yolanda-1-1-300x147.png 300w, https:\/\/annexeromainville.com\/wp-content\/uploads\/2016\/11\/image-Yolanda-1-1-768x375.png 768w, https:\/\/annexeromainville.com\/wp-content\/uploads\/2016\/11\/image-Yolanda-1-1-800x391.png 800w\" sizes=\"(max-width: 673px) 100vw, 673px\" \/><\/a><\/span><\/h3>\n<h3 style=\"text-align: center;\"><span style=\"color: #000000;\">Les enqu\u00eates extraordinaires de Yolanda Harps<\/span><br \/>\n<span style=\"color: #000000;\"> R\u00e9sidence : N<\/span><span style=\"color: #000000;\">ovembre 2016 \/ Mars 2017<br \/>\n<\/span><\/h3>\n<p style=\"text-align: justify;\"><span style=\"color: #000000;\">Fra\u00eechement d\u00e9barqu\u00e9e du Qu\u00e9bec, Yolanda Harps est m\u00e9dium-d\u00e9tective. Sp\u00e9cialis\u00e9e dans les cas d&#8217;enqu\u00eate non-r\u00e9solue, elle offre ses services \u00e0 des particuliers pour r\u00e9soudre les affaires de meurtre les plus sordides, esp\u00e9rant r\u00e9parer les vivants en communiquant avec les morts.<\/span><br \/>\n<span style=\"color: #000000;\"> Depuis quelques ann\u00e9es, et dans une optique de d\u00e9mocratisation de la n\u00e9cromancie, Yolanda organise r\u00e9guli\u00e8rement des sessions d&#8217;initiation \u00e0 son m\u00e9tier, si m\u00e9connu. C&#8217;est ainsi qu&#8217;un petit groupe de spectateur se voit confier la t\u00e2che d&#8217;enqu\u00eater avec elle sur un crime commis dans la<\/span><br \/>\n<span style=\"color: #000000;\"> r\u00e9gion&#8230;<\/span><\/p>\n<h4 style=\"text-align: justify;\"><span style=\"color: #000000;\">Une cr\u00e9ation in situ<\/span><\/h4>\n<p style=\"text-align: justify;\"><span style=\"color: #000000;\">A partir d&#8217;un sch\u00e9ma narratif stable, <em>Les enqu\u00eates extraordinaires de Yolanda Harps<\/em> s&#8217;\u00e9crivent en immersion dans le lieu de sa repr\u00e9sentation, \u00e0 partir du mat\u00e9riel spatial et g\u00e9ographique disponible, ainsi que du contexte sociale de sa repr\u00e9sentation.<\/span><br \/>\n<span style=\"color: #000000;\"> Immerg\u00e9s dans un quartier en pleine mutation, j&#8217;ai souhait\u00e9 centrer ma recherche sur L&#8217;Annexe du train de vie, o\u00f9 sera jou\u00e9 le spectacle, \u00e0 Romainville.<\/span><br \/>\n<span style=\"color: #000000;\"> Cette r\u00e9sidence me permet d&#8217;ins\u00e9rer <em>Les enqu\u00eates extraordinaires de Yolanda Harps<\/em> directement dans le lieu de sa repr\u00e9sentation, brouillant les fronti\u00e8res du r\u00e9el et de l\u00e0 fiction.<\/span><\/p>\n<h4 style=\"text-align: justify;\"><span style=\"color: #000000;\">Note d&#8217;intention<\/span><\/h4>\n<p style=\"text-align: justify;\"><em><span style=\"color: #000000;\">A l&#8217;origine du spectacle, il y a la lecture des contes landais recueillis par F\u00e9lix Arnaudin au XIXe si\u00e8cle. Ces contes, \u00e0 la fois populaires et fantastiques, m&#8217;ont inspir\u00e9 la teneur de l&#8217;aventure de Yolanda : que se passerait-il si l&#8217;on r\u00e9haussait des histoires ordinaires d&#8217;une pointe d&#8217;effroi ?<\/span><\/em><\/p>\n<p style=\"text-align: justify;\"><em><span style=\"color: #000000;\">La po\u00e9sie du r\u00e9alisme magique de Carlos Fuentes et Gabriel Garcia Lorca, o\u00f9 rien n&#8217;arrive tout \u00e0 fait par hasard, constituent \u00e9galement la base d&#8217;inspiration des terribles enqu\u00eates que r\u00e9soud Yolanda.<\/span><\/em><\/p>\n<p style=\"text-align: justify;\"><em><span style=\"color: #000000;\">Le fond de ma recherche consiste en ceci : que pourraient \u00eatre les contes populaires d&#8217;aujourd&#8217;hui ? Quelles sont nos histoires du coin du feu?<\/span><\/em><\/p>\n<p style=\"text-align: justify;\"><em><span style=\"color: #000000;\">C&#8217;est \u00e0 partir de cette interrogation qu&#8217;est n\u00e9 le personnage de Yolanda. Joyeuse, haute en couleur et sans cesse sur les routes, elle va \u00e0 l&#8217;encontre du clich\u00e9 de la n\u00e9cromancienne happ\u00e9e par sa boule de cristal. Fortement inspir\u00e9 de personnalit\u00e9s r\u00e9elles de la m\u00e9diumnie, telle que Maureen Hancock ou Lisa Williams, dont chaque intervention est un v\u00e9ritable show, ce personnage permet de cr\u00e9er un parall\u00e8le entre le m\u00e9dium et le com\u00e9dien, tous deux passeurs d&#8217;histoire.<\/span><\/em><\/p>\n<p style=\"text-align: justify;\"><em><span style=\"color: #000000;\">Le dispositif m\u00eame du spectacle, \u00e0 la fronti\u00e8re entre thriller, conte et jeu de piste, rehaussent l&#8217;aspect immersif du spectacle.<\/span><\/em><\/p>\n<p style=\"text-align: justify;\"><em><span style=\"color: #000000;\">Le registre de l&#8217;effroi est un th\u00e8me que j&#8217;affectionne particuli\u00e8rement, tant en litt\u00e9rature (Edgar Allan Poe, Maupassant) qu&#8217;au cin\u00e9ma (Davis Lynch, [REC], Massacre \u00e0 la tron\u00e7onneuse&#8230;) et constitue pour moi un champs d&#8217;investigation encore peu exploit\u00e9 au th\u00e9\u00e2tre.<\/span><\/em><\/p>\n<p style=\"text-align: justify;\"><em><span style=\"color: #000000;\">L&#8217;aspect social des enqu\u00eates de Yolanda Harps constitue le second pans de ma recherche. Fortement inspir\u00e9e de s\u00e9rie noires contemporaines telles que Twin Peaks ou plus r\u00e9cemment True detective, la cr\u00e9ation des Enqu\u00eates extraordinaires me permet de continuer le travail d&#8217;enqu\u00eate de terrain d\u00e9j\u00e0 engag\u00e9 dans mes cr\u00e9ations pr\u00e9c\u00e9dentes.<\/span><\/em><\/p>\n<p style=\"text-align: right;\"><span style=\"color: #000000;\">Mathilde Saubole<\/span><\/p>\n<hr \/>\n<h4 style=\"text-align: justify;\"><span style=\"color: #000000;\"><span style=\"text-decoration: underline;\">Mathilde Saubole, Biographie<\/span><br \/>\n<\/span><\/h4>\n<p style=\"text-align: justify;\"><span style=\"color: #000000;\">Sa formation en art dramatique (Studio Temps d&#8217;M, \u00c9cole du Jeu, Antonio Fava&#8230;) lui permet de d\u00e9couvrir t\u00f4t des formes th\u00e9\u00e2trales vari\u00e9es, allant du th\u00e9\u00e2tre de rue \u00e0 la M\u00e9thode, en passant par la Comedia Dell&#8217;Arte et le th\u00e9\u00e2tre classique. Partisane d&#8217;un th\u00e9\u00e2tre physique o\u00f9 l&#8217;engagement du corps est la condition de la parole, elle base depuis sa sortie de l\u2019\u00c9cole du jeu sa recherche sur les contexte de cr\u00e9ation et de repr\u00e9sentation des \u0153uvres, et leur perception de la part du public. C&#8217;est dans cette optique qu&#8217;elle cr\u00e9e plusieurs formes courtes de th\u00e9\u00e2tre immersif et fantastique, notamment dans le cadre des 7X7.<\/span><\/p>\n<p style=\"text-align: justify;\"><span style=\"color: #000000;\">Attach\u00e9e \u00e0 capter ce qui joue et se joue dans les situations intimes et sociale du quotidien pour en d\u00e9celer l&#8217;\u00e9clat, elle monte \u00e0 l&#8217;\u00e2ge de 23 ans sa premi\u00e8re compagnie, Les Instants \u00c9lectriques, avec Maryse Urruty, r\u00e9alisant un travail d&#8217;enqu\u00eate de plusieurs mois sur la perception du deuil chez la g\u00e9n\u00e9ration Y pour leur premier spectacle, <em>NINA<\/em>.<\/span><\/p>\n<p style=\"text-align: justify;\"><span style=\"color: #000000;\">S&#8217;int\u00e9ressant tant \u00e0 la mise en sc\u00e8ne et \u00e0 l&#8217;\u00e9criture qu&#8217;\u00e0 l&#8217;activit\u00e9 d&#8217;acteur, elle d\u00e9veloppe ces pratiques en parall\u00e8le, tant au sein de sa compagnie qu&#8217;en collaborant avec La GRAPPA et les compagnies Jetzt, Nunc et Estoc, dans la cr\u00e9ation du festival Le Merveilleux, o\u00f9 elle co-met en sc\u00e8ne <em>TARTUFFE<\/em> avec Paul Toucang, et commence \u00e0 \u00e9crire <em>Les Enqu\u00eates extraordinaires de Yolanda Harps<\/em>.<\/span><\/p>\n<p style=\"text-align: justify;\"><span style=\"color: #000000;\">Elle est \u00e0 l&#8217;initiative de l&#8217;Atelier Permanent, atelier collaboratif d&#8217;entra\u00eenement de l&#8217;acteur, bas\u00e9 \u00e0 Montreuil. <em>Les Enqu\u00eates extraordinaires de Yolanda Harps<\/em> constitue son premier spectacle \u00e9crit, mis en sc\u00e8ne et interpr\u00e9t\u00e9 en solo.<\/span><\/p>\n","protected":false},"excerpt":{"rendered":"<p>Les enqu\u00eates extraordinaires de Yolanda Harps R\u00e9sidence : Novembre 2016 \/ Mars 2017 Fra\u00eechement d\u00e9barqu\u00e9e du Qu\u00e9bec, Yolanda Harps est m\u00e9dium-d\u00e9tective. Sp\u00e9cialis\u00e9e dans les cas d&#8217;enqu\u00eate non-r\u00e9solue, elle offre ses<span class=\"read-more-wrap\"><a class=\"moretag\" href=\"https:\/\/annexeromainville.com\/index.php\/mathilde-saubole-les-enquetes-extraordinaire-de-yolanda-harps\/\">Lire la suite<span class=\"screen-reader-text\">Mathilde Saubole : Les Enqu\u00eates extraordinaire de Yolanda Harps<\/span><\/a><\/span><\/p>\n","protected":false},"author":2,"featured_media":0,"parent":0,"menu_order":0,"comment_status":"closed","ping_status":"closed","template":"","meta":{"_bbp_topic_count":0,"_bbp_reply_count":0,"_bbp_total_topic_count":0,"_bbp_total_reply_count":0,"_bbp_voice_count":0,"_bbp_anonymous_reply_count":0,"_bbp_topic_count_hidden":0,"_bbp_reply_count_hidden":0,"_bbp_forum_subforum_count":0,"ngg_post_thumbnail":0},"_links":{"self":[{"href":"https:\/\/annexeromainville.com\/index.php\/wp-json\/wp\/v2\/pages\/516"}],"collection":[{"href":"https:\/\/annexeromainville.com\/index.php\/wp-json\/wp\/v2\/pages"}],"about":[{"href":"https:\/\/annexeromainville.com\/index.php\/wp-json\/wp\/v2\/types\/page"}],"author":[{"embeddable":true,"href":"https:\/\/annexeromainville.com\/index.php\/wp-json\/wp\/v2\/users\/2"}],"replies":[{"embeddable":true,"href":"https:\/\/annexeromainville.com\/index.php\/wp-json\/wp\/v2\/comments?post=516"}],"version-history":[{"count":7,"href":"https:\/\/annexeromainville.com\/index.php\/wp-json\/wp\/v2\/pages\/516\/revisions"}],"predecessor-version":[{"id":684,"href":"https:\/\/annexeromainville.com\/index.php\/wp-json\/wp\/v2\/pages\/516\/revisions\/684"}],"wp:attachment":[{"href":"https:\/\/annexeromainville.com\/index.php\/wp-json\/wp\/v2\/media?parent=516"}],"curies":[{"name":"wp","href":"https:\/\/api.w.org\/{rel}","templated":true}]}}

Mathilde Saubole : Les Enquêtes extraordinaire de Yolanda Harps

<h3 style="text-align: center;"><span style="color: #000000;"><a href="http://annexedutraindevie.com/wp-content/uploads/2016/11/image-Yolanda-1-1.png"><img loading="lazy" class="aligncenter wp-image-519" src="http://annexedutraindevie.com/wp-content/uploads/2016/11/image-Yolanda-1-1.png" alt="image-yolanda-1-1" width="673" height="329" srcset="https://annexeromainville.com/wp-content/uploads/2016/11/image-Yolanda-1-1.png 945w, https://annexeromainville.com/wp-content/uploads/2016/11/image-Yolanda-1-1-300x147.png 300w, https://annexeromainville.com/wp-content/uploads/2016/11/image-Yolanda-1-1-768x375.png 768w, https://annexeromainville.com/wp-content/uploads/2016/11/image-Yolanda-1-1-800x391.png 800w" sizes="(max-width: 673px) 100vw, 673px" /></a></span></h3>
<h3 style="text-align: center;"><span style="color: #000000;">Les enquêtes extraordinaires de Yolanda Harps</span><br />
<span style="color: #000000;"> Résidence : N</span><span style="color: #000000;">ovembre 2016 / Mars 2017<br />
</span></h3>
<p style="text-align: justify;"><span style="color: #000000;">Fraîchement débarquée du Québec, Yolanda Harps est médium-détective. Spécialisée dans les cas d&#8217;enquête non-résolue, elle offre ses services à des particuliers pour résoudre les affaires de meurtre les plus sordides, espérant réparer les vivants en communiquant avec les morts.</span><br />
<span style="color: #000000;"> Depuis quelques années, et dans une optique de démocratisation de la nécromancie, Yolanda organise régulièrement des sessions d&#8217;initiation à son métier, si méconnu. C&#8217;est ainsi qu&#8217;un petit groupe de spectateur se voit confier la tâche d&#8217;enquêter avec elle sur un crime commis dans la</span><br />
<span style="color: #000000;"> région&#8230;</span></p>
<h4 style="text-align: justify;"><span style="color: #000000;">Une création in situ</span></h4>
<p style="text-align: justify;"><span style="color: #000000;">A partir d&#8217;un schéma narratif stable, <em>Les enquêtes extraordinaires de Yolanda Harps</em> s&#8217;écrivent en immersion dans le lieu de sa représentation, à partir du matériel spatial et géographique disponible, ainsi que du contexte sociale de sa représentation.</span><br />
<span style="color: #000000;"> Immergés dans un quartier en pleine mutation, j&#8217;ai souhaité centrer ma recherche sur L&#8217;Annexe du train de vie, où sera joué le spectacle, à Romainville.</span><br />
<span style="color: #000000;"> Cette résidence me permet d&#8217;insérer <em>Les enquêtes extraordinaires de Yolanda Harps</em> directement dans le lieu de sa représentation, brouillant les frontières du réel et de là fiction.</span></p>
<h4 style="text-align: justify;"><span style="color: #000000;">Note d&#8217;intention</span></h4>
<p style="text-align: justify;"><em><span style="color: #000000;">A l&#8217;origine du spectacle, il y a la lecture des contes landais recueillis par Félix Arnaudin au XIXe siècle. Ces contes, à la fois populaires et fantastiques, m&#8217;ont inspiré la teneur de l&#8217;aventure de Yolanda : que se passerait-il si l&#8217;on réhaussait des histoires ordinaires d&#8217;une pointe d&#8217;effroi ?</span></em></p>
<p style="text-align: justify;"><em><span style="color: #000000;">La poésie du réalisme magique de Carlos Fuentes et Gabriel Garcia Lorca, où rien n&#8217;arrive tout à fait par hasard, constituent également la base d&#8217;inspiration des terribles enquêtes que résoud Yolanda.</span></em></p>
<p style="text-align: justify;"><em><span style="color: #000000;">Le fond de ma recherche consiste en ceci : que pourraient être les contes populaires d&#8217;aujourd&#8217;hui ? Quelles sont nos histoires du coin du feu?</span></em></p>
<p style="text-align: justify;"><em><span style="color: #000000;">C&#8217;est à partir de cette interrogation qu&#8217;est né le personnage de Yolanda. Joyeuse, haute en couleur et sans cesse sur les routes, elle va à l&#8217;encontre du cliché de la nécromancienne happée par sa boule de cristal. Fortement inspiré de personnalités réelles de la médiumnie, telle que Maureen Hancock ou Lisa Williams, dont chaque intervention est un véritable show, ce personnage permet de créer un parallèle entre le médium et le comédien, tous deux passeurs d&#8217;histoire.</span></em></p>
<p style="text-align: justify;"><em><span style="color: #000000;">Le dispositif même du spectacle, à la frontière entre thriller, conte et jeu de piste, rehaussent l&#8217;aspect immersif du spectacle.</span></em></p>
<p style="text-align: justify;"><em><span style="color: #000000;">Le registre de l&#8217;effroi est un thème que j&#8217;affectionne particulièrement, tant en littérature (Edgar Allan Poe, Maupassant) qu&#8217;au cinéma (Davis Lynch, [REC], Massacre à la tronçonneuse&#8230;) et constitue pour moi un champs d&#8217;investigation encore peu exploité au théâtre.</span></em></p>
<p style="text-align: justify;"><em><span style="color: #000000;">L&#8217;aspect social des enquêtes de Yolanda Harps constitue le second pans de ma recherche. Fortement inspirée de série noires contemporaines telles que Twin Peaks ou plus récemment True detective, la création des Enquêtes extraordinaires me permet de continuer le travail d&#8217;enquête de terrain déjà engagé dans mes créations précédentes.</span></em></p>
<p style="text-align: right;"><span style="color: #000000;">Mathilde Saubole</span></p>
<hr />
<h4 style="text-align: justify;"><span style="color: #000000;"><span style="text-decoration: underline;">Mathilde Saubole, Biographie</span><br />
</span></h4>
<p style="text-align: justify;"><span style="color: #000000;">Sa formation en art dramatique (Studio Temps d&#8217;M, École du Jeu, Antonio Fava&#8230;) lui permet de découvrir tôt des formes théâtrales variées, allant du théâtre de rue à la Méthode, en passant par la Comedia Dell&#8217;Arte et le théâtre classique. Partisane d&#8217;un théâtre physique où l&#8217;engagement du corps est la condition de la parole, elle base depuis sa sortie de l’École du jeu sa recherche sur les contexte de création et de représentation des œuvres, et leur perception de la part du public. C&#8217;est dans cette optique qu&#8217;elle crée plusieurs formes courtes de théâtre immersif et fantastique, notamment dans le cadre des 7X7.</span></p>
<p style="text-align: justify;"><span style="color: #000000;">Attachée à capter ce qui joue et se joue dans les situations intimes et sociale du quotidien pour en déceler l&#8217;éclat, elle monte à l&#8217;âge de 23 ans sa première compagnie, Les Instants Électriques, avec Maryse Urruty, réalisant un travail d&#8217;enquête de plusieurs mois sur la perception du deuil chez la génération Y pour leur premier spectacle, <em>NINA</em>.</span></p>
<p style="text-align: justify;"><span style="color: #000000;">S&#8217;intéressant tant à la mise en scène et à l&#8217;écriture qu&#8217;à l&#8217;activité d&#8217;acteur, elle développe ces pratiques en parallèle, tant au sein de sa compagnie qu&#8217;en collaborant avec La GRAPPA et les compagnies Jetzt, Nunc et Estoc, dans la création du festival Le Merveilleux, où elle co-met en scène <em>TARTUFFE</em> avec Paul Toucang, et commence à écrire <em>Les Enquêtes extraordinaires de Yolanda Harps</em>.</span></p>
<p style="text-align: justify;"><span style="color: #000000;">Elle est à l&#8217;initiative de l&#8217;Atelier Permanent, atelier collaboratif d&#8217;entraînement de l&#8217;acteur, basé à Montreuil. <em>Les Enquêtes extraordinaires de Yolanda Harps</em> constitue son premier spectacle écrit, mis en scène et interprété en solo.</span></p>

<p>Les enquêtes extraordinaires de Yolanda Harps Résidence : Novembre 2016 / Mars 2017 Fraîchement débarquée du Québec, Yolanda Harps est médium-détective. Spécialisée dans les cas d&#8217;enquête non-résolue, elle offre ses<span class="read-more-wrap"><a class="moretag" href="https://annexeromainville.com/index.php/mathilde-saubole-les-enquetes-extraordinaire-de-yolanda-harps/">Lire la suite<span class="screen-reader-text">Mathilde Saubole : Les Enquêtes extraordinaire de Yolanda Harps</span></a></span></p>
