{"id":556,"date":"2016-12-28T15:25:59","date_gmt":"2016-12-28T14:25:59","guid":{"rendered":"http:\/\/annexedutraindevie.com\/?page_id=556"},"modified":"2016-12-28T16:45:06","modified_gmt":"2016-12-28T15:45:06","slug":"toit-mon-toit","status":"publish","type":"page","link":"https:\/\/annexeromainville.com\/index.php\/toit-mon-toit\/","title":{"rendered":"Toit mon Toit"},"content":{"rendered":"<p><a href=\"http:\/\/annexedutraindevie.com\/wp-content\/uploads\/2016\/12\/Toit-mon-Toit-affiche.jpg\"><img loading=\"lazy\" class=\"aligncenter size-full wp-image-560\" src=\"http:\/\/annexedutraindevie.com\/wp-content\/uploads\/2016\/12\/Toit-mon-Toit-affiche.jpg\" alt=\"\" width=\"600\" height=\"399\" srcset=\"https:\/\/annexeromainville.com\/wp-content\/uploads\/2016\/12\/Toit-mon-Toit-affiche.jpg 600w, https:\/\/annexeromainville.com\/wp-content\/uploads\/2016\/12\/Toit-mon-Toit-affiche-300x200.jpg 300w, https:\/\/annexeromainville.com\/wp-content\/uploads\/2016\/12\/Toit-mon-Toit-affiche-570x380.jpg 570w, https:\/\/annexeromainville.com\/wp-content\/uploads\/2016\/12\/Toit-mon-Toit-affiche-380x254.jpg 380w, https:\/\/annexeromainville.com\/wp-content\/uploads\/2016\/12\/Toit-mon-Toit-affiche-285x190.jpg 285w, https:\/\/annexeromainville.com\/wp-content\/uploads\/2016\/12\/Toit-mon-Toit-affiche-272x182.jpg 272w\" sizes=\"(max-width: 600px) 100vw, 600px\" \/><\/a><\/p>\n<p style=\"text-align: center;\"><strong><span style=\"color: #000000;\"> MON TOIT DU MONDE \u00c0 MOI, C\u2019EST TOI<\/span><\/strong><\/p>\n<p style=\"text-align: center;\"><span style=\"color: #000000;\">De et par <strong>Alexis Delmastro<\/strong><\/span><\/p>\n<p style=\"text-align: center;\"><span style=\"color: #000000;\">Le <strong>vendredi 13 Janvier<\/strong> \u00e0 <strong>20.00<\/strong><\/span><\/p>\n<p><span style=\"color: #000000;\">&#8220;est-il bon d&#8217;aimer?&#8221;<\/span><br \/>\n<span style=\"color: #000000;\"> parce que le temps passe, les temps changent(surtout en ce moment), le temps presse puis le &#8220;i&#8221; s&#8217;en va, et devient amer&#8230;<\/span><br \/>\n<span style=\"color: #000000;\"> &#8230;et si l&#8217; &#8220;r&#8221; vient \u00e0 manquer, il ne reste plus que l&#8217;\u00e2me.<\/span><br \/>\n<span style=\"color: #000000;\"> L&#8217;\u00e2me et le c\u0153ur d&#8217;un homme, qui vient, tout seul avec lui pour lire une lettre \u00e0 une personne.<\/span><br \/>\n<span style=\"color: #000000;\"> Elle est o\u00f9?<\/span><br \/>\n<span style=\"color: #000000;\"> Parce que faudrait voir \u00e0 s&#8217;entendre, quitte \u00e0 s&#8217;aimer, maintenant, l\u00e0, tout \u00e0 l&#8217;heure&#8230;<\/span><\/p>\n<p><em><span style=\"color: #000000;\">&#8220;Mon toit du Monde \u00e0 moi, c&#8217;est toi&#8221;, c&#8217;est un monologue \u00e0 la fois \u00e9mouvant et hilarant, qui arrache les larmes quand il ne d\u00e9clenche pas fou rire sur fou rire.<\/span><\/em><br \/>\n<em><span style=\"color: #000000;\"> Com\u00e9dien hors pair, ce dernier arrive pr\u00e9cipitamment sur sc\u00e8ne, s&#8217;appr\u00eate \u00e0 lire une lettre d&#8217;amour \u00e0 sa bien aim\u00e9e, pr\u00e9sente dans la salle&#8230;<\/span><\/em><br \/>\n<em><span style=\"color: #000000;\"> Mais, puisqu&#8217;il y a un &#8220;mais&#8221;, ladite demoiselle est en retard. D\u00e8s lors, suspendus au destin de cette lettre d&#8217;amour, les spectateurs, partie int\u00e9grante du drame qui se(d\u00e9)noue, assiste \u00e0 la fuite du &#8220;i&#8221;. Car &#8220;aimer&#8221; peut devenir &#8220;amer&#8221;&#8230; Et ce grand gaillard de combler l&#8217;absence en se racontant dans une \u00e9norme performance, en nous racontant, en somme, &#8220;nous-autres&#8221; \u00eatre sensibles balanc\u00e9 dans une vie qui nous \u00e9chappe parfois&#8230;<\/span><\/em><\/p>\n<p style=\"text-align: right;\"><span style=\"color: #000000;\">Jos\u00e9 Artur<\/span><br \/>\n<span style=\"color: #000000;\"> France inter<\/span><\/p>\n<hr \/>\n<p style=\"text-align: left;\"><a href=\"http:\/\/annexedutraindevie.com\/index.php\/reservation\/\">R\u00e9servations<\/a><\/p>\n","protected":false},"excerpt":{"rendered":"<p>MON TOIT DU MONDE \u00c0 MOI, C\u2019EST TOI De et par Alexis Delmastro Le vendredi 13 Janvier \u00e0 20.00 &#8220;est-il bon d&#8217;aimer?&#8221; parce que le temps passe, les temps changent(surtout<span class=\"read-more-wrap\"><a class=\"moretag\" href=\"https:\/\/annexeromainville.com\/index.php\/toit-mon-toit\/\">Lire la suite<span class=\"screen-reader-text\">Toit mon Toit<\/span><\/a><\/span><\/p>\n","protected":false},"author":2,"featured_media":0,"parent":0,"menu_order":0,"comment_status":"closed","ping_status":"closed","template":"","meta":{"_bbp_topic_count":0,"_bbp_reply_count":0,"_bbp_total_topic_count":0,"_bbp_total_reply_count":0,"_bbp_voice_count":0,"_bbp_anonymous_reply_count":0,"_bbp_topic_count_hidden":0,"_bbp_reply_count_hidden":0,"_bbp_forum_subforum_count":0,"ngg_post_thumbnail":0},"_links":{"self":[{"href":"https:\/\/annexeromainville.com\/index.php\/wp-json\/wp\/v2\/pages\/556"}],"collection":[{"href":"https:\/\/annexeromainville.com\/index.php\/wp-json\/wp\/v2\/pages"}],"about":[{"href":"https:\/\/annexeromainville.com\/index.php\/wp-json\/wp\/v2\/types\/page"}],"author":[{"embeddable":true,"href":"https:\/\/annexeromainville.com\/index.php\/wp-json\/wp\/v2\/users\/2"}],"replies":[{"embeddable":true,"href":"https:\/\/annexeromainville.com\/index.php\/wp-json\/wp\/v2\/comments?post=556"}],"version-history":[{"count":3,"href":"https:\/\/annexeromainville.com\/index.php\/wp-json\/wp\/v2\/pages\/556\/revisions"}],"predecessor-version":[{"id":578,"href":"https:\/\/annexeromainville.com\/index.php\/wp-json\/wp\/v2\/pages\/556\/revisions\/578"}],"wp:attachment":[{"href":"https:\/\/annexeromainville.com\/index.php\/wp-json\/wp\/v2\/media?parent=556"}],"curies":[{"name":"wp","href":"https:\/\/api.w.org\/{rel}","templated":true}]}}

<p><a href="http://annexedutraindevie.com/wp-content/uploads/2016/12/Toit-mon-Toit-affiche.jpg"><img loading="lazy" class="aligncenter size-full wp-image-560" src="http://annexedutraindevie.com/wp-content/uploads/2016/12/Toit-mon-Toit-affiche.jpg" alt="" width="600" height="399" srcset="https://annexeromainville.com/wp-content/uploads/2016/12/Toit-mon-Toit-affiche.jpg 600w, https://annexeromainville.com/wp-content/uploads/2016/12/Toit-mon-Toit-affiche-300x200.jpg 300w, https://annexeromainville.com/wp-content/uploads/2016/12/Toit-mon-Toit-affiche-570x380.jpg 570w, https://annexeromainville.com/wp-content/uploads/2016/12/Toit-mon-Toit-affiche-380x254.jpg 380w, https://annexeromainville.com/wp-content/uploads/2016/12/Toit-mon-Toit-affiche-285x190.jpg 285w, https://annexeromainville.com/wp-content/uploads/2016/12/Toit-mon-Toit-affiche-272x182.jpg 272w" sizes="(max-width: 600px) 100vw, 600px" /></a></p>
<p style="text-align: center;"><strong><span style="color: #000000;"> MON TOIT DU MONDE À MOI, C’EST TOI</span></strong></p>
<p style="text-align: center;"><span style="color: #000000;">De et par <strong>Alexis Delmastro</strong></span></p>
<p style="text-align: center;"><span style="color: #000000;">Le <strong>vendredi 13 Janvier</strong> à <strong>20.00</strong></span></p>
<p><span style="color: #000000;">&#8220;est-il bon d&#8217;aimer?&#8221;</span><br />
<span style="color: #000000;"> parce que le temps passe, les temps changent(surtout en ce moment), le temps presse puis le &#8220;i&#8221; s&#8217;en va, et devient amer&#8230;</span><br />
<span style="color: #000000;"> &#8230;et si l&#8217; &#8220;r&#8221; vient à manquer, il ne reste plus que l&#8217;âme.</span><br />
<span style="color: #000000;"> L&#8217;âme et le cœur d&#8217;un homme, qui vient, tout seul avec lui pour lire une lettre à une personne.</span><br />
<span style="color: #000000;"> Elle est où?</span><br />
<span style="color: #000000;"> Parce que faudrait voir à s&#8217;entendre, quitte à s&#8217;aimer, maintenant, là, tout à l&#8217;heure&#8230;</span></p>
<p><em><span style="color: #000000;">&#8220;Mon toit du Monde à moi, c&#8217;est toi&#8221;, c&#8217;est un monologue à la fois émouvant et hilarant, qui arrache les larmes quand il ne déclenche pas fou rire sur fou rire.</span></em><br />
<em><span style="color: #000000;"> Comédien hors pair, ce dernier arrive précipitamment sur scène, s&#8217;apprête à lire une lettre d&#8217;amour à sa bien aimée, présente dans la salle&#8230;</span></em><br />
<em><span style="color: #000000;"> Mais, puisqu&#8217;il y a un &#8220;mais&#8221;, ladite demoiselle est en retard. Dès lors, suspendus au destin de cette lettre d&#8217;amour, les spectateurs, partie intégrante du drame qui se(dé)noue, assiste à la fuite du &#8220;i&#8221;. Car &#8220;aimer&#8221; peut devenir &#8220;amer&#8221;&#8230; Et ce grand gaillard de combler l&#8217;absence en se racontant dans une énorme performance, en nous racontant, en somme, &#8220;nous-autres&#8221; être sensibles balancé dans une vie qui nous échappe parfois&#8230;</span></em></p>
<p style="text-align: right;"><span style="color: #000000;">José Artur</span><br />
<span style="color: #000000;"> France inter</span></p>
<hr />
<p style="text-align: left;"><a href="http://annexedutraindevie.com/index.php/reservation/">Réservations</a></p>

<p>MON TOIT DU MONDE À MOI, C’EST TOI De et par Alexis Delmastro Le vendredi 13 Janvier à 20.00 &#8220;est-il bon d&#8217;aimer?&#8221; parce que le temps passe, les temps changent(surtout<span class="read-more-wrap"><a class="moretag" href="https://annexeromainville.com/index.php/toit-mon-toit/">Lire la suite<span class="screen-reader-text">Toit mon Toit</span></a></span></p>
