{"id":7461,"date":"2022-08-10T14:11:25","date_gmt":"2022-08-10T13:11:25","guid":{"rendered":"https:\/\/annexeromainville.com\/?page_id=7461"},"modified":"2022-08-10T15:13:47","modified_gmt":"2022-08-10T14:13:47","slug":"residence-dauteur","status":"publish","type":"page","link":"https:\/\/annexeromainville.com\/index.php\/residence-dauteur\/","title":{"rendered":"R\u00e9sidence d&#8217;Auteur &#8211; Marjorie Fabre"},"content":{"rendered":"<div id=\"pl-7461\"  class=\"panel-layout\" ><div id=\"pg-7461-0\"  class=\"panel-grid panel-no-style\" ><div id=\"pgc-7461-0-0\"  class=\"panel-grid-cell\" ><div id=\"panel-7461-0-0-0\" class=\"so-panel widget widget_sow-image panel-first-child panel-last-child\" data-index=\"0\" ><div\n\t\t\t\n\t\t\tclass=\"so-widget-sow-image so-widget-sow-image-default-113ccd71f3e6-7461\"\n\t\t\t\n\t\t>\n<div class=\"sow-image-container\">\n\t\t<img \n\tsrc=\"https:\/\/annexeromainville.com\/wp-content\/uploads\/2022\/08\/marjorie-fabre-hd-scaled.jpg\" width=\"2519\" height=\"2560\" srcset=\"https:\/\/annexeromainville.com\/wp-content\/uploads\/2022\/08\/marjorie-fabre-hd-scaled.jpg 2519w, https:\/\/annexeromainville.com\/wp-content\/uploads\/2022\/08\/marjorie-fabre-hd-295x300.jpg 295w, https:\/\/annexeromainville.com\/wp-content\/uploads\/2022\/08\/marjorie-fabre-hd-1008x1024.jpg 1008w, https:\/\/annexeromainville.com\/wp-content\/uploads\/2022\/08\/marjorie-fabre-hd-768x781.jpg 768w, https:\/\/annexeromainville.com\/wp-content\/uploads\/2022\/08\/marjorie-fabre-hd-1511x1536.jpg 1511w, https:\/\/annexeromainville.com\/wp-content\/uploads\/2022\/08\/marjorie-fabre-hd-2015x2048.jpg 2015w\" sizes=\"(max-width: 2519px) 100vw, 2519px\" title=\"marjorie fabre\" alt=\"\" loading=\"lazy\" \t\tclass=\"so-widget-image\"\/>\n\t<\/div>\n\n<\/div><\/div><\/div><div id=\"pgc-7461-0-1\"  class=\"panel-grid-cell\" ><div id=\"panel-7461-0-1-0\" class=\"so-panel widget widget_sow-editor panel-first-child panel-last-child\" data-index=\"1\" ><div\n\t\t\t\n\t\t\tclass=\"so-widget-sow-editor so-widget-sow-editor-base\"\n\t\t\t\n\t\t>\n<div class=\"siteorigin-widget-tinymce textwidget\">\n\t<div><span style=\"color: #000000;\">Dans le cadre d'une <strong>r\u00e9sidence d'\u00e9criture<\/strong>, l'Annexe accueillera cette ann\u00e9e l'autrice <strong>Marjorie Fabre<\/strong>.<\/span><\/div>\n<div>&nbsp;<\/div>\n<div><span style=\"color: #000000;\">Ancienne professeure de Fran\u00e7ais, elle a men\u00e9 depuis plusieurs ann\u00e9es d\u2019ateliers d\u2019\u00e9criture pour des publics tr\u00e8s vari\u00e9s.<\/span><\/div>\n<div><span style=\"color: #000000;\">Elle a \u00e9crit divers <strong>textes de th\u00e9\u00e2tre et romans jeunesse<\/strong>, dont <strong><em>Revanche, <\/em>adapt\u00e9 sur sc\u00e8ne par la Cie Jetzt<\/strong> d\u00e9but 2022<br \/>\n<\/span><\/div>\n<div>&nbsp;<\/div>\n<div><span style=\"color: #000000;\">Les th\u00e8mes les plus r\u00e9currents dans sa bibliographie, sont <strong>l'adolescence et les liens interg\u00e9n\u00e9rationnels.<\/strong><\/span><\/div>\n<div>&nbsp;<\/div>\n<div><span style=\"color: #000000;\">En parall\u00e8le de <strong>l'\u00e9criture de son prochain roman<\/strong>, <em>Wish<\/em>, elle proposera diff\u00e9rents ateliers et stages destin\u00e9s aux adolescents et adultes.<\/span><\/div>\n<\/div>\n<\/div><\/div><\/div><\/div><div id=\"pg-7461-1\"  class=\"panel-grid panel-no-style\" ><div id=\"pgc-7461-1-0\"  class=\"panel-grid-cell panel-grid-cell-empty\" ><\/div><div id=\"pgc-7461-1-1\"  class=\"panel-grid-cell panel-grid-cell-mobile-last\" ><div id=\"panel-7461-1-1-0\" class=\"so-panel widget widget_sow-image panel-first-child panel-last-child\" data-index=\"2\" ><div\n\t\t\t\n\t\t\tclass=\"so-widget-sow-image so-widget-sow-image-default-8b5b6f678277-7461\"\n\t\t\t\n\t\t>\n<div class=\"sow-image-container\">\n\t\t\t<a href=\"https:\/\/www.helloasso.com\/associations\/jetzt\/evenements\/atelier-d-ecriture-adulte\"\n\t\t\ttarget=\"_blank\" rel=\"noopener noreferrer\" \t\t>\n\t\t\t<img \n\tsrc=\"https:\/\/annexeromainville.com\/wp-content\/uploads\/2022\/08\/17.jpg\" width=\"1080\" height=\"1080\" srcset=\"https:\/\/annexeromainville.com\/wp-content\/uploads\/2022\/08\/17.jpg 1080w, https:\/\/annexeromainville.com\/wp-content\/uploads\/2022\/08\/17-300x300.jpg 300w, https:\/\/annexeromainville.com\/wp-content\/uploads\/2022\/08\/17-1024x1024.jpg 1024w, https:\/\/annexeromainville.com\/wp-content\/uploads\/2022\/08\/17-150x150.jpg 150w, https:\/\/annexeromainville.com\/wp-content\/uploads\/2022\/08\/17-768x768.jpg 768w\" sizes=\"(max-width: 1080px) 100vw, 1080px\" title=\"atelier d&#039;\u00e9criture adulte\" alt=\"\" loading=\"lazy\" \t\tclass=\"so-widget-image\"\/>\n\t\t\t<\/a><\/div>\n\n<\/div><\/div><\/div><div id=\"pgc-7461-1-2\"  class=\"panel-grid-cell panel-grid-cell-empty\" ><\/div><\/div><div id=\"pg-7461-2\"  class=\"panel-grid panel-no-style\" ><div id=\"pgc-7461-2-0\"  class=\"panel-grid-cell\" ><div id=\"panel-7461-2-0-0\" class=\"so-panel widget widget_sow-image panel-first-child panel-last-child\" data-index=\"3\" ><div\n\t\t\t\n\t\t\tclass=\"so-widget-sow-image so-widget-sow-image-default-113ccd71f3e6-7461\"\n\t\t\t\n\t\t><\/div><\/div><\/div><div id=\"pgc-7461-2-1\"  class=\"panel-grid-cell\" ><div id=\"panel-7461-2-1-0\" class=\"so-panel widget widget_sow-image panel-first-child panel-last-child\" data-index=\"4\" ><div\n\t\t\t\n\t\t\tclass=\"so-widget-sow-image so-widget-sow-image-default-113ccd71f3e6-7461\"\n\t\t\t\n\t\t><\/div><\/div><\/div><\/div><\/div>","protected":false},"excerpt":{"rendered":"<p>Dans le cadre d&#8217;une r\u00e9sidence d&#8217;\u00e9criture, l&#8217;Annexe accueillera cette ann\u00e9e l&#8217;autrice Marjorie Fabre. &nbsp; Ancienne professeure de Fran\u00e7ais, elle a men\u00e9 depuis plusieurs ann\u00e9es d\u2019ateliers d\u2019\u00e9criture pour des publics tr\u00e8s<span class=\"read-more-wrap\"><a class=\"moretag\" href=\"https:\/\/annexeromainville.com\/index.php\/residence-dauteur\/\">Lire la suite<span class=\"screen-reader-text\">R\u00e9sidence d&#8217;Auteur &#8211; Marjorie Fabre<\/span><\/a><\/span><\/p>\n","protected":false},"author":2,"featured_media":0,"parent":0,"menu_order":0,"comment_status":"closed","ping_status":"closed","template":"","meta":{"_bbp_topic_count":0,"_bbp_reply_count":0,"_bbp_total_topic_count":0,"_bbp_total_reply_count":0,"_bbp_voice_count":0,"_bbp_anonymous_reply_count":0,"_bbp_topic_count_hidden":0,"_bbp_reply_count_hidden":0,"_bbp_forum_subforum_count":0,"ngg_post_thumbnail":0},"_links":{"self":[{"href":"https:\/\/annexeromainville.com\/index.php\/wp-json\/wp\/v2\/pages\/7461"}],"collection":[{"href":"https:\/\/annexeromainville.com\/index.php\/wp-json\/wp\/v2\/pages"}],"about":[{"href":"https:\/\/annexeromainville.com\/index.php\/wp-json\/wp\/v2\/types\/page"}],"author":[{"embeddable":true,"href":"https:\/\/annexeromainville.com\/index.php\/wp-json\/wp\/v2\/users\/2"}],"replies":[{"embeddable":true,"href":"https:\/\/annexeromainville.com\/index.php\/wp-json\/wp\/v2\/comments?post=7461"}],"version-history":[{"count":28,"href":"https:\/\/annexeromainville.com\/index.php\/wp-json\/wp\/v2\/pages\/7461\/revisions"}],"predecessor-version":[{"id":7465,"href":"https:\/\/annexeromainville.com\/index.php\/wp-json\/wp\/v2\/pages\/7461\/revisions\/7465"}],"wp:attachment":[{"href":"https:\/\/annexeromainville.com\/index.php\/wp-json\/wp\/v2\/media?parent=7461"}],"curies":[{"name":"wp","href":"https:\/\/api.w.org\/{rel}","templated":true}]}}