{"id":8494,"date":"2023-06-19T11:53:29","date_gmt":"2023-06-19T10:53:29","guid":{"rendered":"https:\/\/annexeromainville.com\/?page_id=8494"},"modified":"2025-06-23T12:17:54","modified_gmt":"2025-06-23T11:17:54","slug":"atelier-theatre-ados","status":"publish","type":"page","link":"https:\/\/annexeromainville.com\/index.php\/atelier-theatre-ados\/","title":{"rendered":"(10-13 ans) TH\u00c9\u00c2TRE ADOS"},"content":{"rendered":"<div id=\"pl-8494\"  class=\"panel-layout\" ><div id=\"pg-8494-0\"  class=\"panel-grid panel-no-style\" ><div id=\"pgc-8494-0-0\"  class=\"panel-grid-cell\" ><div id=\"panel-8494-0-0-0\" class=\"so-panel widget widget_media_image panel-first-child\" data-index=\"0\" ><img width=\"300\" height=\"300\" src=\"https:\/\/annexeromainville.com\/wp-content\/uploads\/2024\/09\/atelier-ado-debutant--300x300.jpg\" class=\"image wp-image-10028  attachment-medium size-medium\" alt=\"\" loading=\"lazy\" style=\"max-width: 100%; height: auto;\" srcset=\"https:\/\/annexeromainville.com\/wp-content\/uploads\/2024\/09\/atelier-ado-debutant--300x300.jpg 300w, https:\/\/annexeromainville.com\/wp-content\/uploads\/2024\/09\/atelier-ado-debutant--1024x1024.jpg 1024w, https:\/\/annexeromainville.com\/wp-content\/uploads\/2024\/09\/atelier-ado-debutant--150x150.jpg 150w, https:\/\/annexeromainville.com\/wp-content\/uploads\/2024\/09\/atelier-ado-debutant--768x768.jpg 768w, https:\/\/annexeromainville.com\/wp-content\/uploads\/2024\/09\/atelier-ado-debutant-.jpg 1080w\" sizes=\"(max-width: 300px) 100vw, 300px\" \/><\/div><div id=\"panel-8494-0-0-1\" class=\"so-panel widget widget_media_image\" data-index=\"1\" ><a href=\"https:\/\/www.helloasso.com\/associations\/jetzt\/evenements\/atelier-theatre-ados-debutant-saison-25-26\"><img width=\"300\" height=\"39\" src=\"https:\/\/annexeromainville.com\/wp-content\/uploads\/2022\/08\/inscriptions-300x39.jpg\" class=\"image wp-image-7532  attachment-medium size-medium\" alt=\"\" loading=\"lazy\" style=\"max-width: 100%; height: auto;\" srcset=\"https:\/\/annexeromainville.com\/wp-content\/uploads\/2022\/08\/inscriptions-300x39.jpg 300w, https:\/\/annexeromainville.com\/wp-content\/uploads\/2022\/08\/inscriptions-1024x133.jpg 1024w, https:\/\/annexeromainville.com\/wp-content\/uploads\/2022\/08\/inscriptions-768x100.jpg 768w, https:\/\/annexeromainville.com\/wp-content\/uploads\/2022\/08\/inscriptions-1536x200.jpg 1536w, https:\/\/annexeromainville.com\/wp-content\/uploads\/2022\/08\/inscriptions.jpg 1920w\" sizes=\"(max-width: 300px) 100vw, 300px\" \/><\/a><\/div><div id=\"panel-8494-0-0-2\" class=\"so-panel widget widget_media_image\" data-index=\"2\" ><img width=\"300\" height=\"300\" src=\"https:\/\/annexeromainville.com\/wp-content\/uploads\/2024\/09\/Atelier-ado-confirmes-300x300.jpg\" class=\"image wp-image-10027  attachment-medium size-medium\" alt=\"\" loading=\"lazy\" style=\"max-width: 100%; height: auto;\" srcset=\"https:\/\/annexeromainville.com\/wp-content\/uploads\/2024\/09\/Atelier-ado-confirmes-300x300.jpg 300w, https:\/\/annexeromainville.com\/wp-content\/uploads\/2024\/09\/Atelier-ado-confirmes-1024x1024.jpg 1024w, https:\/\/annexeromainville.com\/wp-content\/uploads\/2024\/09\/Atelier-ado-confirmes-150x150.jpg 150w, https:\/\/annexeromainville.com\/wp-content\/uploads\/2024\/09\/Atelier-ado-confirmes-768x768.jpg 768w, https:\/\/annexeromainville.com\/wp-content\/uploads\/2024\/09\/Atelier-ado-confirmes.jpg 1080w\" sizes=\"(max-width: 300px) 100vw, 300px\" \/><\/div><div id=\"panel-8494-0-0-3\" class=\"so-panel widget widget_media_image panel-last-child\" data-index=\"3\" ><a href=\"https:\/\/www.helloasso.com\/associations\/jetzt\/evenements\/atelier-theatre-ados-confirme-saison-25-26\"><img width=\"300\" height=\"39\" src=\"https:\/\/annexeromainville.com\/wp-content\/uploads\/2022\/08\/inscriptions-300x39.jpg\" class=\"image wp-image-7532  attachment-medium size-medium\" alt=\"\" loading=\"lazy\" style=\"max-width: 100%; height: auto;\" srcset=\"https:\/\/annexeromainville.com\/wp-content\/uploads\/2022\/08\/inscriptions-300x39.jpg 300w, https:\/\/annexeromainville.com\/wp-content\/uploads\/2022\/08\/inscriptions-1024x133.jpg 1024w, https:\/\/annexeromainville.com\/wp-content\/uploads\/2022\/08\/inscriptions-768x100.jpg 768w, https:\/\/annexeromainville.com\/wp-content\/uploads\/2022\/08\/inscriptions-1536x200.jpg 1536w, https:\/\/annexeromainville.com\/wp-content\/uploads\/2022\/08\/inscriptions.jpg 1920w\" sizes=\"(max-width: 300px) 100vw, 300px\" \/><\/a><\/div><\/div><div id=\"pgc-8494-0-1\"  class=\"panel-grid-cell\" ><div id=\"panel-8494-0-1-0\" class=\"so-panel widget widget_sow-editor panel-first-child\" data-index=\"4\" ><div\n\t\t\t\n\t\t\tclass=\"so-widget-sow-editor so-widget-sow-editor-base\"\n\t\t\t\n\t\t>\n<div class=\"siteorigin-widget-tinymce textwidget\">\n\t<div id=\"pgc-18-1-0\" class=\"panel-grid-cell\">\n<div id=\"panel-18-1-0-0\" class=\"so-panel widget widget_sow-editor panel-first-child panel-last-child\" data-index=\"2\">\n<div class=\"so-widget-sow-editor so-widget-sow-editor-base\">\n<div class=\"siteorigin-widget-tinymce textwidget\">\n<p><span class=\"JsGRdQ\"><span style=\"color: #800000;\"><strong>Ouvert aux enfants de 10 \u00e0 13 ans<\/strong><\/span><br \/>\n<\/span><\/p>\n<p><span class=\"JsGRdQ\"><strong>Date et Horaire<\/strong> :<\/span><\/p>\n<p>Les lundis de 17h \u00e0 18h30 <strong>DEBUTANTS<\/strong><\/p>\n<p>du 15 septembre au 25 juin D\u00e9butants<\/p>\n<p>(hors vacances scolaires et jours f\u00e9ri\u00e9s)<\/p>\n<p><strong>Tarif : <\/strong>400\u20ac \u00e0 l'ann\u00e9e \/ 40\u20ac mois<\/p>\n<\/div>\n<div class=\"siteorigin-widget-tinymce textwidget\">\n<p><strong>POSSIBILIT\u00c9 DE PAIEMENT :<\/strong><\/p>\n<ul>\n<li><strong>En ch\u00e8que<\/strong> :&nbsp; \u00c0 l'ann\u00e9e, au trimestre ou au mois. Si par mois, nous prendrons la totalit\u00e9 des ch\u00e8ques (donc 10) et nous les encaisserons chaque mois.<\/li>\n<li><strong>En ligne :<\/strong> Paiement pour toute l'ann\u00e9e.<\/li>\n<\/ul>\n<\/div>\n<\/div>\n<\/div>\n<\/div>\n<\/div>\n<\/div><\/div><div id=\"panel-8494-0-1-1\" class=\"so-panel widget widget_sow-editor\" data-index=\"5\" ><div\n\t\t\t\n\t\t\tclass=\"so-widget-sow-editor so-widget-sow-editor-base\"\n\t\t\t\n\t\t>\n<div class=\"siteorigin-widget-tinymce textwidget\">\n\t<div id=\"pgc-18-1-0\" class=\"panel-grid-cell\">\n<div id=\"panel-18-1-0-0\" class=\"so-panel widget widget_sow-editor panel-first-child panel-last-child\" data-index=\"2\">\n<div class=\"so-widget-sow-editor so-widget-sow-editor-base\">\n<div class=\"siteorigin-widget-tinymce textwidget\">\n<p><span class=\"JsGRdQ\"><span style=\"color: #800000;\"><strong>Ouvert aux enfants de 10 \u00e0 13 ans<\/strong><\/span><br \/>\n<\/span><\/p>\n<p><span class=\"JsGRdQ\">Les mercredis de 16h30 \u00e0 18h30 <strong>CONFIRMES<\/strong><\/span><\/p>\n<p>du 17 septembre au 25 juin Confirm\u00e9s<\/p>\n<\/div>\n<div class=\"siteorigin-widget-tinymce textwidget\">\n<p>(hors vacances scolaires et jours f\u00e9ri\u00e9s)<\/p>\n<p><strong>TARIF<\/strong> : 450\u20ac \u00e0 l'ann\u00e9e \/ 45\u20ac mois<\/p>\n<p><strong>POSSIBILIT\u00c9 DE PAIEMENT :<\/strong><\/p>\n<ul>\n<li><strong>En ch\u00e8que<\/strong> :&nbsp; \u00c0 l'ann\u00e9e, au trimestre ou au mois. Si par mois, nous prendrons la totalit\u00e9 des ch\u00e8ques (donc 10) et nous les encaisserons chaque mois.<\/li>\n<li><strong>En ligne :<\/strong> Paiement pour toute l'ann\u00e9e.<\/li>\n<\/ul>\n<\/div>\n<\/div>\n<\/div>\n<\/div>\n<\/div>\n<\/div><\/div><div id=\"panel-8494-0-1-2\" class=\"so-panel widget widget_sow-editor panel-last-child\" data-index=\"6\" ><div\n\t\t\t\n\t\t\tclass=\"so-widget-sow-editor so-widget-sow-editor-base\"\n\t\t\t\n\t\t>\n<div class=\"siteorigin-widget-tinymce textwidget\">\n\t<p><span class=\"JsGRdQ\">L\u2019Atelier Th\u00e9\u00e2tre a pour but d\u2019apporter l\u2019autonomie, que l'adolescent.e devienne \u00ab acteur \u00bb dans son apprentissage.<\/span><\/p>\n<p>En utilisant le jeu, les jeunes de 10 \u00e0 14 ans acqui\u00e8rent des outils leur permettant de s\u2019affirmer et gagner en confiance sur sc\u00e8ne, qui leur permettront \u00e9galement de travailler leur aisance personnelle.<\/p>\n<p>Chaque apprentissage d\u2019une nouvelle notion, est toujours jumel\u00e9 avec un exercice de cr\u00e9ation. Nous travaillons : le ressenti corporel, intellectuel et le ressenti \u00e9motionnel - L'objectif de l'apprentissage est de permettre \u00e0 l'\u00e9l\u00e8ve de retransmettre et d'utiliser les notions apprises .<\/p>\n<p>L\u2019\u00e9l\u00e8ve fabrique du th\u00e9\u00e2tre avec les outils du langage th\u00e9\u00e2tral appris en cours. Par exemple, savoir cr\u00e9er une petite sc\u00e8ne, \u00e9crire un dialogue, proposer un exercice au groupe...Cet atelier se veut \u00e9mancipateur.<\/p>\n<\/div>\n<\/div><\/div><\/div><\/div><div id=\"pg-8494-1\"  class=\"panel-grid panel-no-style\" ><div id=\"pgc-8494-1-0\"  class=\"panel-grid-cell\" ><div id=\"panel-8494-1-0-0\" class=\"so-panel widget widget_sow-editor panel-first-child panel-last-child\" data-index=\"7\" ><div\n\t\t\t\n\t\t\tclass=\"so-widget-sow-editor so-widget-sow-editor-base\"\n\t\t\t\n\t\t><h3 class=\"widget-title\">Le premier atelier est un essai obligatoire. A l'issue de cet atelier, l'inscription est d\u00e9finitive.<\/h3>\n<div class=\"siteorigin-widget-tinymce textwidget\">\n\t<p>Si vous ne souhaitez pas maintenir votre inscription, merci d'en pr\u00e9venir l'\u00e9quipe de L'Annexe.<br \/>\nPour qu'une pr\u00e9-inscription soit prise en compte, le paiement par ch\u00e8que doit-\u00eatre remis en m\u00eame temps que la fiche d'inscription. Le Paiement ne sera encaiss\u00e9 qu'\u00e0 l'issue du cours d'essai.<\/p>\n<\/div>\n<\/div><\/div><\/div><\/div><\/div>","protected":false},"excerpt":{"rendered":"<p>Ouvert aux enfants de 10 \u00e0 13 ans Date et Horaire : Les lundis de 17h \u00e0 18h30 DEBUTANTS du 15 septembre au 25 juin D\u00e9butants (hors vacances scolaires et<span class=\"read-more-wrap\"><a class=\"moretag\" href=\"https:\/\/annexeromainville.com\/index.php\/atelier-theatre-ados\/\">Lire la suite<span class=\"screen-reader-text\">(10-13 ans) TH\u00c9\u00c2TRE ADOS<\/span><\/a><\/span><\/p>\n","protected":false},"author":2,"featured_media":0,"parent":0,"menu_order":0,"comment_status":"closed","ping_status":"closed","template":"","meta":{"_bbp_topic_count":0,"_bbp_reply_count":0,"_bbp_total_topic_count":0,"_bbp_total_reply_count":0,"_bbp_voice_count":0,"_bbp_anonymous_reply_count":0,"_bbp_topic_count_hidden":0,"_bbp_reply_count_hidden":0,"_bbp_forum_subforum_count":0,"ngg_post_thumbnail":0},"_links":{"self":[{"href":"https:\/\/annexeromainville.com\/index.php\/wp-json\/wp\/v2\/pages\/8494"}],"collection":[{"href":"https:\/\/annexeromainville.com\/index.php\/wp-json\/wp\/v2\/pages"}],"about":[{"href":"https:\/\/annexeromainville.com\/index.php\/wp-json\/wp\/v2\/types\/page"}],"author":[{"embeddable":true,"href":"https:\/\/annexeromainville.com\/index.php\/wp-json\/wp\/v2\/users\/2"}],"replies":[{"embeddable":true,"href":"https:\/\/annexeromainville.com\/index.php\/wp-json\/wp\/v2\/comments?post=8494"}],"version-history":[{"count":36,"href":"https:\/\/annexeromainville.com\/index.php\/wp-json\/wp\/v2\/pages\/8494\/revisions"}],"predecessor-version":[{"id":10764,"href":"https:\/\/annexeromainville.com\/index.php\/wp-json\/wp\/v2\/pages\/8494\/revisions\/10764"}],"wp:attachment":[{"href":"https:\/\/annexeromainville.com\/index.php\/wp-json\/wp\/v2\/media?parent=8494"}],"curies":[{"name":"wp","href":"https:\/\/api.w.org\/{rel}","templated":true}]}}

(10-13 ans) THÉÂTRE ADOS

<div id="pl-8494"  class="panel-layout" ><div id="pg-8494-0"  class="panel-grid panel-no-style" ><div id="pgc-8494-0-0"  class="panel-grid-cell" ><div id="panel-8494-0-0-0" class="so-panel widget widget_media_image panel-first-child" data-index="0" ><img width="300" height="300" src="https://annexeromainville.com/wp-content/uploads/2024/09/atelier-ado-debutant--300x300.jpg" class="image wp-image-10028  attachment-medium size-medium" alt="" loading="lazy" style="max-width: 100%; height: auto;" srcset="https://annexeromainville.com/wp-content/uploads/2024/09/atelier-ado-debutant--300x300.jpg 300w, https://annexeromainville.com/wp-content/uploads/2024/09/atelier-ado-debutant--1024x1024.jpg 1024w, https://annexeromainville.com/wp-content/uploads/2024/09/atelier-ado-debutant--150x150.jpg 150w, https://annexeromainville.com/wp-content/uploads/2024/09/atelier-ado-debutant--768x768.jpg 768w, https://annexeromainville.com/wp-content/uploads/2024/09/atelier-ado-debutant-.jpg 1080w" sizes="(max-width: 300px) 100vw, 300px" /></div><div id="panel-8494-0-0-1" class="so-panel widget widget_media_image" data-index="1" ><a href="https://www.helloasso.com/associations/jetzt/evenements/atelier-theatre-ados-debutant-saison-25-26"><img width="300" height="39" src="https://annexeromainville.com/wp-content/uploads/2022/08/inscriptions-300x39.jpg" class="image wp-image-7532  attachment-medium size-medium" alt="" loading="lazy" style="max-width: 100%; height: auto;" srcset="https://annexeromainville.com/wp-content/uploads/2022/08/inscriptions-300x39.jpg 300w, https://annexeromainville.com/wp-content/uploads/2022/08/inscriptions-1024x133.jpg 1024w, https://annexeromainville.com/wp-content/uploads/2022/08/inscriptions-768x100.jpg 768w, https://annexeromainville.com/wp-content/uploads/2022/08/inscriptions-1536x200.jpg 1536w, https://annexeromainville.com/wp-content/uploads/2022/08/inscriptions.jpg 1920w" sizes="(max-width: 300px) 100vw, 300px" /></a></div><div id="panel-8494-0-0-2" class="so-panel widget widget_media_image" data-index="2" ><img width="300" height="300" src="https://annexeromainville.com/wp-content/uploads/2024/09/Atelier-ado-confirmes-300x300.jpg" class="image wp-image-10027  attachment-medium size-medium" alt="" loading="lazy" style="max-width: 100%; height: auto;" srcset="https://annexeromainville.com/wp-content/uploads/2024/09/Atelier-ado-confirmes-300x300.jpg 300w, https://annexeromainville.com/wp-content/uploads/2024/09/Atelier-ado-confirmes-1024x1024.jpg 1024w, https://annexeromainville.com/wp-content/uploads/2024/09/Atelier-ado-confirmes-150x150.jpg 150w, https://annexeromainville.com/wp-content/uploads/2024/09/Atelier-ado-confirmes-768x768.jpg 768w, https://annexeromainville.com/wp-content/uploads/2024/09/Atelier-ado-confirmes.jpg 1080w" sizes="(max-width: 300px) 100vw, 300px" /></div><div id="panel-8494-0-0-3" class="so-panel widget widget_media_image panel-last-child" data-index="3" ><a href="https://www.helloasso.com/associations/jetzt/evenements/atelier-theatre-ados-confirme-saison-25-26"><img width="300" height="39" src="https://annexeromainville.com/wp-content/uploads/2022/08/inscriptions-300x39.jpg" class="image wp-image-7532  attachment-medium size-medium" alt="" loading="lazy" style="max-width: 100%; height: auto;" srcset="https://annexeromainville.com/wp-content/uploads/2022/08/inscriptions-300x39.jpg 300w, https://annexeromainville.com/wp-content/uploads/2022/08/inscriptions-1024x133.jpg 1024w, https://annexeromainville.com/wp-content/uploads/2022/08/inscriptions-768x100.jpg 768w, https://annexeromainville.com/wp-content/uploads/2022/08/inscriptions-1536x200.jpg 1536w, https://annexeromainville.com/wp-content/uploads/2022/08/inscriptions.jpg 1920w" sizes="(max-width: 300px) 100vw, 300px" /></a></div></div><div id="pgc-8494-0-1"  class="panel-grid-cell" ><div id="panel-8494-0-1-0" class="so-panel widget widget_sow-editor panel-first-child" data-index="4" ><div
			
			class="so-widget-sow-editor so-widget-sow-editor-base"
			
		>
<div class="siteorigin-widget-tinymce textwidget">
	<div id="pgc-18-1-0" class="panel-grid-cell">
<div id="panel-18-1-0-0" class="so-panel widget widget_sow-editor panel-first-child panel-last-child" data-index="2">
<div class="so-widget-sow-editor so-widget-sow-editor-base">
<div class="siteorigin-widget-tinymce textwidget">
<p><span class="JsGRdQ"><span style="color: #800000;"><strong>Ouvert aux enfants de 10 à 13 ans</strong></span><br />
</span></p>
<p><span class="JsGRdQ"><strong>Date et Horaire</strong> :</span></p>
<p>Les lundis de 17h à 18h30 <strong>DEBUTANTS</strong></p>
<p>du 15 septembre au 25 juin Débutants</p>
<p>(hors vacances scolaires et jours fériés)</p>
<p><strong>Tarif : </strong>400€ à l'année / 40€ mois</p>
</div>
<div class="siteorigin-widget-tinymce textwidget">
<p><strong>POSSIBILITÉ DE PAIEMENT :</strong></p>
<ul>
<li><strong>En chèque</strong> :&nbsp; À l'année, au trimestre ou au mois. Si par mois, nous prendrons la totalité des chèques (donc 10) et nous les encaisserons chaque mois.</li>
<li><strong>En ligne :</strong> Paiement pour toute l'année.</li>
</ul>
</div>
</div>
</div>
</div>
</div>
</div></div><div id="panel-8494-0-1-1" class="so-panel widget widget_sow-editor" data-index="5" ><div
			
			class="so-widget-sow-editor so-widget-sow-editor-base"
			
		>
<div class="siteorigin-widget-tinymce textwidget">
	<div id="pgc-18-1-0" class="panel-grid-cell">
<div id="panel-18-1-0-0" class="so-panel widget widget_sow-editor panel-first-child panel-last-child" data-index="2">
<div class="so-widget-sow-editor so-widget-sow-editor-base">
<div class="siteorigin-widget-tinymce textwidget">
<p><span class="JsGRdQ"><span style="color: #800000;"><strong>Ouvert aux enfants de 10 à 13 ans</strong></span><br />
</span></p>
<p><span class="JsGRdQ">Les mercredis de 16h30 à 18h30 <strong>CONFIRMES</strong></span></p>
<p>du 17 septembre au 25 juin Confirmés</p>
</div>
<div class="siteorigin-widget-tinymce textwidget">
<p>(hors vacances scolaires et jours fériés)</p>
<p><strong>TARIF</strong> : 450€ à l'année / 45€ mois</p>
<p><strong>POSSIBILITÉ DE PAIEMENT :</strong></p>
<ul>
<li><strong>En chèque</strong> :&nbsp; À l'année, au trimestre ou au mois. Si par mois, nous prendrons la totalité des chèques (donc 10) et nous les encaisserons chaque mois.</li>
<li><strong>En ligne :</strong> Paiement pour toute l'année.</li>
</ul>
</div>
</div>
</div>
</div>
</div>
</div></div><div id="panel-8494-0-1-2" class="so-panel widget widget_sow-editor panel-last-child" data-index="6" ><div
			
			class="so-widget-sow-editor so-widget-sow-editor-base"
			
		>
<div class="siteorigin-widget-tinymce textwidget">
	<p><span class="JsGRdQ">L’Atelier Théâtre a pour but d’apporter l’autonomie, que l'adolescent.e devienne « acteur » dans son apprentissage.</span></p>
<p>En utilisant le jeu, les jeunes de 10 à 14 ans acquièrent des outils leur permettant de s’affirmer et gagner en confiance sur scène, qui leur permettront également de travailler leur aisance personnelle.</p>
<p>Chaque apprentissage d’une nouvelle notion, est toujours jumelé avec un exercice de création. Nous travaillons : le ressenti corporel, intellectuel et le ressenti émotionnel - L'objectif de l'apprentissage est de permettre à l'élève de retransmettre et d'utiliser les notions apprises .</p>
<p>L’élève fabrique du théâtre avec les outils du langage théâtral appris en cours. Par exemple, savoir créer une petite scène, écrire un dialogue, proposer un exercice au groupe...Cet atelier se veut émancipateur.</p>
</div>
</div></div></div></div><div id="pg-8494-1"  class="panel-grid panel-no-style" ><div id="pgc-8494-1-0"  class="panel-grid-cell" ><div id="panel-8494-1-0-0" class="so-panel widget widget_sow-editor panel-first-child panel-last-child" data-index="7" ><div
			
			class="so-widget-sow-editor so-widget-sow-editor-base"
			
		><h3 class="widget-title">Le premier atelier est un essai obligatoire. A l'issue de cet atelier, l'inscription est définitive.</h3>
<div class="siteorigin-widget-tinymce textwidget">
	<p>Si vous ne souhaitez pas maintenir votre inscription, merci d'en prévenir l'équipe de L'Annexe.<br />
Pour qu'une pré-inscription soit prise en compte, le paiement par chèque doit-être remis en même temps que la fiche d'inscription. Le Paiement ne sera encaissé qu'à l'issue du cours d'essai.</p>
</div>
</div></div></div></div></div>

<p>Ouvert aux enfants de 10 à 13 ans Date et Horaire : Les lundis de 17h à 18h30 DEBUTANTS du 15 septembre au 25 juin Débutants (hors vacances scolaires et<span class="read-more-wrap"><a class="moretag" href="https://annexeromainville.com/index.php/atelier-theatre-ados/">Lire la suite<span class="screen-reader-text">(10-13 ans) THÉÂTRE ADOS</span></a></span></p>
