{"id":867,"date":"2017-03-16T16:19:35","date_gmt":"2017-03-16T15:19:35","guid":{"rendered":"http:\/\/annexedutraindevie.com\/?page_id=867"},"modified":"2017-03-16T16:20:03","modified_gmt":"2017-03-16T15:20:03","slug":"journal-dune-apparition","status":"publish","type":"page","link":"https:\/\/annexeromainville.com\/index.php\/journal-dune-apparition\/","title":{"rendered":"Journal d&#8217;une Apparition"},"content":{"rendered":"<p><a href=\"http:\/\/annexedutraindevie.com\/wp-content\/uploads\/2017\/03\/Desnos1440.jpeg\"><img loading=\"lazy\" class=\"aligncenter wp-image-868\" src=\"http:\/\/annexedutraindevie.com\/wp-content\/uploads\/2017\/03\/Desnos1440.jpeg\" alt=\"\" height=\"453\" width=\"452\"><\/a><\/p>\n<h3 style=\"text-align: center;\"><span style=\"color: #000000;\">Journal d&#8217;une Apparition<\/span><\/h3>\n<h3 style=\"text-align: center;\"><span style=\"color: #000000;\">Le samedi 24 avril 2017 \u00e0 20.00<\/span><\/h3>\n<p style=\"text-align: center;\"><span style=\"text-decoration: underline;\"><span style=\"color: #000000; text-decoration: underline;\">Composition et interpr\u00e9tation<\/span><\/span><br \/>\n<span style=\"color: #000000;\"> Serge Adam : voix, trompette, laptop<\/span><br \/>\n<span style=\"color: #000000;\"> Tania Pividori : voix<\/span><br \/>\n<span style=\"color: #000000;\"> Christelle S\u00e9ry : voix, guitares<\/span><\/p>\n<p><span style=\"color: #000000;\">Entre chansons et mati\u00e8res sonores, voix, trompette, guitares et laptop exaltent la fougue po\u00e9tique et surr\u00e9aliste de Robert Desnos.<\/span><\/p>\n<p><a href=\"http:\/\/www.quoideneufdocteur.fr\/enscene\/app\/apparition1.htm\">Site internet<\/a><\/p>\n","protected":false},"excerpt":{"rendered":"<p>Journal d&#8217;une Apparition Le samedi 24 avril 2017 \u00e0 20.00 Composition et interpr\u00e9tation Serge Adam : voix, trompette, laptop Tania Pividori : voix Christelle S\u00e9ry : voix, guitares Entre chansons<span class=\"read-more-wrap\"><a class=\"moretag\" href=\"https:\/\/annexeromainville.com\/index.php\/journal-dune-apparition\/\">Lire la suite<span class=\"screen-reader-text\">Journal d&#8217;une Apparition<\/span><\/a><\/span><\/p>\n","protected":false},"author":2,"featured_media":0,"parent":0,"menu_order":0,"comment_status":"closed","ping_status":"closed","template":"","meta":{"_bbp_topic_count":0,"_bbp_reply_count":0,"_bbp_total_topic_count":0,"_bbp_total_reply_count":0,"_bbp_voice_count":0,"_bbp_anonymous_reply_count":0,"_bbp_topic_count_hidden":0,"_bbp_reply_count_hidden":0,"_bbp_forum_subforum_count":0,"ngg_post_thumbnail":0},"_links":{"self":[{"href":"https:\/\/annexeromainville.com\/index.php\/wp-json\/wp\/v2\/pages\/867"}],"collection":[{"href":"https:\/\/annexeromainville.com\/index.php\/wp-json\/wp\/v2\/pages"}],"about":[{"href":"https:\/\/annexeromainville.com\/index.php\/wp-json\/wp\/v2\/types\/page"}],"author":[{"embeddable":true,"href":"https:\/\/annexeromainville.com\/index.php\/wp-json\/wp\/v2\/users\/2"}],"replies":[{"embeddable":true,"href":"https:\/\/annexeromainville.com\/index.php\/wp-json\/wp\/v2\/comments?post=867"}],"version-history":[{"count":2,"href":"https:\/\/annexeromainville.com\/index.php\/wp-json\/wp\/v2\/pages\/867\/revisions"}],"predecessor-version":[{"id":871,"href":"https:\/\/annexeromainville.com\/index.php\/wp-json\/wp\/v2\/pages\/867\/revisions\/871"}],"wp:attachment":[{"href":"https:\/\/annexeromainville.com\/index.php\/wp-json\/wp\/v2\/media?parent=867"}],"curies":[{"name":"wp","href":"https:\/\/api.w.org\/{rel}","templated":true}]}}