{"id":8926,"date":"2023-08-25T11:58:37","date_gmt":"2023-08-25T10:58:37","guid":{"rendered":"https:\/\/annexeromainville.com\/?page_id=8926"},"modified":"2024-03-05T10:39:46","modified_gmt":"2024-03-05T09:39:46","slug":"envoles","status":"publish","type":"page","link":"https:\/\/annexeromainville.com\/index.php\/envoles\/","title":{"rendered":"EN[VOL]\u00c9S"},"content":{"rendered":"<div id=\"pl-8926\"  class=\"panel-layout\" ><div id=\"pg-8926-0\"  class=\"panel-grid panel-no-style\" ><div id=\"pgc-8926-0-0\"  class=\"panel-grid-cell\" ><div id=\"panel-8926-0-0-0\" class=\"so-panel widget widget_sow-editor panel-first-child panel-last-child\" data-index=\"0\" ><div\n\t\t\t\n\t\t\tclass=\"so-widget-sow-editor so-widget-sow-editor-base\"\n\t\t\t\n\t\t>\n<div class=\"siteorigin-widget-tinymce textwidget\">\n\t<h1 style=\"text-align: center;\">\u00c9tape de travail - Th\u00e9\u00e2tre masques et marionnettes<\/h1>\n<h1 style=\"text-align: center;\"><span style=\"color: #800000;\"><strong>VENDREDI 15&nbsp; MARS \u00c0 15H<br \/>\n<\/strong><\/span><\/h1>\n<\/div>\n<\/div><\/div><\/div><\/div><div id=\"pg-8926-1\"  class=\"panel-grid panel-no-style\" ><div id=\"pgc-8926-1-0\"  class=\"panel-grid-cell\" ><div id=\"panel-8926-1-0-0\" class=\"so-panel widget widget_sow-image panel-first-child\" data-index=\"1\" ><div\n\t\t\t\n\t\t\tclass=\"so-widget-sow-image so-widget-sow-image-default-c67d20f9f743-8926\"\n\t\t\t\n\t\t>\n<div class=\"sow-image-container\">\n\t\t<img \n\tsrc=\"https:\/\/annexeromainville.com\/wp-content\/uploads\/2023\/12\/11-768x768.png\" width=\"730\" height=\"730\" srcset=\"https:\/\/annexeromainville.com\/wp-content\/uploads\/2023\/12\/11-768x768.png 768w, https:\/\/annexeromainville.com\/wp-content\/uploads\/2023\/12\/11-300x300.png 300w, https:\/\/annexeromainville.com\/wp-content\/uploads\/2023\/12\/11-1024x1024.png 1024w, https:\/\/annexeromainville.com\/wp-content\/uploads\/2023\/12\/11-150x150.png 150w, https:\/\/annexeromainville.com\/wp-content\/uploads\/2023\/12\/11.png 1080w\" sizes=\"(max-width: 730px) 100vw, 730px\" title=\"\u00e0 15h\" alt=\"\" loading=\"lazy\" \t\tclass=\"so-widget-image\"\/>\n\t<\/div>\n\n<\/div><\/div><div id=\"panel-8926-1-0-1\" class=\"so-panel widget widget_sow-image panel-last-child\" data-index=\"2\" ><div\n\t\t\t\n\t\t\tclass=\"so-widget-sow-image so-widget-sow-image-default-8b5b6f678277-8926\"\n\t\t\t\n\t\t>\n<div class=\"sow-image-container\">\n\t\t\t<a href=\"https:\/\/www.helloasso.com\/associations\/jetzt\/evenements\/en-vol-es-15-mars-a-15h?_ga=2.2825328.1147963739.1692599024-961816887.1662039883\"\n\t\t\t\t\t>\n\t\t\t<img \n\tsrc=\"https:\/\/annexeromainville.com\/wp-content\/uploads\/2023\/05\/billetterie.jpg\" width=\"1920\" height=\"250\" srcset=\"https:\/\/annexeromainville.com\/wp-content\/uploads\/2023\/05\/billetterie.jpg 1920w, https:\/\/annexeromainville.com\/wp-content\/uploads\/2023\/05\/billetterie-300x39.jpg 300w, https:\/\/annexeromainville.com\/wp-content\/uploads\/2023\/05\/billetterie-1024x133.jpg 1024w, https:\/\/annexeromainville.com\/wp-content\/uploads\/2023\/05\/billetterie-768x100.jpg 768w, https:\/\/annexeromainville.com\/wp-content\/uploads\/2023\/05\/billetterie-1536x200.jpg 1536w\" sizes=\"(max-width: 1920px) 100vw, 1920px\" alt=\"\" loading=\"lazy\" \t\tclass=\"so-widget-image\"\/>\n\t\t\t<\/a><\/div>\n\n<\/div><\/div><\/div><\/div><div id=\"pg-8926-2\"  class=\"panel-grid panel-no-style\" ><div id=\"pgc-8926-2-0\"  class=\"panel-grid-cell\" ><div id=\"panel-8926-2-0-0\" class=\"so-panel widget widget_sow-editor panel-first-child panel-last-child\" data-index=\"3\" ><div\n\t\t\t\n\t\t\tclass=\"so-widget-sow-editor so-widget-sow-editor-base\"\n\t\t\t\n\t\t>\n<div class=\"siteorigin-widget-tinymce textwidget\">\n\t<p><strong>Compa\u00f1ia PLANGERE<\/strong><br \/>\n<strong>Autrice &amp; Mise en sc\u00e8ne :<\/strong> Diana Siru<br \/>\n<strong>Cr\u00e9ation Sc\u00e9nique<\/strong> : Martha Romero<br \/>\n<strong>Cr\u00e9ation Sonore<\/strong> : Ben Reyes<br \/>\n<strong>Cr\u00e9ation Lumi\u00e8re<\/strong> : Laure Deazel<br \/>\n<strong>Avec :<\/strong> Maria Reyes-Perez, Pauline Loriferne, Diana Siru<\/p>\n<\/div>\n<\/div><\/div><\/div><\/div><div id=\"pg-8926-3\"  class=\"panel-grid panel-no-style\" ><div id=\"pgc-8926-3-0\"  class=\"panel-grid-cell\" ><div id=\"panel-8926-3-0-0\" class=\"so-panel widget widget_sow-editor panel-first-child panel-last-child\" data-index=\"4\" ><div\n\t\t\t\n\t\t\tclass=\"so-widget-sow-editor so-widget-sow-editor-base\"\n\t\t\t\n\t\t>\n<div class=\"siteorigin-widget-tinymce textwidget\">\n\t<p>Joaquina est heureuse. Elle est enceinte. Elle vend des fleurs dans la rue lorsqu\u2019elle apprend brutalement la mort de son<br \/>\nmari. Le jour de son accouchement, on lui annonce \u00e0 son r\u00e9veil que son enfant est d\u00e9c\u00e9d\u00e9. Elle ne l\u2019aura jamais vu. Plus les ann\u00e9es passent, plus elle doute de cette r\u00e9alit\u00e9. Des flashs remontent \u00e0 la surface, Joaquina a la certitude que son enfant est vivant.<\/p>\n<p><em>Un spectacle troublant et hyper sensible. Entre 1940 et 1980, de nombreux enfants originaires d\u2019Espagne et d\u2019Argentine ont \u00e9t\u00e9 enlev\u00e9s \u00e0 leur famille pour \u00eatre adopt\u00e9s en Europe ou en Am\u00e9rique.<\/em><\/p>\n<\/div>\n<\/div><\/div><\/div><\/div><\/div>","protected":false},"excerpt":{"rendered":"<p>\u00c9tape de travail &#8211; Th\u00e9\u00e2tre masques et marionnettes VENDREDI 15&nbsp; MARS \u00c0 15H<\/p>\n","protected":false},"author":2,"featured_media":0,"parent":0,"menu_order":0,"comment_status":"closed","ping_status":"closed","template":"","meta":{"_bbp_topic_count":0,"_bbp_reply_count":0,"_bbp_total_topic_count":0,"_bbp_total_reply_count":0,"_bbp_voice_count":0,"_bbp_anonymous_reply_count":0,"_bbp_topic_count_hidden":0,"_bbp_reply_count_hidden":0,"_bbp_forum_subforum_count":0,"ngg_post_thumbnail":0},"_links":{"self":[{"href":"https:\/\/annexeromainville.com\/index.php\/wp-json\/wp\/v2\/pages\/8926"}],"collection":[{"href":"https:\/\/annexeromainville.com\/index.php\/wp-json\/wp\/v2\/pages"}],"about":[{"href":"https:\/\/annexeromainville.com\/index.php\/wp-json\/wp\/v2\/types\/page"}],"author":[{"embeddable":true,"href":"https:\/\/annexeromainville.com\/index.php\/wp-json\/wp\/v2\/users\/2"}],"replies":[{"embeddable":true,"href":"https:\/\/annexeromainville.com\/index.php\/wp-json\/wp\/v2\/comments?post=8926"}],"version-history":[{"count":27,"href":"https:\/\/annexeromainville.com\/index.php\/wp-json\/wp\/v2\/pages\/8926\/revisions"}],"predecessor-version":[{"id":9552,"href":"https:\/\/annexeromainville.com\/index.php\/wp-json\/wp\/v2\/pages\/8926\/revisions\/9552"}],"wp:attachment":[{"href":"https:\/\/annexeromainville.com\/index.php\/wp-json\/wp\/v2\/media?parent=8926"}],"curies":[{"name":"wp","href":"https:\/\/api.w.org\/{rel}","templated":true}]}}

EN[VOL]ÉS

<div id="pl-8926"  class="panel-layout" ><div id="pg-8926-0"  class="panel-grid panel-no-style" ><div id="pgc-8926-0-0"  class="panel-grid-cell" ><div id="panel-8926-0-0-0" class="so-panel widget widget_sow-editor panel-first-child panel-last-child" data-index="0" ><div
			
			class="so-widget-sow-editor so-widget-sow-editor-base"
			
		>
<div class="siteorigin-widget-tinymce textwidget">
	<h1 style="text-align: center;">Étape de travail - Théâtre masques et marionnettes</h1>
<h1 style="text-align: center;"><span style="color: #800000;"><strong>VENDREDI 15&nbsp; MARS À 15H<br />
</strong></span></h1>
</div>
</div></div></div></div><div id="pg-8926-1"  class="panel-grid panel-no-style" ><div id="pgc-8926-1-0"  class="panel-grid-cell" ><div id="panel-8926-1-0-0" class="so-panel widget widget_sow-image panel-first-child" data-index="1" ><div
			
			class="so-widget-sow-image so-widget-sow-image-default-c67d20f9f743-8926"
			
		>
<div class="sow-image-container">
		<img 
	src="https://annexeromainville.com/wp-content/uploads/2023/12/11-768x768.png" width="730" height="730" srcset="https://annexeromainville.com/wp-content/uploads/2023/12/11-768x768.png 768w, https://annexeromainville.com/wp-content/uploads/2023/12/11-300x300.png 300w, https://annexeromainville.com/wp-content/uploads/2023/12/11-1024x1024.png 1024w, https://annexeromainville.com/wp-content/uploads/2023/12/11-150x150.png 150w, https://annexeromainville.com/wp-content/uploads/2023/12/11.png 1080w" sizes="(max-width: 730px) 100vw, 730px" title="à 15h" alt="" loading="lazy" 		class="so-widget-image"/>
	</div>

</div></div><div id="panel-8926-1-0-1" class="so-panel widget widget_sow-image panel-last-child" data-index="2" ><div
			
			class="so-widget-sow-image so-widget-sow-image-default-8b5b6f678277-8926"
			
		>
<div class="sow-image-container">
			<a href="https://www.helloasso.com/associations/jetzt/evenements/en-vol-es-15-mars-a-15h?_ga=2.2825328.1147963739.1692599024-961816887.1662039883"
					>
			<img 
	src="https://annexeromainville.com/wp-content/uploads/2023/05/billetterie.jpg" width="1920" height="250" srcset="https://annexeromainville.com/wp-content/uploads/2023/05/billetterie.jpg 1920w, https://annexeromainville.com/wp-content/uploads/2023/05/billetterie-300x39.jpg 300w, https://annexeromainville.com/wp-content/uploads/2023/05/billetterie-1024x133.jpg 1024w, https://annexeromainville.com/wp-content/uploads/2023/05/billetterie-768x100.jpg 768w, https://annexeromainville.com/wp-content/uploads/2023/05/billetterie-1536x200.jpg 1536w" sizes="(max-width: 1920px) 100vw, 1920px" alt="" loading="lazy" 		class="so-widget-image"/>
			</a></div>

</div></div></div></div><div id="pg-8926-2"  class="panel-grid panel-no-style" ><div id="pgc-8926-2-0"  class="panel-grid-cell" ><div id="panel-8926-2-0-0" class="so-panel widget widget_sow-editor panel-first-child panel-last-child" data-index="3" ><div
			
			class="so-widget-sow-editor so-widget-sow-editor-base"
			
		>
<div class="siteorigin-widget-tinymce textwidget">
	<p><strong>Compañia PLANGERE</strong><br />
<strong>Autrice &amp; Mise en scène :</strong> Diana Siru<br />
<strong>Création Scénique</strong> : Martha Romero<br />
<strong>Création Sonore</strong> : Ben Reyes<br />
<strong>Création Lumière</strong> : Laure Deazel<br />
<strong>Avec :</strong> Maria Reyes-Perez, Pauline Loriferne, Diana Siru</p>
</div>
</div></div></div></div><div id="pg-8926-3"  class="panel-grid panel-no-style" ><div id="pgc-8926-3-0"  class="panel-grid-cell" ><div id="panel-8926-3-0-0" class="so-panel widget widget_sow-editor panel-first-child panel-last-child" data-index="4" ><div
			
			class="so-widget-sow-editor so-widget-sow-editor-base"
			
		>
<div class="siteorigin-widget-tinymce textwidget">
	<p>Joaquina est heureuse. Elle est enceinte. Elle vend des fleurs dans la rue lorsqu’elle apprend brutalement la mort de son<br />
mari. Le jour de son accouchement, on lui annonce à son réveil que son enfant est décédé. Elle ne l’aura jamais vu. Plus les années passent, plus elle doute de cette réalité. Des flashs remontent à la surface, Joaquina a la certitude que son enfant est vivant.</p>
<p><em>Un spectacle troublant et hyper sensible. Entre 1940 et 1980, de nombreux enfants originaires d’Espagne et d’Argentine ont été enlevés à leur famille pour être adoptés en Europe ou en Amérique.</em></p>
</div>
</div></div></div></div></div>

<p>Étape de travail &#8211; Théâtre masques et marionnettes VENDREDI 15&nbsp; MARS À 15H</p>
