{"id":960,"date":"2017-05-18T12:10:06","date_gmt":"2017-05-18T11:10:06","guid":{"rendered":"http:\/\/annexedutraindevie.com\/?page_id=960"},"modified":"2017-05-29T09:13:41","modified_gmt":"2017-05-29T08:13:41","slug":"en-ce-temps-la-lamour","status":"publish","type":"page","link":"https:\/\/annexeromainville.com\/index.php\/en-ce-temps-la-lamour\/","title":{"rendered":"En ce temps l\u00e0, l&#8217;amour&#8230;"},"content":{"rendered":"<p><a href=\"http:\/\/annexedutraindevie.com\/wp-content\/uploads\/2017\/05\/LamourAffiche-neutre.jpeg\"><img loading=\"lazy\" class=\"aligncenter  wp-image-977\" src=\"http:\/\/annexedutraindevie.com\/wp-content\/uploads\/2017\/05\/LamourAffiche-neutre.jpeg\" alt=\"\" width=\"370\" height=\"555\" srcset=\"https:\/\/annexeromainville.com\/wp-content\/uploads\/2017\/05\/LamourAffiche-neutre.jpeg 427w, https:\/\/annexeromainville.com\/wp-content\/uploads\/2017\/05\/LamourAffiche-neutre-200x300.jpeg 200w, https:\/\/annexeromainville.com\/wp-content\/uploads\/2017\/05\/LamourAffiche-neutre-400x600.jpeg 400w\" sizes=\"(max-width: 370px) 100vw, 370px\" \/><\/a><\/p>\n<h3 style=\"text-align: center;\"><span style=\"color: #000000;\">EN CE TEMPS-LA, L&#8217;AMOUR&#8230;<\/span><br \/>\n<span style=\"color: #000000;\"> de Gilles S\u00e9gal<\/span><br \/>\n<span style=\"color: #000000;\"> (Texte \u00e9dit\u00e9 chez Lansman)<\/span><\/h3>\n<h4 style=\"text-align: center;\"><span style=\"color: #000000;\">Mise en sc\u00e8ne et interpr\u00e9tation<\/span><br \/>\n<span style=\"color: #000000;\"> Pierre-Yves Desmonceaux<\/span><\/h4>\n<p style=\"text-align: center;\"><strong><span style=\"color: #000000;\">Les vendredi 16 et 23 juin \u00e0 20h<\/span><\/strong><br \/>\n<strong> <span style=\"color: #000000;\"> Les samedi 17 et 24 juin \u00e0 20h<\/span><\/strong><br \/>\n<span style=\"color: #000000;\"> Tout public, \u00e0 partir de 12 ans<br \/>\n<\/span><\/p>\n<p style=\"text-align: center;\"><span style=\"color: #000000;\">Dur\u00e9e du spectacle : 1h00<\/span><\/p>\n<p style=\"text-align: justify;\"><span style=\"color: #000000;\">Un homme qui a \u00e9t\u00e9 envoy\u00e9 \u00e0 Auschwitz parce que juif, a surv\u00e9cu, est revenu, mais n\u2019a rien dit. Ses enfants n\u2019\u00e9taient pas du voyage.<\/span><br \/>\n<span style=\"color: #000000;\"> \u00ab En ce temps-l\u00e0, l\u2019amour \u00e9tait de chasser ses enfants \u00bb.<\/span><br \/>\n<span style=\"color: #000000;\"> Des ann\u00e9es plus tard il va subitement d\u00e9cider d\u2019envoyer \u00e0 son fils, qui est en Am\u00e9rique, le r\u00e9cit des 7 jours dans le train pour le camp. Il ne s\u2019agit pas de raconter l\u2019horreur de cette p\u00e9riode. Cet homme veut transmettre une chose tr\u00e8s pr\u00e9cise : un p\u00e8re de 39 ans continuant dans le wagon l\u2019enseignement du fran\u00e7ais, des maths, de Mozart, de Spinoza, de l\u2019amour et du mariage\u2026 \u00e0 son fils de 12 ans. En somme tout ce qui devrait remplir la vie d\u2019un homme dans sa dur\u00e9e normale.<\/span><br \/>\n<span style=\"color: #000000;\"> Tout cela au milieu des autres qui veulent les faire taire, se battent, crient ou prient, entassent les morts pour faire de la place aux vivants.<\/span><br \/>\n<span style=\"color: #000000;\"> \u00ab Mon fils, ces gens crient si fort parce qu\u2019ils ne veulent pas que tu entendes mes raisons et que tu devrais \u00eatre capable de trouver la r\u00e9ponse tout seul ! dit-il en souriant. En souriant ! En ce temps-l\u00e0, l\u2019amour \u00e9tait de mentir aux enfants. \u00bb<\/span><br \/>\n<span style=\"color: #000000;\"> A un moment, la soif sera telle que le p\u00e8re va donner \u00e0 son fils le cachet qui lui \u00e9vitera d\u2019avoir \u00e0 subir la vie du camp.<\/span><br \/>\n<span style=\"color: #000000;\"> \u00ab Mais, est-ce qu\u2019en ce temps-l\u00e0, l\u2019amour \u00e9tait de tuer son enfant ? \u00bb<\/span><br \/>\n<span style=\"color: #000000;\"> On apprendra aussi pourquoi le narrateur a d\u00e9cid\u00e9 \u00e0 ce moment-l\u00e0, et seulement \u00e0 ce moment-l\u00e0, d\u2019envoyer ce r\u00e9cit \u00e0 son fils.<\/span><\/p>\n<p style=\"text-align: justify;\"><span style=\"text-decoration: underline;\"><strong><span style=\"color: #000000; text-decoration: underline;\">Note d\u2019intention :<\/span><\/strong><\/span><br \/>\n<span style=\"color: #000000;\"> \u00ab En ce temps-l\u00e0, l\u2019amour\u2026 \u00bb se r\u00e9v\u00e8le un r\u00e9cit profond o\u00f9 s\u2019entrem\u00ealent les notions de devoir de m\u00e9moire et de transmission.<\/span><br \/>\n<span style=\"color: #000000;\"> Une mise en ab\u00eeme appara\u00eet tr\u00e8s vite : le p\u00e8re qui enseigne au fils dans le wagon qui les m\u00e8ne \u00e0 Auschwitz, le narrateur qui raconte \u00e0 son propre fils ce souvenir, le com\u00e9dien qui raconte au public. Ce spectacle ne traite pas seulement du th\u00e8me de la transmission, il cherche en direct \u00e0 transmettre. Et ce lien que le com\u00e9dien cr\u00e9e avec son public est ce qui fait la caract\u00e9ristique la plus forte et la plus profonde de ce spectacle.<\/span><br \/>\n<span style=\"color: #000000;\"> \u00ab Etre com\u00e9dien, faire cette rencontre et ne pas transmettre me para\u00eet contraire \u00e0 la vie. L\u2019engagement n\u2019est pas que sur le fond, il y a aussi la forme, l\u2019\u00e9criture qui est superbe et qui, \u00e0 chaque page, nous cueille, nous embarque, comme dans de nouvelles aventures, nous \u00e9vitant tout pathos. Sans pour autant faire l\u2019\u00e9conomie de dire ce qui doit \u00eatre dit. \u00bb<\/span><\/p>\n<p style=\"text-align: right;\"><span style=\"color: #000000;\"> Pierre-Yves Desmonceaux<\/span><\/p>\n<hr>\n<p><span style=\"color: #000000;\"><strong><a href=\"http:\/\/annexedutraindevie.com\/wp-content\/uploads\/2017\/05\/media.jpg\"><img loading=\"lazy\" class=\"wp-image-962 alignleft\" src=\"http:\/\/annexedutraindevie.com\/wp-content\/uploads\/2017\/05\/media.jpg\" alt=\"\" width=\"143\" height=\"178\" srcset=\"https:\/\/annexeromainville.com\/wp-content\/uploads\/2017\/05\/media.jpg 821w, https:\/\/annexeromainville.com\/wp-content\/uploads\/2017\/05\/media-241x300.jpg 241w, https:\/\/annexeromainville.com\/wp-content\/uploads\/2017\/05\/media-768x957.jpg 768w, https:\/\/annexeromainville.com\/wp-content\/uploads\/2017\/05\/media-482x600.jpg 482w\" sizes=\"(max-width: 143px) 100vw, 143px\" \/><\/a>Gilles S\u00e9gal<\/strong>, l\u2019auteur<\/span><br \/>\n<span style=\"color: #000000;\"> Gilles S\u00e9gal n\u00e9 en 1932 en Roumanie arrive en France peu avant la Seconde guerre mondiale. Il est d\u2019abord mime puis com\u00e9dien et auteur.<\/span><br \/>\n<span style=\"color: #000000;\"> Apr\u00e8s des \u00e9tudes de philosophie, il travaille avec Marcel Marceau et Jean-Louis Barrault, puis pour le cin\u00e9ma et la t\u00e9l\u00e9vision.<\/span><br \/>\n<span style=\"color: #000000;\"> Il obtient respectivement en 1995 le prix SACD et en 1996 deux Moli\u00e8res pour Monsieur Schpill et monsieur Tippeton. Il \u00e9crit \u00e9galement le Marionnettiste de Lodz etc\u2026<\/span><br \/>\n<span style=\"color: #000000;\"> La pi\u00e8ce En ce temps-l\u00e0, l\u2019amour\u2026 est publi\u00e9 chez Lansman et cr\u00e9\u00e9e par l\u2019auteur en 2001 .<\/span><br \/>\n<span style=\"color: #000000;\"> Gilles S\u00e9gal est mort le 11 juin 2014.<\/span><\/p>\n<hr>\n<p style=\"text-align: justify;\"><strong><span style=\"color: #000000;\"><a href=\"http:\/\/annexedutraindevie.com\/wp-content\/uploads\/2017\/05\/photo-7655.jpg\"><img loading=\"lazy\" class=\" wp-image-963 alignright\" src=\"http:\/\/annexedutraindevie.com\/wp-content\/uploads\/2017\/05\/photo-7655.jpg\" alt=\"\" width=\"222\" height=\"315\" srcset=\"https:\/\/annexeromainville.com\/wp-content\/uploads\/2017\/05\/photo-7655.jpg 282w, https:\/\/annexeromainville.com\/wp-content\/uploads\/2017\/05\/photo-7655-212x300.jpg 212w\" sizes=\"(max-width: 222px) 100vw, 222px\" \/><\/a>Pierre-Yves DESMONCEAUX<\/span><\/strong><span style=\"color: #000000;\">, com\u00e9dien<\/span><br \/>\n<span style=\"color: #000000;\"> Pierre-Yves DESMONCEAUX d\u00e9bute \u00e0 Lyon avec Philippe Faure et ce qui deviendra le Th\u00e9\u00e2tre de la Croix-Rousse.<\/span><br \/>\n<span style=\"color: #000000;\"> A jou\u00e9 des auteurs classiques et contemporains (S\u00e9n\u00e8que, Shakespeare, Marivaux, Turrini, Strinberg, Kroetz, Bond, Grumberg, Dubillard etc\u2026 etc\u2026) sous la direction, entre autres, de Roger Planchon (<em>Athalie<\/em> \/ <em>Dom Juan<\/em> \/ <em>\u2026O\u00f9 boivent les vaches<\/em>), <\/span><span style=\"color: #000000;\">J-L. Martin-Barbaz (<em>Jules-C\u00e9sar<\/em>), Arlette T\u00e9phany (<em>La col\u00e8re d&#8217;Achille<\/em>, <em>1000F de r\u00e9compense<\/em>, <em>L&#8217;Iliade<\/em>), C. Joris (<em>Le Triomphe de l\u2019Amour<\/em>) , J.C. Gall (<em>Iphig\u00e9nie<\/em>)<\/span><br \/>\n<span style=\"color: #000000;\"> Cl. Stavisky (<em>Mardi, Comme tu me veux<\/em>), M.A Sanz (<em>\u00c9l\u00e9ments moins performants<\/em>, <em>Enfer et Damnation<\/em>, <em>Terres mortes<\/em>) Sylvain Maurice (<em>Thyeste<\/em>, <em>Macbeth<\/em>), Colette Froidefont (<em>Au Pont de Pope Lick<\/em>), Cendre Chassanne (<em>Ma\u00eetres anciens-Com\u00e9die<\/em>)\u2026.<\/span><\/p>\n<p style=\"text-align: justify;\"><span style=\"color: #000000;\">Se met en sc\u00e8ne dans <em>En ce temps-l\u00e0, l\u2019amour\u2026<\/em> de Gilles S\u00e9gal.<\/span><br \/>\n<span style=\"color: #000000;\"> Il fait partie du collectif A Mots D\u00e9couverts qui accompagne les auteurs qui le souhaitent dans un travail de red\u00e9marrage quand ils se sentent bloqu\u00e9s et enregistre des dramatiques \u00e0 France-Culture et France-inter.<\/span><\/p>\n","protected":false},"excerpt":{"rendered":"<p>EN CE TEMPS-LA, L&#8217;AMOUR&#8230; de Gilles S\u00e9gal (Texte \u00e9dit\u00e9 chez Lansman) Mise en sc\u00e8ne et interpr\u00e9tation Pierre-Yves Desmonceaux Les vendredi 16 et 23 juin \u00e0 20h Les samedi 17 et<span class=\"read-more-wrap\"><a class=\"moretag\" href=\"https:\/\/annexeromainville.com\/index.php\/en-ce-temps-la-lamour\/\">Lire la suite<span class=\"screen-reader-text\">En ce temps l\u00e0, l&#8217;amour&#8230;<\/span><\/a><\/span><\/p>\n","protected":false},"author":2,"featured_media":0,"parent":0,"menu_order":0,"comment_status":"closed","ping_status":"closed","template":"","meta":{"_bbp_topic_count":0,"_bbp_reply_count":0,"_bbp_total_topic_count":0,"_bbp_total_reply_count":0,"_bbp_voice_count":0,"_bbp_anonymous_reply_count":0,"_bbp_topic_count_hidden":0,"_bbp_reply_count_hidden":0,"_bbp_forum_subforum_count":0,"ngg_post_thumbnail":0},"_links":{"self":[{"href":"https:\/\/annexeromainville.com\/index.php\/wp-json\/wp\/v2\/pages\/960"}],"collection":[{"href":"https:\/\/annexeromainville.com\/index.php\/wp-json\/wp\/v2\/pages"}],"about":[{"href":"https:\/\/annexeromainville.com\/index.php\/wp-json\/wp\/v2\/types\/page"}],"author":[{"embeddable":true,"href":"https:\/\/annexeromainville.com\/index.php\/wp-json\/wp\/v2\/users\/2"}],"replies":[{"embeddable":true,"href":"https:\/\/annexeromainville.com\/index.php\/wp-json\/wp\/v2\/comments?post=960"}],"version-history":[{"count":3,"href":"https:\/\/annexeromainville.com\/index.php\/wp-json\/wp\/v2\/pages\/960\/revisions"}],"predecessor-version":[{"id":978,"href":"https:\/\/annexeromainville.com\/index.php\/wp-json\/wp\/v2\/pages\/960\/revisions\/978"}],"wp:attachment":[{"href":"https:\/\/annexeromainville.com\/index.php\/wp-json\/wp\/v2\/media?parent=960"}],"curies":[{"name":"wp","href":"https:\/\/api.w.org\/{rel}","templated":true}]}}

En ce temps là, l&#8217;amour&#8230;

<p><a href="http://annexedutraindevie.com/wp-content/uploads/2017/05/LamourAffiche-neutre.jpeg"><img loading="lazy" class="aligncenter  wp-image-977" src="http://annexedutraindevie.com/wp-content/uploads/2017/05/LamourAffiche-neutre.jpeg" alt="" width="370" height="555" srcset="https://annexeromainville.com/wp-content/uploads/2017/05/LamourAffiche-neutre.jpeg 427w, https://annexeromainville.com/wp-content/uploads/2017/05/LamourAffiche-neutre-200x300.jpeg 200w, https://annexeromainville.com/wp-content/uploads/2017/05/LamourAffiche-neutre-400x600.jpeg 400w" sizes="(max-width: 370px) 100vw, 370px" /></a></p>
<h3 style="text-align: center;"><span style="color: #000000;">EN CE TEMPS-LA, L&#8217;AMOUR&#8230;</span><br />
<span style="color: #000000;"> de Gilles Ségal</span><br />
<span style="color: #000000;"> (Texte édité chez Lansman)</span></h3>
<h4 style="text-align: center;"><span style="color: #000000;">Mise en scène et interprétation</span><br />
<span style="color: #000000;"> Pierre-Yves Desmonceaux</span></h4>
<p style="text-align: center;"><strong><span style="color: #000000;">Les vendredi 16 et 23 juin à 20h</span></strong><br />
<strong> <span style="color: #000000;"> Les samedi 17 et 24 juin à 20h</span></strong><br />
<span style="color: #000000;"> Tout public, à partir de 12 ans<br />
</span></p>
<p style="text-align: center;"><span style="color: #000000;">Durée du spectacle : 1h00</span></p>
<p style="text-align: justify;"><span style="color: #000000;">Un homme qui a été envoyé à Auschwitz parce que juif, a survécu, est revenu, mais n’a rien dit. Ses enfants n’étaient pas du voyage.</span><br />
<span style="color: #000000;"> « En ce temps-là, l’amour était de chasser ses enfants ».</span><br />
<span style="color: #000000;"> Des années plus tard il va subitement décider d’envoyer à son fils, qui est en Amérique, le récit des 7 jours dans le train pour le camp. Il ne s’agit pas de raconter l’horreur de cette période. Cet homme veut transmettre une chose très précise : un père de 39 ans continuant dans le wagon l’enseignement du français, des maths, de Mozart, de Spinoza, de l’amour et du mariage… à son fils de 12 ans. En somme tout ce qui devrait remplir la vie d’un homme dans sa durée normale.</span><br />
<span style="color: #000000;"> Tout cela au milieu des autres qui veulent les faire taire, se battent, crient ou prient, entassent les morts pour faire de la place aux vivants.</span><br />
<span style="color: #000000;"> « Mon fils, ces gens crient si fort parce qu’ils ne veulent pas que tu entendes mes raisons et que tu devrais être capable de trouver la réponse tout seul ! dit-il en souriant. En souriant ! En ce temps-là, l’amour était de mentir aux enfants. »</span><br />
<span style="color: #000000;"> A un moment, la soif sera telle que le père va donner à son fils le cachet qui lui évitera d’avoir à subir la vie du camp.</span><br />
<span style="color: #000000;"> « Mais, est-ce qu’en ce temps-là, l’amour était de tuer son enfant ? »</span><br />
<span style="color: #000000;"> On apprendra aussi pourquoi le narrateur a décidé à ce moment-là, et seulement à ce moment-là, d’envoyer ce récit à son fils.</span></p>
<p style="text-align: justify;"><span style="text-decoration: underline;"><strong><span style="color: #000000; text-decoration: underline;">Note d’intention :</span></strong></span><br />
<span style="color: #000000;"> « En ce temps-là, l’amour… » se révèle un récit profond où s’entremêlent les notions de devoir de mémoire et de transmission.</span><br />
<span style="color: #000000;"> Une mise en abîme apparaît très vite : le père qui enseigne au fils dans le wagon qui les mène à Auschwitz, le narrateur qui raconte à son propre fils ce souvenir, le comédien qui raconte au public. Ce spectacle ne traite pas seulement du thème de la transmission, il cherche en direct à transmettre. Et ce lien que le comédien crée avec son public est ce qui fait la caractéristique la plus forte et la plus profonde de ce spectacle.</span><br />
<span style="color: #000000;"> « Etre comédien, faire cette rencontre et ne pas transmettre me paraît contraire à la vie. L’engagement n’est pas que sur le fond, il y a aussi la forme, l’écriture qui est superbe et qui, à chaque page, nous cueille, nous embarque, comme dans de nouvelles aventures, nous évitant tout pathos. Sans pour autant faire l’économie de dire ce qui doit être dit. »</span></p>
<p style="text-align: right;"><span style="color: #000000;"> Pierre-Yves Desmonceaux</span></p>
<hr>
<p><span style="color: #000000;"><strong><a href="http://annexedutraindevie.com/wp-content/uploads/2017/05/media.jpg"><img loading="lazy" class="wp-image-962 alignleft" src="http://annexedutraindevie.com/wp-content/uploads/2017/05/media.jpg" alt="" width="143" height="178" srcset="https://annexeromainville.com/wp-content/uploads/2017/05/media.jpg 821w, https://annexeromainville.com/wp-content/uploads/2017/05/media-241x300.jpg 241w, https://annexeromainville.com/wp-content/uploads/2017/05/media-768x957.jpg 768w, https://annexeromainville.com/wp-content/uploads/2017/05/media-482x600.jpg 482w" sizes="(max-width: 143px) 100vw, 143px" /></a>Gilles Ségal</strong>, l’auteur</span><br />
<span style="color: #000000;"> Gilles Ségal né en 1932 en Roumanie arrive en France peu avant la Seconde guerre mondiale. Il est d’abord mime puis comédien et auteur.</span><br />
<span style="color: #000000;"> Après des études de philosophie, il travaille avec Marcel Marceau et Jean-Louis Barrault, puis pour le cinéma et la télévision.</span><br />
<span style="color: #000000;"> Il obtient respectivement en 1995 le prix SACD et en 1996 deux Molières pour Monsieur Schpill et monsieur Tippeton. Il écrit également le Marionnettiste de Lodz etc…</span><br />
<span style="color: #000000;"> La pièce En ce temps-là, l’amour… est publié chez Lansman et créée par l’auteur en 2001 .</span><br />
<span style="color: #000000;"> Gilles Ségal est mort le 11 juin 2014.</span></p>
<hr>
<p style="text-align: justify;"><strong><span style="color: #000000;"><a href="http://annexedutraindevie.com/wp-content/uploads/2017/05/photo-7655.jpg"><img loading="lazy" class=" wp-image-963 alignright" src="http://annexedutraindevie.com/wp-content/uploads/2017/05/photo-7655.jpg" alt="" width="222" height="315" srcset="https://annexeromainville.com/wp-content/uploads/2017/05/photo-7655.jpg 282w, https://annexeromainville.com/wp-content/uploads/2017/05/photo-7655-212x300.jpg 212w" sizes="(max-width: 222px) 100vw, 222px" /></a>Pierre-Yves DESMONCEAUX</span></strong><span style="color: #000000;">, comédien</span><br />
<span style="color: #000000;"> Pierre-Yves DESMONCEAUX débute à Lyon avec Philippe Faure et ce qui deviendra le Théâtre de la Croix-Rousse.</span><br />
<span style="color: #000000;"> A joué des auteurs classiques et contemporains (Sénèque, Shakespeare, Marivaux, Turrini, Strinberg, Kroetz, Bond, Grumberg, Dubillard etc… etc…) sous la direction, entre autres, de Roger Planchon (<em>Athalie</em> / <em>Dom Juan</em> / <em>…Où boivent les vaches</em>), </span><span style="color: #000000;">J-L. Martin-Barbaz (<em>Jules-César</em>), Arlette Téphany (<em>La colère d&#8217;Achille</em>, <em>1000F de récompense</em>, <em>L&#8217;Iliade</em>), C. Joris (<em>Le Triomphe de l’Amour</em>) , J.C. Gall (<em>Iphigénie</em>)</span><br />
<span style="color: #000000;"> Cl. Stavisky (<em>Mardi, Comme tu me veux</em>), M.A Sanz (<em>Éléments moins performants</em>, <em>Enfer et Damnation</em>, <em>Terres mortes</em>) Sylvain Maurice (<em>Thyeste</em>, <em>Macbeth</em>), Colette Froidefont (<em>Au Pont de Pope Lick</em>), Cendre Chassanne (<em>Maîtres anciens-Comédie</em>)….</span></p>
<p style="text-align: justify;"><span style="color: #000000;">Se met en scène dans <em>En ce temps-là, l’amour…</em> de Gilles Ségal.</span><br />
<span style="color: #000000;"> Il fait partie du collectif A Mots Découverts qui accompagne les auteurs qui le souhaitent dans un travail de redémarrage quand ils se sentent bloqués et enregistre des dramatiques à France-Culture et France-inter.</span></p>

<p>EN CE TEMPS-LA, L&#8217;AMOUR&#8230; de Gilles Ségal (Texte édité chez Lansman) Mise en scène et interprétation Pierre-Yves Desmonceaux Les vendredi 16 et 23 juin à 20h Les samedi 17 et<span class="read-more-wrap"><a class="moretag" href="https://annexeromainville.com/index.php/en-ce-temps-la-lamour/">Lire la suite<span class="screen-reader-text">En ce temps là, l&#8217;amour&#8230;</span></a></span></p>
