{"id":9764,"date":"2024-06-05T13:43:17","date_gmt":"2024-06-05T12:43:17","guid":{"rendered":"https:\/\/annexeromainville.com\/?page_id=9764"},"modified":"2026-03-19T15:19:19","modified_gmt":"2026-03-19T14:19:19","slug":"les-stages-24-25","status":"publish","type":"page","link":"https:\/\/annexeromainville.com\/index.php\/les-stages-24-25\/","title":{"rendered":"LES STAGES 25-26"},"content":{"rendered":"<div id=\"pl-9764\"  class=\"panel-layout\" ><div id=\"pg-9764-0\"  class=\"panel-grid panel-no-style\" ><div id=\"pgc-9764-0-0\"  class=\"panel-grid-cell\" ><div id=\"panel-9764-0-0-0\" class=\"so-panel widget widget_sow-editor panel-first-child panel-last-child\" data-index=\"0\" ><div\n\t\t\t\n\t\t\tclass=\"so-widget-sow-editor so-widget-sow-editor-base\"\n\t\t\t\n\t\t>\n<div class=\"siteorigin-widget-tinymce textwidget\">\n\t<h1 style=\"text-align: center;\"><strong><span style=\"color: #000000;\">VACANCES DE PRINTEMPS<\/span><\/strong><\/h1>\n<\/div>\n<\/div><\/div><\/div><\/div><div id=\"pg-9764-1\"  class=\"panel-grid panel-no-style\" ><div id=\"pgc-9764-1-0\"  class=\"panel-grid-cell\" ><div id=\"panel-9764-1-0-0\" class=\"so-panel widget widget_sow-image panel-first-child\" data-index=\"1\" ><div\n\t\t\t\n\t\t\tclass=\"so-widget-sow-image so-widget-sow-image-default-8b5b6f678277-9764\"\n\t\t\t\n\t\t>\n<div class=\"sow-image-container\">\n\t\t\t<a href=\"https:\/\/www.helloasso.com\/associations\/jetzt\/evenements\/stage-20-et-21-arvil-2026-cree-ton-spectacle\"\n\t\t\ttarget=\"_blank\" rel=\"noopener noreferrer\" \t\t>\n\t\t\t<img \n\tsrc=\"https:\/\/annexeromainville.com\/wp-content\/uploads\/2026\/03\/1.png\" width=\"1080\" height=\"1080\" srcset=\"https:\/\/annexeromainville.com\/wp-content\/uploads\/2026\/03\/1.png 1080w, https:\/\/annexeromainville.com\/wp-content\/uploads\/2026\/03\/1-300x300.png 300w, https:\/\/annexeromainville.com\/wp-content\/uploads\/2026\/03\/1-1024x1024.png 1024w, https:\/\/annexeromainville.com\/wp-content\/uploads\/2026\/03\/1-150x150.png 150w, https:\/\/annexeromainville.com\/wp-content\/uploads\/2026\/03\/1-768x768.png 768w\" sizes=\"(max-width: 1080px) 100vw, 1080px\" title=\"Cr\u00e9e ton spectacle\" alt=\"\" loading=\"lazy\" \t\tclass=\"so-widget-image\"\/>\n\t\t\t<\/a><\/div>\n\n<\/div><\/div><div id=\"panel-9764-1-0-1\" class=\"so-panel widget widget_sow-image panel-last-child\" data-index=\"2\" ><div\n\t\t\t\n\t\t\tclass=\"so-widget-sow-image so-widget-sow-image-default-8b5b6f678277-9764\"\n\t\t\t\n\t\t>\n<div class=\"sow-image-container\">\n\t\t\t<a href=\"https:\/\/www.helloasso.com\/associations\/jetzt\/evenements\/stage-27-28-et-29-arvil-2026-tous-mes-jouets-ont-une-histoire\"\n\t\t\ttarget=\"_blank\" rel=\"noopener noreferrer\" \t\t>\n\t\t\t<img \n\tsrc=\"https:\/\/annexeromainville.com\/wp-content\/uploads\/2026\/03\/3-1.png\" width=\"1080\" height=\"1080\" srcset=\"https:\/\/annexeromainville.com\/wp-content\/uploads\/2026\/03\/3-1.png 1080w, https:\/\/annexeromainville.com\/wp-content\/uploads\/2026\/03\/3-1-300x300.png 300w, https:\/\/annexeromainville.com\/wp-content\/uploads\/2026\/03\/3-1-1024x1024.png 1024w, https:\/\/annexeromainville.com\/wp-content\/uploads\/2026\/03\/3-1-150x150.png 150w, https:\/\/annexeromainville.com\/wp-content\/uploads\/2026\/03\/3-1-768x768.png 768w\" sizes=\"(max-width: 1080px) 100vw, 1080px\" title=\"Mes jouets ont une histoire\" alt=\"\" loading=\"lazy\" \t\tclass=\"so-widget-image\"\/>\n\t\t\t<\/a><\/div>\n\n<\/div><\/div><\/div><div id=\"pgc-9764-1-1\"  class=\"panel-grid-cell\" ><div id=\"panel-9764-1-1-0\" class=\"so-panel widget widget_sow-image panel-first-child\" data-index=\"3\" ><div\n\t\t\t\n\t\t\tclass=\"so-widget-sow-image so-widget-sow-image-default-8b5b6f678277-9764\"\n\t\t\t\n\t\t>\n<div class=\"sow-image-container\">\n\t\t\t<a href=\"https:\/\/www.helloasso.com\/associations\/jetzt\/evenements\/stage-23-et-24-arvil-2026-jouer-et-improviser\"\n\t\t\ttarget=\"_blank\" rel=\"noopener noreferrer\" \t\t>\n\t\t\t<img \n\tsrc=\"https:\/\/annexeromainville.com\/wp-content\/uploads\/2026\/03\/2-1.png\" width=\"1080\" height=\"1080\" srcset=\"https:\/\/annexeromainville.com\/wp-content\/uploads\/2026\/03\/2-1.png 1080w, https:\/\/annexeromainville.com\/wp-content\/uploads\/2026\/03\/2-1-300x300.png 300w, https:\/\/annexeromainville.com\/wp-content\/uploads\/2026\/03\/2-1-1024x1024.png 1024w, https:\/\/annexeromainville.com\/wp-content\/uploads\/2026\/03\/2-1-150x150.png 150w, https:\/\/annexeromainville.com\/wp-content\/uploads\/2026\/03\/2-1-768x768.png 768w\" sizes=\"(max-width: 1080px) 100vw, 1080px\" title=\"Jouer et Improviser\" alt=\"\" loading=\"lazy\" \t\tclass=\"so-widget-image\"\/>\n\t\t\t<\/a><\/div>\n\n<\/div><\/div><div id=\"panel-9764-1-1-1\" class=\"so-panel widget widget_sow-image panel-last-child\" data-index=\"4\" ><div\n\t\t\t\n\t\t\tclass=\"so-widget-sow-image so-widget-sow-image-default-8b5b6f678277-9764\"\n\t\t\t\n\t\t>\n<div class=\"sow-image-container\">\n\t\t\t<a href=\"https:\/\/www.helloasso.com\/associations\/jetzt\/evenements\/stage-6-et-7-juillet-2026-jouer-avec-les-expresssions\"\n\t\t\ttarget=\"_blank\" rel=\"noopener noreferrer\" \t\t>\n\t\t\t<img \n\tsrc=\"https:\/\/annexeromainville.com\/wp-content\/uploads\/2026\/03\/4-1.png\" width=\"1080\" height=\"1080\" srcset=\"https:\/\/annexeromainville.com\/wp-content\/uploads\/2026\/03\/4-1.png 1080w, https:\/\/annexeromainville.com\/wp-content\/uploads\/2026\/03\/4-1-300x300.png 300w, https:\/\/annexeromainville.com\/wp-content\/uploads\/2026\/03\/4-1-1024x1024.png 1024w, https:\/\/annexeromainville.com\/wp-content\/uploads\/2026\/03\/4-1-150x150.png 150w, https:\/\/annexeromainville.com\/wp-content\/uploads\/2026\/03\/4-1-768x768.png 768w\" sizes=\"(max-width: 1080px) 100vw, 1080px\" title=\"ETE !!\" alt=\"\" loading=\"lazy\" \t\tclass=\"so-widget-image\"\/>\n\t\t\t<\/a><\/div>\n\n<\/div><\/div><\/div><\/div><div id=\"pg-9764-2\"  class=\"panel-grid panel-no-style\" ><div id=\"pgc-9764-2-0\"  class=\"panel-grid-cell panel-grid-cell-empty\" ><\/div><div id=\"pgc-9764-2-1\"  class=\"panel-grid-cell panel-grid-cell-mobile-last\" ><div id=\"panel-9764-2-1-0\" class=\"so-panel widget widget_sow-headline panel-first-child panel-last-child\" data-index=\"5\" ><div\n\t\t\t\n\t\t\tclass=\"so-widget-sow-headline so-widget-sow-headline-default-ec1eb4cebc48-9764\"\n\t\t\t\n\t\t><div class=\"sow-headline-container \">\n\t\t\t\t\t\t\t<h2 class=\"sow-headline\">\n\t\t\t\t\t\tLes stages d\u00e9j\u00e0 pass\u00e9s\t\t\t\t\t\t<\/h2>\n\t\t\t\t\t\t\t\t\t\t\t<div class=\"decoration\">\n\t\t\t\t\t\t<div class=\"decoration-inside\"><\/div>\n\t\t\t\t\t<\/div>\n\t\t\t\t\t<\/div>\n<\/div><\/div><\/div><div id=\"pgc-9764-2-2\"  class=\"panel-grid-cell panel-grid-cell-empty\" ><\/div><\/div><div id=\"pg-9764-3\"  class=\"panel-grid panel-no-style\" ><div id=\"pgc-9764-3-0\"  class=\"panel-grid-cell panel-grid-cell-empty\" ><\/div><div id=\"pgc-9764-3-1\"  class=\"panel-grid-cell panel-grid-cell-mobile-last\" ><div id=\"panel-9764-3-1-0\" class=\"so-panel widget widget_sow-slider panel-first-child panel-last-child\" data-index=\"6\" ><div\n\t\t\t\n\t\t\tclass=\"so-widget-sow-slider so-widget-sow-slider-default-6eaf1deaade9-9764\"\n\t\t\t\n\t\t>\t\t\t\t<div class=\"sow-slider-base\" style=\"display: none\" tabindex=\"0\">\n\t\t\t\t\t<ul\n\t\t\t\t\tclass=\"sow-slider-images\"\n\t\t\t\t\tdata-settings=\"{&quot;pagination&quot;:true,&quot;speed&quot;:400,&quot;timeout&quot;:8000,&quot;paused&quot;:false,&quot;pause_on_hover&quot;:false,&quot;swipe&quot;:true,&quot;nav_always_show_desktop&quot;:&quot;&quot;,&quot;nav_always_show_mobile&quot;:&quot;&quot;,&quot;breakpoint&quot;:&quot;780px&quot;,&quot;unmute&quot;:false,&quot;anchor&quot;:null}\"\n\t\t\t\t\t\t\t\t\t\tdata-anchor-id=\"\"\n\t\t\t\t>\t\t<li class=\"sow-slider-image\" style=\"visibility: visible;\" >\n\t\t\t\t\t\t<img width=\"1080\" height=\"1080\" src=\"https:\/\/annexeromainville.com\/wp-content\/uploads\/2025\/10\/Visuel_Site_Stages_Enfants_Carre_Individuel25-266.png\" class=\"sow-slider-background-image\" alt=\"\" loading=\"lazy\" style=\"\" srcset=\"https:\/\/annexeromainville.com\/wp-content\/uploads\/2025\/10\/Visuel_Site_Stages_Enfants_Carre_Individuel25-266.png 1080w, https:\/\/annexeromainville.com\/wp-content\/uploads\/2025\/10\/Visuel_Site_Stages_Enfants_Carre_Individuel25-266-300x300.png 300w, https:\/\/annexeromainville.com\/wp-content\/uploads\/2025\/10\/Visuel_Site_Stages_Enfants_Carre_Individuel25-266-1024x1024.png 1024w, https:\/\/annexeromainville.com\/wp-content\/uploads\/2025\/10\/Visuel_Site_Stages_Enfants_Carre_Individuel25-266-150x150.png 150w, https:\/\/annexeromainville.com\/wp-content\/uploads\/2025\/10\/Visuel_Site_Stages_Enfants_Carre_Individuel25-266-768x768.png 768w\" sizes=\"(max-width: 1080px) 100vw, 1080px\" \/>\t\t<\/li>\n\t\t\t\t<li class=\"sow-slider-image\" style=\"visibility: hidden;\" >\n\t\t\t\t\t\t<img width=\"1080\" height=\"1080\" src=\"https:\/\/annexeromainville.com\/wp-content\/uploads\/2025\/10\/Visuel_Site_Stages_Enfants_Carre_Individuel25-267.png\" class=\"sow-slider-background-image\" alt=\"\" loading=\"lazy\" style=\"\" srcset=\"https:\/\/annexeromainville.com\/wp-content\/uploads\/2025\/10\/Visuel_Site_Stages_Enfants_Carre_Individuel25-267.png 1080w, https:\/\/annexeromainville.com\/wp-content\/uploads\/2025\/10\/Visuel_Site_Stages_Enfants_Carre_Individuel25-267-300x300.png 300w, https:\/\/annexeromainville.com\/wp-content\/uploads\/2025\/10\/Visuel_Site_Stages_Enfants_Carre_Individuel25-267-1024x1024.png 1024w, https:\/\/annexeromainville.com\/wp-content\/uploads\/2025\/10\/Visuel_Site_Stages_Enfants_Carre_Individuel25-267-150x150.png 150w, https:\/\/annexeromainville.com\/wp-content\/uploads\/2025\/10\/Visuel_Site_Stages_Enfants_Carre_Individuel25-267-768x768.png 768w\" sizes=\"(max-width: 1080px) 100vw, 1080px\" \/>\t\t<\/li>\n\t\t\t\t<li class=\"sow-slider-image\" style=\"visibility: hidden;\" >\n\t\t\t\t\t\t<img width=\"1080\" height=\"1080\" src=\"https:\/\/annexeromainville.com\/wp-content\/uploads\/2025\/10\/Visuel_Site_Stages_Enfants_Carre_Individuel25-269.png\" class=\"sow-slider-background-image\" alt=\"\" loading=\"lazy\" style=\"\" srcset=\"https:\/\/annexeromainville.com\/wp-content\/uploads\/2025\/10\/Visuel_Site_Stages_Enfants_Carre_Individuel25-269.png 1080w, https:\/\/annexeromainville.com\/wp-content\/uploads\/2025\/10\/Visuel_Site_Stages_Enfants_Carre_Individuel25-269-300x300.png 300w, https:\/\/annexeromainville.com\/wp-content\/uploads\/2025\/10\/Visuel_Site_Stages_Enfants_Carre_Individuel25-269-1024x1024.png 1024w, https:\/\/annexeromainville.com\/wp-content\/uploads\/2025\/10\/Visuel_Site_Stages_Enfants_Carre_Individuel25-269-150x150.png 150w, https:\/\/annexeromainville.com\/wp-content\/uploads\/2025\/10\/Visuel_Site_Stages_Enfants_Carre_Individuel25-269-768x768.png 768w\" sizes=\"(max-width: 1080px) 100vw, 1080px\" \/>\t\t<\/li>\n\t\t\t\t<li class=\"sow-slider-image\" style=\"visibility: hidden;\" >\n\t\t\t\t\t\t<img width=\"1080\" height=\"1080\" src=\"https:\/\/annexeromainville.com\/wp-content\/uploads\/2025\/10\/Visuel_Site_Stages_Enfants_Carre_Individuel25-268.png\" class=\"sow-slider-background-image\" alt=\"\" loading=\"lazy\" style=\"\" srcset=\"https:\/\/annexeromainville.com\/wp-content\/uploads\/2025\/10\/Visuel_Site_Stages_Enfants_Carre_Individuel25-268.png 1080w, https:\/\/annexeromainville.com\/wp-content\/uploads\/2025\/10\/Visuel_Site_Stages_Enfants_Carre_Individuel25-268-300x300.png 300w, https:\/\/annexeromainville.com\/wp-content\/uploads\/2025\/10\/Visuel_Site_Stages_Enfants_Carre_Individuel25-268-1024x1024.png 1024w, https:\/\/annexeromainville.com\/wp-content\/uploads\/2025\/10\/Visuel_Site_Stages_Enfants_Carre_Individuel25-268-150x150.png 150w, https:\/\/annexeromainville.com\/wp-content\/uploads\/2025\/10\/Visuel_Site_Stages_Enfants_Carre_Individuel25-268-768x768.png 768w\" sizes=\"(max-width: 1080px) 100vw, 1080px\" \/>\t\t<\/li>\n\t\t\t\t<li class=\"sow-slider-image\" style=\"visibility: hidden;\" >\n\t\t\t\t\t\t<img width=\"1024\" height=\"1024\" src=\"https:\/\/annexeromainville.com\/wp-content\/uploads\/2026\/01\/Visuel_Site_Stages_Enfants_Carre_Individuel_Hiver_25-26-1024x1024-1.png\" class=\"sow-slider-background-image\" alt=\"\" loading=\"lazy\" style=\"\" srcset=\"https:\/\/annexeromainville.com\/wp-content\/uploads\/2026\/01\/Visuel_Site_Stages_Enfants_Carre_Individuel_Hiver_25-26-1024x1024-1.png 1024w, https:\/\/annexeromainville.com\/wp-content\/uploads\/2026\/01\/Visuel_Site_Stages_Enfants_Carre_Individuel_Hiver_25-26-1024x1024-1-300x300.png 300w, https:\/\/annexeromainville.com\/wp-content\/uploads\/2026\/01\/Visuel_Site_Stages_Enfants_Carre_Individuel_Hiver_25-26-1024x1024-1-150x150.png 150w, https:\/\/annexeromainville.com\/wp-content\/uploads\/2026\/01\/Visuel_Site_Stages_Enfants_Carre_Individuel_Hiver_25-26-1024x1024-1-768x768.png 768w\" sizes=\"(max-width: 1024px) 100vw, 1024px\" \/>\t\t<\/li>\n\t\t\t\t<li class=\"sow-slider-image\" style=\"visibility: hidden;\" >\n\t\t\t\t\t\t<img width=\"1080\" height=\"1080\" src=\"https:\/\/annexeromainville.com\/wp-content\/uploads\/2026\/03\/2.png\" class=\"sow-slider-background-image\" alt=\"\" loading=\"lazy\" style=\"\" srcset=\"https:\/\/annexeromainville.com\/wp-content\/uploads\/2026\/03\/2.png 1080w, https:\/\/annexeromainville.com\/wp-content\/uploads\/2026\/03\/2-300x300.png 300w, https:\/\/annexeromainville.com\/wp-content\/uploads\/2026\/03\/2-1024x1024.png 1024w, https:\/\/annexeromainville.com\/wp-content\/uploads\/2026\/03\/2-150x150.png 150w, https:\/\/annexeromainville.com\/wp-content\/uploads\/2026\/03\/2-768x768.png 768w\" sizes=\"(max-width: 1080px) 100vw, 1080px\" \/>\t\t<\/li>\n\t\t\t\t<li class=\"sow-slider-image\" style=\"visibility: hidden;\" >\n\t\t\t\t\t\t<img width=\"1080\" height=\"1080\" src=\"https:\/\/annexeromainville.com\/wp-content\/uploads\/2026\/03\/3.png\" class=\"sow-slider-background-image\" alt=\"\" loading=\"lazy\" style=\"\" srcset=\"https:\/\/annexeromainville.com\/wp-content\/uploads\/2026\/03\/3.png 1080w, https:\/\/annexeromainville.com\/wp-content\/uploads\/2026\/03\/3-300x300.png 300w, https:\/\/annexeromainville.com\/wp-content\/uploads\/2026\/03\/3-1024x1024.png 1024w, https:\/\/annexeromainville.com\/wp-content\/uploads\/2026\/03\/3-150x150.png 150w, https:\/\/annexeromainville.com\/wp-content\/uploads\/2026\/03\/3-768x768.png 768w\" sizes=\"(max-width: 1080px) 100vw, 1080px\" \/>\t\t<\/li>\n\t\t\t\t<li class=\"sow-slider-image\" style=\"visibility: hidden;\" >\n\t\t\t\t\t\t<img width=\"1080\" height=\"1080\" src=\"https:\/\/annexeromainville.com\/wp-content\/uploads\/2026\/03\/4.png\" class=\"sow-slider-background-image\" alt=\"\" loading=\"lazy\" style=\"\" srcset=\"https:\/\/annexeromainville.com\/wp-content\/uploads\/2026\/03\/4.png 1080w, https:\/\/annexeromainville.com\/wp-content\/uploads\/2026\/03\/4-300x300.png 300w, https:\/\/annexeromainville.com\/wp-content\/uploads\/2026\/03\/4-1024x1024.png 1024w, https:\/\/annexeromainville.com\/wp-content\/uploads\/2026\/03\/4-150x150.png 150w, https:\/\/annexeromainville.com\/wp-content\/uploads\/2026\/03\/4-768x768.png 768w\" sizes=\"(max-width: 1080px) 100vw, 1080px\" \/>\t\t<\/li>\n\t\t\t\t<li class=\"sow-slider-image\" style=\"visibility: hidden;\" >\n\t\t\t\t\t\t<img width=\"1080\" height=\"1080\" src=\"https:\/\/annexeromainville.com\/wp-content\/uploads\/2026\/03\/5.png\" class=\"sow-slider-background-image\" alt=\"\" loading=\"lazy\" style=\"\" srcset=\"https:\/\/annexeromainville.com\/wp-content\/uploads\/2026\/03\/5.png 1080w, https:\/\/annexeromainville.com\/wp-content\/uploads\/2026\/03\/5-300x300.png 300w, https:\/\/annexeromainville.com\/wp-content\/uploads\/2026\/03\/5-1024x1024.png 1024w, https:\/\/annexeromainville.com\/wp-content\/uploads\/2026\/03\/5-150x150.png 150w, https:\/\/annexeromainville.com\/wp-content\/uploads\/2026\/03\/5-768x768.png 768w\" sizes=\"(max-width: 1080px) 100vw, 1080px\" \/>\t\t<\/li>\n\t\t<\/ul>\t\t\t\t<ol class=\"sow-slider-pagination\">\n\t\t\t\t\t\t\t\t\t\t\t<li><a href=\"#\" data-goto=\"0\" aria-label=\"Display slide 1\"><\/a><\/li>\n\t\t\t\t\t\t\t\t\t\t\t<li><a href=\"#\" data-goto=\"1\" aria-label=\"Display slide 2\"><\/a><\/li>\n\t\t\t\t\t\t\t\t\t\t\t<li><a href=\"#\" data-goto=\"2\" aria-label=\"Display slide 3\"><\/a><\/li>\n\t\t\t\t\t\t\t\t\t\t\t<li><a href=\"#\" data-goto=\"3\" aria-label=\"Display slide 4\"><\/a><\/li>\n\t\t\t\t\t\t\t\t\t\t\t<li><a href=\"#\" data-goto=\"4\" aria-label=\"Display slide 5\"><\/a><\/li>\n\t\t\t\t\t\t\t\t\t\t\t<li><a href=\"#\" data-goto=\"5\" aria-label=\"Display slide 6\"><\/a><\/li>\n\t\t\t\t\t\t\t\t\t\t\t<li><a href=\"#\" data-goto=\"6\" aria-label=\"Display slide 7\"><\/a><\/li>\n\t\t\t\t\t\t\t\t\t\t\t<li><a href=\"#\" data-goto=\"7\" aria-label=\"Display slide 8\"><\/a><\/li>\n\t\t\t\t\t\t\t\t\t\t\t<li><a href=\"#\" data-goto=\"8\" aria-label=\"Display slide 9\"><\/a><\/li>\n\t\t\t\t\t\t\t\t\t<\/ol>\n\n\t\t\t\t<div class=\"sow-slide-nav sow-slide-nav-next\">\n\t\t\t\t\t<a href=\"#\" data-goto=\"next\" aria-label=\"Next slide\" data-action=\"next\">\n\t\t\t\t\t\t<em class=\"sow-sld-icon-thin-right\"><\/em>\n\t\t\t\t\t<\/a>\n\t\t\t\t<\/div>\n\n\t\t\t\t<div class=\"sow-slide-nav sow-slide-nav-prev\">\n\t\t\t\t\t<a href=\"#\" data-goto=\"previous\" aria-label=\"Previous slide\" data-action=\"prev\">\n\t\t\t\t\t\t<em class=\"sow-sld-icon-thin-left\"><\/em>\n\t\t\t\t\t<\/a>\n\t\t\t\t<\/div>\n\t\t\t\t<\/div><\/div><\/div><\/div><div id=\"pgc-9764-3-2\"  class=\"panel-grid-cell panel-grid-cell-empty\" ><\/div><\/div><\/div>","protected":false},"excerpt":{"rendered":"<p>VACANCES DE PRINTEMPS<\/p>\n","protected":false},"author":2,"featured_media":0,"parent":0,"menu_order":0,"comment_status":"closed","ping_status":"closed","template":"","meta":{"_bbp_topic_count":0,"_bbp_reply_count":0,"_bbp_total_topic_count":0,"_bbp_total_reply_count":0,"_bbp_voice_count":0,"_bbp_anonymous_reply_count":0,"_bbp_topic_count_hidden":0,"_bbp_reply_count_hidden":0,"_bbp_forum_subforum_count":0,"ngg_post_thumbnail":0},"_links":{"self":[{"href":"https:\/\/annexeromainville.com\/index.php\/wp-json\/wp\/v2\/pages\/9764"}],"collection":[{"href":"https:\/\/annexeromainville.com\/index.php\/wp-json\/wp\/v2\/pages"}],"about":[{"href":"https:\/\/annexeromainville.com\/index.php\/wp-json\/wp\/v2\/types\/page"}],"author":[{"embeddable":true,"href":"https:\/\/annexeromainville.com\/index.php\/wp-json\/wp\/v2\/users\/2"}],"replies":[{"embeddable":true,"href":"https:\/\/annexeromainville.com\/index.php\/wp-json\/wp\/v2\/comments?post=9764"}],"version-history":[{"count":76,"href":"https:\/\/annexeromainville.com\/index.php\/wp-json\/wp\/v2\/pages\/9764\/revisions"}],"predecessor-version":[{"id":11413,"href":"https:\/\/annexeromainville.com\/index.php\/wp-json\/wp\/v2\/pages\/9764\/revisions\/11413"}],"wp:attachment":[{"href":"https:\/\/annexeromainville.com\/index.php\/wp-json\/wp\/v2\/media?parent=9764"}],"curies":[{"name":"wp","href":"https:\/\/api.w.org\/{rel}","templated":true}]}}