{"id":9886,"date":"2024-07-05T11:50:11","date_gmt":"2024-07-05T10:50:11","guid":{"rendered":"https:\/\/annexeromainville.com\/?page_id=9886"},"modified":"2024-07-05T11:56:37","modified_gmt":"2024-07-05T10:56:37","slug":"contactez-nous","status":"publish","type":"page","link":"https:\/\/annexeromainville.com\/index.php\/contactez-nous\/","title":{"rendered":"Contactez-nous !"},"content":{"rendered":"<div id=\"pl-9886\"  class=\"panel-layout\" >\n<div id=\"pg-9886-0\"  class=\"panel-grid panel-no-style\"  data-style=\"{&quot;background_image_attachment&quot;:false,&quot;background_display&quot;:&quot;tile&quot;,&quot;background_image_size&quot;:&quot;full&quot;,&quot;background_image_opacity&quot;:&quot;100&quot;,&quot;border_thickness&quot;:&quot;1px&quot;,&quot;full_height&quot;:&quot;&quot;,&quot;cell_alignment&quot;:&quot;flex-start&quot;}\" >\n<div id=\"pgc-9886-0-0\"  class=\"panel-grid-cell\"  data-weight=\"1\" >\n<div id=\"panel-9886-0-0-0\" class=\"so-panel widget widget_sow-editor panel-first-child panel-last-child\" data-index=\"0\" data-style=\"{&quot;background_image_attachment&quot;:false,&quot;background_display&quot;:&quot;tile&quot;,&quot;background_image_size&quot;:&quot;full&quot;,&quot;background_image_opacity&quot;:&quot;100&quot;,&quot;border_thickness&quot;:&quot;1px&quot;}\" >\n<div\n\t\t\t\n\t\t\tclass=\"so-widget-sow-editor so-widget-sow-editor-base\"\n\t\t\t\n\t\t><\/p>\n<div class=\"siteorigin-widget-tinymce textwidget\">\n<ul>\n<li><strong>Concernant les ateliers, stages, EAC, r\u00e9servations spectacles<\/strong>, veuillez envoyer un mail \u00e0 l&#8217;adresse : relationpublique@annexeromainville.com<\/li>\n<li>&#8212;&#8212;&#8212;&#8212;&#8212;&#8212;&#8212;<\/li>\n<li><strong>Concernant les appels \u00e0 projets, r\u00e9sidences artistiques, coordinations stages<\/strong>, veuillez envoyer un mail \u00e0 l&#8217;adresse : coordinationartistique@annexeromainville.com<\/li>\n<\/ul>\n<p>&nbsp;<\/p>\n<\/div>\n<\/div>\n<\/div>\n<\/div>\n<\/div>\n<\/div>\n","protected":false},"excerpt":{"rendered":"<p>Concernant les ateliers, stages, EAC, r\u00e9servations spectacles, veuillez envoyer un mail \u00e0 l&#8217;adresse : relationpublique@annexeromainville.com &#8212;&#8212;&#8212;&#8212;&#8212;&#8212;&#8212; Concernant les appels \u00e0 projets, r\u00e9sidences artistiques, coordinations stages, veuillez envoyer un mail \u00e0<span class=\"read-more-wrap\"><a class=\"moretag\" href=\"https:\/\/annexeromainville.com\/index.php\/contactez-nous\/\">Lire la suite<span class=\"screen-reader-text\">Contactez-nous !<\/span><\/a><\/span><\/p>\n","protected":false},"author":2,"featured_media":0,"parent":0,"menu_order":0,"comment_status":"closed","ping_status":"closed","template":"","meta":{"_bbp_topic_count":0,"_bbp_reply_count":0,"_bbp_total_topic_count":0,"_bbp_total_reply_count":0,"_bbp_voice_count":0,"_bbp_anonymous_reply_count":0,"_bbp_topic_count_hidden":0,"_bbp_reply_count_hidden":0,"_bbp_forum_subforum_count":0,"ngg_post_thumbnail":0},"_links":{"self":[{"href":"https:\/\/annexeromainville.com\/index.php\/wp-json\/wp\/v2\/pages\/9886"}],"collection":[{"href":"https:\/\/annexeromainville.com\/index.php\/wp-json\/wp\/v2\/pages"}],"about":[{"href":"https:\/\/annexeromainville.com\/index.php\/wp-json\/wp\/v2\/types\/page"}],"author":[{"embeddable":true,"href":"https:\/\/annexeromainville.com\/index.php\/wp-json\/wp\/v2\/users\/2"}],"replies":[{"embeddable":true,"href":"https:\/\/annexeromainville.com\/index.php\/wp-json\/wp\/v2\/comments?post=9886"}],"version-history":[{"count":1,"href":"https:\/\/annexeromainville.com\/index.php\/wp-json\/wp\/v2\/pages\/9886\/revisions"}],"predecessor-version":[{"id":9887,"href":"https:\/\/annexeromainville.com\/index.php\/wp-json\/wp\/v2\/pages\/9886\/revisions\/9887"}],"wp:attachment":[{"href":"https:\/\/annexeromainville.com\/index.php\/wp-json\/wp\/v2\/media?parent=9886"}],"curies":[{"name":"wp","href":"https:\/\/api.w.org\/{rel}","templated":true}]}}

<div id="pl-9886"  class="panel-layout" >
<div id="pg-9886-0"  class="panel-grid panel-no-style"  data-style="{&quot;background_image_attachment&quot;:false,&quot;background_display&quot;:&quot;tile&quot;,&quot;background_image_size&quot;:&quot;full&quot;,&quot;background_image_opacity&quot;:&quot;100&quot;,&quot;border_thickness&quot;:&quot;1px&quot;,&quot;full_height&quot;:&quot;&quot;,&quot;cell_alignment&quot;:&quot;flex-start&quot;}" >
<div id="pgc-9886-0-0"  class="panel-grid-cell"  data-weight="1" >
<div id="panel-9886-0-0-0" class="so-panel widget widget_sow-editor panel-first-child panel-last-child" data-index="0" data-style="{&quot;background_image_attachment&quot;:false,&quot;background_display&quot;:&quot;tile&quot;,&quot;background_image_size&quot;:&quot;full&quot;,&quot;background_image_opacity&quot;:&quot;100&quot;,&quot;border_thickness&quot;:&quot;1px&quot;}" >
<div
			
			class="so-widget-sow-editor so-widget-sow-editor-base"
			
		></p>
<div class="siteorigin-widget-tinymce textwidget">
<ul>
<li><strong>Concernant les ateliers, stages, EAC, réservations spectacles</strong>, veuillez envoyer un mail à l&#8217;adresse : relationpublique@annexeromainville.com</li>
<li>&#8212;&#8212;&#8212;&#8212;&#8212;&#8212;&#8212;</li>
<li><strong>Concernant les appels à projets, résidences artistiques, coordinations stages</strong>, veuillez envoyer un mail à l&#8217;adresse : coordinationartistique@annexeromainville.com</li>
</ul>
<p>&nbsp;</p>
</div>
</div>
</div>
</div>
</div>
</div>

<p>Concernant les ateliers, stages, EAC, réservations spectacles, veuillez envoyer un mail à l&#8217;adresse : relationpublique@annexeromainville.com &#8212;&#8212;&#8212;&#8212;&#8212;&#8212;&#8212; Concernant les appels à projets, résidences artistiques, coordinations stages, veuillez envoyer un mail à<span class="read-more-wrap"><a class="moretag" href="https://annexeromainville.com/index.php/contactez-nous/">Lire la suite<span class="screen-reader-text">Contactez-nous !</span></a></span></p>
