{"id":9889,"date":"2024-07-05T11:58:36","date_gmt":"2024-07-05T10:58:36","guid":{"rendered":"https:\/\/annexeromainville.com\/?page_id=9889"},"modified":"2024-07-05T12:07:10","modified_gmt":"2024-07-05T11:07:10","slug":"une-question","status":"publish","type":"page","link":"https:\/\/annexeromainville.com\/index.php\/une-question\/","title":{"rendered":"Une question ?"},"content":{"rendered":"<div id=\"pl-9889\"  class=\"panel-layout\" ><div id=\"pg-9889-0\"  class=\"panel-grid panel-no-style\" ><div id=\"pgc-9889-0-0\"  class=\"panel-grid-cell\" ><div id=\"panel-9889-0-0-0\" class=\"so-panel widget widget_sow-editor panel-first-child panel-last-child\" data-index=\"0\" ><div\n\t\t\t\n\t\t\tclass=\"so-widget-sow-editor so-widget-sow-editor-base\"\n\t\t\t\n\t\t>\n<div class=\"siteorigin-widget-tinymce textwidget\">\n\t<h2><span style=\"color: #ffcc00;\">Par courriel :<\/span><\/h2>\n<p><span style=\"color: #000000;\"><strong>Concernant les ateliers, stages, EAC, r\u00e9servations spectacles<\/strong>, veuillez envoyer un mail \u00e0 l'adresse : relationpublique@annexeromainville.com<\/span><\/p>\n<p><span style=\"color: #000000;\"><strong>Concernant les appels \u00e0 projets, r\u00e9sidences artistiques, coordinations stages<\/strong>, veuillez envoyer un mail \u00e0 l'adresse : coordinationartistique@annexeromainville.com<\/span><\/p>\n<h2><span style=\"color: #ffcc00;\">Par t\u00e9l\u00e9phone :<\/span><\/h2>\n<p><span style=\"color: #000000;\">09 53 14 50 99&nbsp;&nbsp; \/&nbsp;&nbsp; 01 72 40 64 58 <\/span><\/p>\n<h2><strong><span style=\"color: #ffcc00;\">Sur place :<\/span> <\/strong><\/h2>\n<p><span style=\"color: #000000;\">Nous sommes ouverts du lundi au vendredi de 10H \u00e0 13 et de 14H \u00e0 17&nbsp;&nbsp; \/&nbsp; au 45 avenue de Verdun, 93230 Romainville<\/span><\/p>\n<p>&nbsp;<\/p>\n<\/div>\n<\/div><\/div><\/div><\/div><\/div>","protected":false},"excerpt":{"rendered":"<p>Par courriel : Concernant les ateliers, stages, EAC, r\u00e9servations spectacles, veuillez envoyer un mail \u00e0 l&#8217;adresse : relationpublique@annexeromainville.com Concernant les appels \u00e0 projets, r\u00e9sidences artistiques, coordinations stages, veuillez envoyer un<span class=\"read-more-wrap\"><a class=\"moretag\" href=\"https:\/\/annexeromainville.com\/index.php\/une-question\/\">Lire la suite<span class=\"screen-reader-text\">Une question ?<\/span><\/a><\/span><\/p>\n","protected":false},"author":2,"featured_media":0,"parent":0,"menu_order":0,"comment_status":"closed","ping_status":"closed","template":"","meta":{"_bbp_topic_count":0,"_bbp_reply_count":0,"_bbp_total_topic_count":0,"_bbp_total_reply_count":0,"_bbp_voice_count":0,"_bbp_anonymous_reply_count":0,"_bbp_topic_count_hidden":0,"_bbp_reply_count_hidden":0,"_bbp_forum_subforum_count":0,"ngg_post_thumbnail":0},"_links":{"self":[{"href":"https:\/\/annexeromainville.com\/index.php\/wp-json\/wp\/v2\/pages\/9889"}],"collection":[{"href":"https:\/\/annexeromainville.com\/index.php\/wp-json\/wp\/v2\/pages"}],"about":[{"href":"https:\/\/annexeromainville.com\/index.php\/wp-json\/wp\/v2\/types\/page"}],"author":[{"embeddable":true,"href":"https:\/\/annexeromainville.com\/index.php\/wp-json\/wp\/v2\/users\/2"}],"replies":[{"embeddable":true,"href":"https:\/\/annexeromainville.com\/index.php\/wp-json\/wp\/v2\/comments?post=9889"}],"version-history":[{"count":4,"href":"https:\/\/annexeromainville.com\/index.php\/wp-json\/wp\/v2\/pages\/9889\/revisions"}],"predecessor-version":[{"id":9894,"href":"https:\/\/annexeromainville.com\/index.php\/wp-json\/wp\/v2\/pages\/9889\/revisions\/9894"}],"wp:attachment":[{"href":"https:\/\/annexeromainville.com\/index.php\/wp-json\/wp\/v2\/media?parent=9889"}],"curies":[{"name":"wp","href":"https:\/\/api.w.org\/{rel}","templated":true}]}}

<div id="pl-9889"  class="panel-layout" ><div id="pg-9889-0"  class="panel-grid panel-no-style" ><div id="pgc-9889-0-0"  class="panel-grid-cell" ><div id="panel-9889-0-0-0" class="so-panel widget widget_sow-editor panel-first-child panel-last-child" data-index="0" ><div
			
			class="so-widget-sow-editor so-widget-sow-editor-base"
			
		>
<div class="siteorigin-widget-tinymce textwidget">
	<h2><span style="color: #ffcc00;">Par courriel :</span></h2>
<p><span style="color: #000000;"><strong>Concernant les ateliers, stages, EAC, réservations spectacles</strong>, veuillez envoyer un mail à l'adresse : relationpublique@annexeromainville.com</span></p>
<p><span style="color: #000000;"><strong>Concernant les appels à projets, résidences artistiques, coordinations stages</strong>, veuillez envoyer un mail à l'adresse : coordinationartistique@annexeromainville.com</span></p>
<h2><span style="color: #ffcc00;">Par téléphone :</span></h2>
<p><span style="color: #000000;">09 53 14 50 99&nbsp;&nbsp; /&nbsp;&nbsp; 01 72 40 64 58 </span></p>
<h2><strong><span style="color: #ffcc00;">Sur place :</span> </strong></h2>
<p><span style="color: #000000;">Nous sommes ouverts du lundi au vendredi de 10H à 13 et de 14H à 17&nbsp;&nbsp; /&nbsp; au 45 avenue de Verdun, 93230 Romainville</span></p>
<p>&nbsp;</p>
</div>
</div></div></div></div></div>

<p>Par courriel : Concernant les ateliers, stages, EAC, réservations spectacles, veuillez envoyer un mail à l&#8217;adresse : relationpublique@annexeromainville.com Concernant les appels à projets, résidences artistiques, coordinations stages, veuillez envoyer un<span class="read-more-wrap"><a class="moretag" href="https://annexeromainville.com/index.php/une-question/">Lire la suite<span class="screen-reader-text">Une question ?</span></a></span></p>
